{"id":622,"date":"2020-05-27T11:41:17","date_gmt":"2020-05-27T09:41:17","guid":{"rendered":"https:\/\/abmdig.no\/?page_id=622"},"modified":"2025-01-09T15:18:02","modified_gmt":"2025-01-09T14:18:02","slug":"lyd","status":"publish","type":"page","link":"https:\/\/beta.bibliotekutvikling.no\/abmdig\/senter-for-kulturarvdigitalisering\/praktisk-gjennomforing\/materiale-som-omfattes\/lyd\/","title":{"rendered":"Lydmateriale"},"content":{"rendered":"\n<p>Nasjonalbiblioteket har lenge hatt p\u00e5 plass digitaliseringsl\u00f8yper for eget lydmateriale og enkelte eksterne leveringer. H\u00f8sten 2020 ble egen digitaliseringsl\u00f8ype for ABM-materiale satt i produksjon. <\/p>\n\n\n\n<p>Vi digitaliserer i bevaringsformatet wave, men genererer ogs\u00e5 bruksfiler i mp4. Begge filtyper er tilgjengelig ved utlevering. <\/p>\n\n\n\n<p>Vi har kunnskap og utstyr for digitalisering av de aller fleste lydformater.<\/p>\n\n\n\n<h2 class=\"wp-block-heading\" id=\"h-magnetb-nd\">Magnetb\u00e5nd<\/h2>\n\n\n\n<p>Magnetb\u00e5nd har v\u00e6rt i bruk i Norge siden 1930-tallet og spenner over en lang rekke formater. Felles for dem alle er en stor s\u00e5rbarhet. B\u00e5de i forhold til b\u00e5ndenes fysiske tilstand, men ogs\u00e5 sett opp mot tilgjengeligheten p\u00e5 avspillingsutstyr. B\u00e5ndene i seg selv er bygd opp av back-coating, base, og et magnetisk belegg. Alle disse delene har vist seg \u00e5 kunne utvikle problemer over tid. <\/p>\n\n\n\n<p>I hovedsak finnes det to typer magnetb\u00e5ndformat. Det ene er b\u00e5nd som sitter p\u00e5 \u00e5pne spoler, og som ofte omtales som spoleb\u00e5nd. Disse kan variere i bredde fra 1\/8 tomme til 2 tommer. Den andre hovedgruppen er b\u00e5nd i lukkede kassetter. I lukkede kassetter vil en i tillegg til faktorer ved b\u00e5ndet ogs\u00e5 f\u00e5 faktorer i selve kassetthusene. Det er i dag ikke uvanlig at kassetthusene m\u00e5 byttes f\u00f8r digitalisering.&nbsp;<\/p>\n\n\n\n<p>Fra 1980-tallet er ogs\u00e5 digitale magnetb\u00e5nd vanlige i Norge. Disse er trolig blant de mest s\u00e5rbare formatene vi har i dag. Det mest vanlige digitale formatet er her kassettformatet DAT. &nbsp;<\/p>\n\n\n\n<p>Gjennom bruk av egne avspillere, eller egne adaptere var det vanlig \u00e5 ta opp digital lyd ogs\u00e5 p\u00e5 videob\u00e5nd. Disse har mange av de samme svakhetene som DAT-formatet. Video-formater ofte benyttet til digitale lydopptak er Betamax, U-matic og hi-8 (8mm), samt VHS.<\/p>\n\n\n\n<p>Digitale b\u00e5nd p\u00e5 \u00e5pne spoler eksisterer ogs\u00e5 i et mindre omfang. Disse var i stor grad kun benyttet av den profesjonelle musikkindustrien.<\/p>\n\n\n\n<h2 class=\"wp-block-heading\" id=\"h-mekaniske-formater\">Mekaniske formater<\/h2>\n\n\n\n<p>Plater og fonografsylindre har lagret innholdet i mekaniske riller. Den st\u00f8rste s\u00e5rbarheten ligger her i det materialet som den aktuelle platen eller sylinderen er laget av. Under gode lagringsforhold er det flere materialtyper som har vist seg bestandige, slik som shellac og vinyl. Spesielt opptak p\u00e5 lakkplater og voks har vist en st\u00f8rre s\u00e5rbarhet. Disse har ogs\u00e5 en st\u00f8rre andel av unikt materiale. Spesielt i den tidlige fasen ble flere produksjoner duplisert i sv\u00e6rt f\u00e5 antall, noe som gj\u00f8r at et aktuelt eksemplar godt kan v\u00e6re det eneste gjenv\u00e6rende. Fonografsylindre og de eldste platene b\u00f8r derfor behandles som unike.<\/p>\n\n\n\n<h2 class=\"wp-block-heading\" id=\"h-digitale-diskformat\">Digitale diskformat<\/h2>\n\n\n\n<p>De kommersielle CD platene regnes i dag \u00e5 v\u00e6re av en mindre s\u00e5rbarhet ved korrekt lagring. Rundt plater for opptak, som CD-R, er mye uvisst. Man opererer med forventet livslengde p\u00e5 alt fra 20-100 \u00e5r. De mest utsatte platene er de omskrivbare platene CD-RW, DVD-RW, DVD+RW og DVD-RAM. I tillegg finnes en rekke mindre digitale formater p\u00e5 for eksempel MO-disketter eller MiniDisc. S\u00e5rbarheten til disse formatene er spesielt knyttet til knapphet p\u00e5 fungerende avspillingsutstyr. &nbsp;&nbsp;&nbsp;<\/p>\n\n\n\n<h2 class=\"wp-block-heading\" id=\"h-risikovurdering\">Risikovurdering<\/h2>\n\n\n\n<p>Prioritering for bevaring inkluderer vanligvis en vurdering av b\u00e5de innholdets verdi og materialets fysiske forhold. En vurdering av innholdets verdi inneb\u00e6rer ofte en n\u00f8ye evaluering av dybden og bredden av dokumentasjon som er tatt vare p\u00e5 sammen med materiale. Rundt innholdet vil et spekter kunne skisseres mellom unikt materiale med kjent opphav p\u00e5 den ene siden, og kopier av innhold som er mer lett tilgjengelig p\u00e5 den andre siden.<\/p>\n\n\n\n<p>En vurdering rundt materialets fysiske forhold krever en analyse av risiko, inkludert niv\u00e5 av kjent degradering eller forventet degradering basert p\u00e5 dets spesifikke format, lagringshistorikk eller n\u00e5v\u00e6rende tilstand. S\u00e5rbarheten ut fra materialets format er dermed bare en faktor i en rekke. Et forhold som kompliserer dette ytterligere er tilgjengeligheten p\u00e5 avspillingsutstyr for ulike formater.<\/p>\n\n\n\n<h2 class=\"wp-block-heading\" id=\"h-hva-haster-mest-til-minst\">Hva haster, mest til minst<\/h2>\n\n\n\n<p>Hvert objekt m\u00e5 vurderes ut av flere faktorer, men som en tommelfingerregel kan man ta utgangspunkt i f\u00f8lgende liste n\u00e5r det kommer til format, og hvilke som haster mest \u00e5 ta med tanke p\u00e5 kjente s\u00e5rbarheter knyttet til formatet. <\/p>\n\n\n\n<ul class=\"wp-block-list\">\n<li>Fonografruller<\/li>\n\n\n\n<li>Digitale formater\n<ul class=\"wp-block-list\">\n<li>DAT<\/li>\n\n\n\n<li>U-matic<\/li>\n\n\n\n<li>Betamax<\/li>\n\n\n\n<li>Digitale b\u00e5nd m.m<\/li>\n<\/ul>\n<\/li>\n\n\n\n<li>Acetat plater<\/li>\n\n\n\n<li>Acetat b\u00e5nd<\/li>\n\n\n\n<li>Analoge b\u00e5nd<\/li>\n<\/ul>\n\n\n<ul class=\"t2-link-list has-1-items has-auto-columns wp-block-t2-link-list\">\n\t<li class=\"t2-link-list-item wp-block-t2-link-list-item\">\n\t\t<a\n\t\t\thref=\"https:\/\/abmdig.no\/praktisk-gjennomforing\/materiale-som-omfattes\/\"\n\t\t\tclass=\"t2-link-list-item__link t2-link-list__icon--right\"\n\t\t\t\t\t>\n\t\t\t<span class=\"t2-link-list-item__icon\"><span class=\"t2-link-list-item__icon-box\"><\/span><svg xmlns=\"http:\/\/www.w3.org\/2000\/svg\" viewBox=\"0 0 24 24\" height=\"24\" width=\"24\" class=\"t2-icon t2-icon-external\" aria-hidden=\"true\" focusable=\"false\"><path d=\"M19 19H5V5h7V3H3v18h18v-9h-2v7zM14 3v2h3.6l-9.8 9.8 1.4 1.4L19 6.4V10h2V3h-7z\"\/><\/svg><\/span>\t\t\t<div class=\"t2-link-list-item__content\">\n\n\t\t\t\t\n\t\t\t\t<span id=\"link-list-item-text\" class=\"t2-link-list-item__text\">\n\t\t\t\t\tTilbake til materiale som omfattes\t\t\t\t<\/span>\n\t\t\t\t\t\t\t<\/div>\n\t\t<\/a>\n\t<\/li>\n\t\n<\/ul>","protected":false},"excerpt":{"rendered":"<p>Vi digitaliserer de aller fleste lydformater<\/p>\n","protected":false},"author":5117,"featured_media":201,"parent":375,"menu_order":2,"comment_status":"closed","ping_status":"closed","template":"","meta":{"nb_hide_title":false,"sub_navigation_option":"","sub_navigation_custom_items":null,"footnotes":""},"class_list":["post-622","page","type-page","status-publish","has-post-thumbnail","hentry"],"yoast_head":"<!-- This site is optimized with the Yoast SEO Premium plugin v27.1 (Yoast SEO v27.1.1) - https:\/\/yoast.com\/product\/yoast-seo-premium-wordpress\/ -->\n<title>Lydmateriale - Kulturarvdigitalisering<\/title>\n<meta name=\"robots\" content=\"index, follow, max-snippet:-1, max-image-preview:large, max-video-preview:-1\" \/>\n<link rel=\"canonical\" href=\"https:\/\/beta.bibliotekutvikling.no\/abmdig\/senter-for-kulturarvdigitalisering\/praktisk-gjennomforing\/materiale-som-omfattes\/lyd\/\" \/>\n<meta property=\"og:locale\" content=\"nb_NO\" \/>\n<meta property=\"og:type\" content=\"article\" \/>\n<meta property=\"og:title\" content=\"Lydmateriale\" \/>\n<meta property=\"og:description\" content=\"Vi digitaliserer de aller fleste lydformater\" \/>\n<meta property=\"og:url\" content=\"https:\/\/beta.bibliotekutvikling.no\/abmdig\/senter-for-kulturarvdigitalisering\/praktisk-gjennomforing\/materiale-som-omfattes\/lyd\/\" \/>\n<meta property=\"og:site_name\" content=\"Kulturarvdigitalisering\" \/>\n<meta property=\"article:modified_time\" content=\"2025-01-09T14:18:02+00:00\" \/>\n<meta property=\"og:image\" content=\"https:\/\/beta.bibliotekutvikling.no\/content\/uploads\/sites\/14\/2020\/02\/dat-tape-foto_Nasjonalbiblioteket-1200x1223-1-e1581552571324.jpg\" \/>\n\t<meta property=\"og:image:width\" content=\"800\" \/>\n\t<meta property=\"og:image:height\" content=\"815\" \/>\n\t<meta property=\"og:image:type\" content=\"image\/jpeg\" \/>\n<meta name=\"twitter:card\" content=\"summary_large_image\" \/>\n<meta name=\"twitter:label1\" content=\"Ansl. lesetid\" \/>\n\t<meta name=\"twitter:data1\" content=\"4 minutter\" \/>\n<script type=\"application\/ld+json\" class=\"yoast-schema-graph\">{\"@context\":\"https:\/\/schema.org\",\"@graph\":[{\"@type\":\"WebPage\",\"@id\":\"https:\/\/beta.bibliotekutvikling.no\/abmdig\/senter-for-kulturarvdigitalisering\/praktisk-gjennomforing\/materiale-som-omfattes\/lyd\/\",\"url\":\"https:\/\/beta.bibliotekutvikling.no\/abmdig\/senter-for-kulturarvdigitalisering\/praktisk-gjennomforing\/materiale-som-omfattes\/lyd\/\",\"name\":\"Lydmateriale - Kulturarvdigitalisering\",\"isPartOf\":{\"@id\":\"https:\/\/beta.bibliotekutvikling.no\/abmdig\/#website\"},\"primaryImageOfPage\":{\"@id\":\"https:\/\/beta.bibliotekutvikling.no\/abmdig\/senter-for-kulturarvdigitalisering\/praktisk-gjennomforing\/materiale-som-omfattes\/lyd\/#primaryimage\"},\"image\":{\"@id\":\"https:\/\/beta.bibliotekutvikling.no\/abmdig\/senter-for-kulturarvdigitalisering\/praktisk-gjennomforing\/materiale-som-omfattes\/lyd\/#primaryimage\"},\"thumbnailUrl\":\"https:\/\/beta.bibliotekutvikling.no\/content\/uploads\/sites\/14\/2020\/02\/dat-tape-foto_Nasjonalbiblioteket-1200x1223-1-e1581552571324.jpg\",\"datePublished\":\"2020-05-27T09:41:17+00:00\",\"dateModified\":\"2025-01-09T14:18:02+00:00\",\"breadcrumb\":{\"@id\":\"https:\/\/beta.bibliotekutvikling.no\/abmdig\/senter-for-kulturarvdigitalisering\/praktisk-gjennomforing\/materiale-som-omfattes\/lyd\/#breadcrumb\"},\"inLanguage\":\"nb-NO\",\"potentialAction\":[{\"@type\":\"ReadAction\",\"target\":[\"https:\/\/beta.bibliotekutvikling.no\/abmdig\/senter-for-kulturarvdigitalisering\/praktisk-gjennomforing\/materiale-som-omfattes\/lyd\/\"]}]},{\"@type\":\"ImageObject\",\"inLanguage\":\"nb-NO\",\"@id\":\"https:\/\/beta.bibliotekutvikling.no\/abmdig\/senter-for-kulturarvdigitalisering\/praktisk-gjennomforing\/materiale-som-omfattes\/lyd\/#primaryimage\",\"url\":\"https:\/\/beta.bibliotekutvikling.no\/content\/uploads\/sites\/14\/2020\/02\/dat-tape-foto_Nasjonalbiblioteket-1200x1223-1-e1581552571324.jpg\",\"contentUrl\":\"https:\/\/beta.bibliotekutvikling.no\/content\/uploads\/sites\/14\/2020\/02\/dat-tape-foto_Nasjonalbiblioteket-1200x1223-1-e1581552571324.jpg\",\"width\":800,\"height\":815,\"caption\":\"DAT-tape, lydb\u00e5nd *** Local Caption *** b\u00e6rer, musikk, lyd, opptak, kassett, radio\"},{\"@type\":\"BreadcrumbList\",\"@id\":\"https:\/\/beta.bibliotekutvikling.no\/abmdig\/senter-for-kulturarvdigitalisering\/praktisk-gjennomforing\/materiale-som-omfattes\/lyd\/#breadcrumb\",\"itemListElement\":[{\"@type\":\"ListItem\",\"position\":1,\"name\":\"Hjem\",\"item\":\"https:\/\/beta.bibliotekutvikling.no\/abmdig\/\"},{\"@type\":\"ListItem\",\"position\":2,\"name\":\"Vi digitaliserer Norges kulturarv &#8211; abmdig\",\"item\":\"https:\/\/beta.bibliotekutvikling.no\/abmdig\/\"},{\"@type\":\"ListItem\",\"position\":3,\"name\":\"Praktisk gjennomf\u00f8ring\",\"item\":\"https:\/\/beta.bibliotekutvikling.no\/abmdig\/senter-for-kulturarvdigitalisering\/praktisk-gjennomforing\/\"},{\"@type\":\"ListItem\",\"position\":4,\"name\":\"Materiale som omfattes\",\"item\":\"https:\/\/beta.bibliotekutvikling.no\/abmdig\/senter-for-kulturarvdigitalisering\/praktisk-gjennomforing\/materiale-som-omfattes\/\"},{\"@type\":\"ListItem\",\"position\":5,\"name\":\"Lydmateriale\"}]},{\"@type\":\"WebSite\",\"@id\":\"https:\/\/beta.bibliotekutvikling.no\/abmdig\/#website\",\"url\":\"https:\/\/beta.bibliotekutvikling.no\/abmdig\/\",\"name\":\"Nasjonalbiblioteket | Kulturarvdigitalisering\",\"description\":\"\",\"potentialAction\":[{\"@type\":\"SearchAction\",\"target\":{\"@type\":\"EntryPoint\",\"urlTemplate\":\"https:\/\/beta.bibliotekutvikling.no\/abmdig\/?s={search_term_string}\"},\"query-input\":{\"@type\":\"PropertyValueSpecification\",\"valueRequired\":true,\"valueName\":\"search_term_string\"}}],\"inLanguage\":\"nb-NO\"}]}<\/script>\n<!-- \/ Yoast SEO Premium plugin. -->","yoast_head_json":{"title":"Lydmateriale - Kulturarvdigitalisering","robots":{"index":"index","follow":"follow","max-snippet":"max-snippet:-1","max-image-preview":"max-image-preview:large","max-video-preview":"max-video-preview:-1"},"canonical":"https:\/\/beta.bibliotekutvikling.no\/abmdig\/senter-for-kulturarvdigitalisering\/praktisk-gjennomforing\/materiale-som-omfattes\/lyd\/","og_locale":"nb_NO","og_type":"article","og_title":"Lydmateriale","og_description":"Vi digitaliserer de aller fleste lydformater","og_url":"https:\/\/beta.bibliotekutvikling.no\/abmdig\/senter-for-kulturarvdigitalisering\/praktisk-gjennomforing\/materiale-som-omfattes\/lyd\/","og_site_name":"Kulturarvdigitalisering","article_modified_time":"2025-01-09T14:18:02+00:00","og_image":[{"width":800,"height":815,"url":"https:\/\/beta.bibliotekutvikling.no\/content\/uploads\/sites\/14\/2020\/02\/dat-tape-foto_Nasjonalbiblioteket-1200x1223-1-e1581552571324.jpg","type":"image\/jpeg"}],"twitter_card":"summary_large_image","twitter_misc":{"Ansl. lesetid":"4 minutter"},"schema":{"@context":"https:\/\/schema.org","@graph":[{"@type":"WebPage","@id":"https:\/\/beta.bibliotekutvikling.no\/abmdig\/senter-for-kulturarvdigitalisering\/praktisk-gjennomforing\/materiale-som-omfattes\/lyd\/","url":"https:\/\/beta.bibliotekutvikling.no\/abmdig\/senter-for-kulturarvdigitalisering\/praktisk-gjennomforing\/materiale-som-omfattes\/lyd\/","name":"Lydmateriale - Kulturarvdigitalisering","isPartOf":{"@id":"https:\/\/beta.bibliotekutvikling.no\/abmdig\/#website"},"primaryImageOfPage":{"@id":"https:\/\/beta.bibliotekutvikling.no\/abmdig\/senter-for-kulturarvdigitalisering\/praktisk-gjennomforing\/materiale-som-omfattes\/lyd\/#primaryimage"},"image":{"@id":"https:\/\/beta.bibliotekutvikling.no\/abmdig\/senter-for-kulturarvdigitalisering\/praktisk-gjennomforing\/materiale-som-omfattes\/lyd\/#primaryimage"},"thumbnailUrl":"https:\/\/beta.bibliotekutvikling.no\/content\/uploads\/sites\/14\/2020\/02\/dat-tape-foto_Nasjonalbiblioteket-1200x1223-1-e1581552571324.jpg","datePublished":"2020-05-27T09:41:17+00:00","dateModified":"2025-01-09T14:18:02+00:00","breadcrumb":{"@id":"https:\/\/beta.bibliotekutvikling.no\/abmdig\/senter-for-kulturarvdigitalisering\/praktisk-gjennomforing\/materiale-som-omfattes\/lyd\/#breadcrumb"},"inLanguage":"nb-NO","potentialAction":[{"@type":"ReadAction","target":["https:\/\/beta.bibliotekutvikling.no\/abmdig\/senter-for-kulturarvdigitalisering\/praktisk-gjennomforing\/materiale-som-omfattes\/lyd\/"]}]},{"@type":"ImageObject","inLanguage":"nb-NO","@id":"https:\/\/beta.bibliotekutvikling.no\/abmdig\/senter-for-kulturarvdigitalisering\/praktisk-gjennomforing\/materiale-som-omfattes\/lyd\/#primaryimage","url":"https:\/\/beta.bibliotekutvikling.no\/content\/uploads\/sites\/14\/2020\/02\/dat-tape-foto_Nasjonalbiblioteket-1200x1223-1-e1581552571324.jpg","contentUrl":"https:\/\/beta.bibliotekutvikling.no\/content\/uploads\/sites\/14\/2020\/02\/dat-tape-foto_Nasjonalbiblioteket-1200x1223-1-e1581552571324.jpg","width":800,"height":815,"caption":"DAT-tape, lydb\u00e5nd *** Local Caption *** b\u00e6rer, musikk, lyd, opptak, kassett, radio"},{"@type":"BreadcrumbList","@id":"https:\/\/beta.bibliotekutvikling.no\/abmdig\/senter-for-kulturarvdigitalisering\/praktisk-gjennomforing\/materiale-som-omfattes\/lyd\/#breadcrumb","itemListElement":[{"@type":"ListItem","position":1,"name":"Hjem","item":"https:\/\/beta.bibliotekutvikling.no\/abmdig\/"},{"@type":"ListItem","position":2,"name":"Vi digitaliserer Norges kulturarv &#8211; abmdig","item":"https:\/\/beta.bibliotekutvikling.no\/abmdig\/"},{"@type":"ListItem","position":3,"name":"Praktisk gjennomf\u00f8ring","item":"https:\/\/beta.bibliotekutvikling.no\/abmdig\/senter-for-kulturarvdigitalisering\/praktisk-gjennomforing\/"},{"@type":"ListItem","position":4,"name":"Materiale som omfattes","item":"https:\/\/beta.bibliotekutvikling.no\/abmdig\/senter-for-kulturarvdigitalisering\/praktisk-gjennomforing\/materiale-som-omfattes\/"},{"@type":"ListItem","position":5,"name":"Lydmateriale"}]},{"@type":"WebSite","@id":"https:\/\/beta.bibliotekutvikling.no\/abmdig\/#website","url":"https:\/\/beta.bibliotekutvikling.no\/abmdig\/","name":"Nasjonalbiblioteket | Kulturarvdigitalisering","description":"","potentialAction":[{"@type":"SearchAction","target":{"@type":"EntryPoint","urlTemplate":"https:\/\/beta.bibliotekutvikling.no\/abmdig\/?s={search_term_string}"},"query-input":{"@type":"PropertyValueSpecification","valueRequired":true,"valueName":"search_term_string"}}],"inLanguage":"nb-NO"}]}},"_links":{"self":[{"href":"https:\/\/beta.bibliotekutvikling.no\/abmdig\/wp-json\/wp\/v2\/pages\/622","targetHints":{"allow":["GET"]}}],"collection":[{"href":"https:\/\/beta.bibliotekutvikling.no\/abmdig\/wp-json\/wp\/v2\/pages"}],"about":[{"href":"https:\/\/beta.bibliotekutvikling.no\/abmdig\/wp-json\/wp\/v2\/types\/page"}],"author":[{"embeddable":true,"href":"https:\/\/beta.bibliotekutvikling.no\/abmdig\/wp-json\/wp\/v2\/users\/5117"}],"replies":[{"embeddable":true,"href":"https:\/\/beta.bibliotekutvikling.no\/abmdig\/wp-json\/wp\/v2\/comments?post=622"}],"version-history":[{"count":4,"href":"https:\/\/beta.bibliotekutvikling.no\/abmdig\/wp-json\/wp\/v2\/pages\/622\/revisions"}],"predecessor-version":[{"id":3657,"href":"https:\/\/beta.bibliotekutvikling.no\/abmdig\/wp-json\/wp\/v2\/pages\/622\/revisions\/3657"}],"up":[{"embeddable":true,"href":"https:\/\/beta.bibliotekutvikling.no\/abmdig\/wp-json\/wp\/v2\/pages\/375"}],"wp:featuredmedia":[{"embeddable":true,"href":"https:\/\/beta.bibliotekutvikling.no\/abmdig\/wp-json\/wp\/v2\/media\/201"}],"wp:attachment":[{"href":"https:\/\/beta.bibliotekutvikling.no\/abmdig\/wp-json\/wp\/v2\/media?parent=622"}],"curies":[{"name":"wp","href":"https:\/\/api.w.org\/{rel}","templated":true}]}}