{"id":981,"date":"2022-09-27T19:41:08","date_gmt":"2022-09-27T17:41:08","guid":{"rendered":"https:\/\/www.nb.no\/dfb\/?page_id=981"},"modified":"2024-05-15T14:57:26","modified_gmt":"2024-05-15T12:57:26","slug":"sprakkafe-med-verkstedsbaserte-samtaler","status":"publish","type":"page","link":"https:\/\/beta.bibliotekutvikling.no\/dfb\/vare-tilbud\/sprakkafe\/sprakkafe-med-verkstedsbaserte-samtaler\/","title":{"rendered":"Spr\u00e5kkaf\u00e9 med verkstedsbaserte samtaler"},"content":{"rendered":"\n<figure class=\"wp-block-image alignwide size-large\"><img loading=\"lazy\" decoding=\"async\" width=\"1024\" height=\"576\" src=\"https:\/\/bibliotekutvikling.no\/content\/uploads\/sites\/17\/2022\/10\/ord_og_bilder-scaled-e1664795721906-1024x576.jpg\" alt=\"\" class=\"wp-image-1244\" srcset=\"https:\/\/beta.bibliotekutvikling.no\/content\/uploads\/sites\/17\/2022\/10\/ord_og_bilder-scaled-e1664795721906-1024x576.jpg 1024w, https:\/\/beta.bibliotekutvikling.no\/content\/uploads\/sites\/17\/2022\/10\/ord_og_bilder-scaled-e1664795721906-300x169.jpg 300w, https:\/\/beta.bibliotekutvikling.no\/content\/uploads\/sites\/17\/2022\/10\/ord_og_bilder-scaled-e1664795721906-768x432.jpg 768w, https:\/\/beta.bibliotekutvikling.no\/content\/uploads\/sites\/17\/2022\/10\/ord_og_bilder-scaled-e1664795721906-1536x864.jpg 1536w, https:\/\/beta.bibliotekutvikling.no\/content\/uploads\/sites\/17\/2022\/10\/ord_og_bilder-scaled-e1664795721906-2048x1152.jpg 2048w, https:\/\/beta.bibliotekutvikling.no\/content\/uploads\/sites\/17\/2022\/10\/ord_og_bilder-scaled-e1664795721906-600x338.jpg 600w\" sizes=\"auto, (max-width: 1024px) 100vw, 1024px\" \/><\/figure>\n\n\n\n<p>Verkstedsbasert spr\u00e5kkaf\u00e9&nbsp;stimulerer til samtale gjennom lesing, i kombinasjon med skriving, maling og musikk. Det&nbsp;egner seg godt n\u00e5r norskniv\u00e5et i gruppen er varierende, og for \u00e5 skape en forandring i rutinene.&nbsp;<\/p>\n\n\n\n<p>Id\u00e9en er utviklet av&nbsp;Veronica Salinas (Leser s\u00f8ker bok), og hun har blitt invitert&nbsp;til \u00e5 holde det p\u00e5 flere bibliotek.&nbsp;Her er to eksempler fra en verkstedsbasert samtale.<\/p>\n\n\n\n<h2 class=\"wp-block-heading\" id=\"h-1-svartmale-aviser\">1. <strong>Svartmale aviser<\/strong><\/h2>\n\n\n\n<ul class=\"wp-block-list\">\n<li>To avisark gis til hver deltaker.<\/li>\n\n\n\n<li>Alle f\u00e5r tildelt svart maling.<\/li>\n\n\n\n<li>Klassisk musikk settes p\u00e5.<\/li>\n\n\n\n<li>De leser teksten som st\u00e5r i avisen.<\/li>\n\n\n\n<li>De finner noen ord de liker og svartmaler resten av det ene avisarket.<\/li>\n\n\n\n<li>De finner noen ord de ikke liker&nbsp;og svartmaler&nbsp;resten av det andre avisarket.<\/li>\n<\/ul>\n\n\n\n<p>S\u00e5 g\u00e5r samtalen om&nbsp;de ordene som blir igjen, om ordene&nbsp;de liker. Vi samtaler rundt disse ordene, hvilke f\u00f8lelser de vekker i oss som gj\u00f8r at de ikke blir malt over. Beskrivelser av situasjoner, f\u00f8lelser og tanker kommer frem, og mange kan kjenne seg igjen i det som blir fortalt. <\/p>\n\n\n\n<p>S\u00e5 g\u00e5r vi igjennom ordene de ikke liker. Vi samtaler ogs\u00e5 rundt disse ordene. Stemningen varierer, noen ganger kan ordene de ikke liker v\u00e6re&nbsp;v\u00e6re: &laquo;trolig&raquo; eller &raquo; prosent&raquo;. Da har vi ledd masse. Kanskje vi blir enige om at &nbsp;ordet &laquo;trolig&raquo; ikke er s\u00e5 spennende \u00e5 se p\u00e5, eller \u00e5 lese. Andre ganger har ord&nbsp;som &laquo;knuser dr\u00f8mmer&raquo;, &laquo;drap&raquo;, &laquo;nyhetsbyr\u00e5et&raquo;&nbsp; blitt trukket frem som ord de ikke likte. Da snakker vi sammen og vonde historier knyttet til ordene kommer frem. Dette er ogs\u00e5 historier som m\u00e5 bli fortalt. <\/p>\n\n\n\n<p>Noen ganger har de ikke nok ord til \u00e5 fortelle en historie. Men vi kan alle merke at det ligger en historie bak et ord.&nbsp;Jeg ba dem etterp\u00e5 pynte p\u00e5 de ordene de ikke likte. Pynte med blyanter. Lage ansikt, blomster eller hva de \u00f8nsker. Da kommer latteren fram igjen.&nbsp;<\/p>\n\n\n\n<figure class=\"wp-block-image size-large\"><img loading=\"lazy\" decoding=\"async\" width=\"1024\" height=\"577\" src=\"https:\/\/bibliotekutvikling.no\/content\/uploads\/sites\/17\/2022\/10\/maling_1_0-scaled-e1664790515468-1024x577.jpg\" alt=\"\" class=\"wp-image-1219\" srcset=\"https:\/\/beta.bibliotekutvikling.no\/content\/uploads\/sites\/17\/2022\/10\/maling_1_0-scaled-e1664790515468-1024x577.jpg 1024w, https:\/\/beta.bibliotekutvikling.no\/content\/uploads\/sites\/17\/2022\/10\/maling_1_0-scaled-e1664790515468-300x169.jpg 300w, https:\/\/beta.bibliotekutvikling.no\/content\/uploads\/sites\/17\/2022\/10\/maling_1_0-scaled-e1664790515468-768x432.jpg 768w, https:\/\/beta.bibliotekutvikling.no\/content\/uploads\/sites\/17\/2022\/10\/maling_1_0-scaled-e1664790515468-1536x865.jpg 1536w, https:\/\/beta.bibliotekutvikling.no\/content\/uploads\/sites\/17\/2022\/10\/maling_1_0-scaled-e1664790515468-600x338.jpg 600w, https:\/\/beta.bibliotekutvikling.no\/content\/uploads\/sites\/17\/2022\/10\/maling_1_0-scaled-e1664790515468.jpg 1920w\" sizes=\"auto, (max-width: 1024px) 100vw, 1024px\" \/><\/figure>\n\n\n\n<h2 class=\"wp-block-heading\" id=\"h-2-maling-og-dikt\">2. <strong>Maling og dikt<\/strong><img loading=\"lazy\" decoding=\"async\" width=\"550\" height=\"413\" src=\"https:\/\/dfb.nb.no\/sites\/default\/files\/styles\/article-detail\/public\/maling.jpg?itok=xvwP0FTa\" alt=\"Maling og dikt\"><\/h2>\n\n\n\n<p>Jeg bes\u00f8kte en spr\u00e5kkaf\u00e9 p\u00e5 et bibliotek med dikt og maling.&nbsp;Bibliotekarene hjalp meg \u00e5 rydde rommet. Vi satte opp et stort, langt bord hvor deltagerne kunne sitte. Jeg satte&nbsp;maling midt p\u00e5 bordet og la hvite ark foran hver stol.&nbsp;Mens jeg gjorde det, observerte jeg at bibliotekarene satte et lite bord i enden av rommet med aviser, kaffe og ark med norsklekser. &laquo;Dette gj\u00f8r vi for sikkerhets skyld&raquo;, sa de. &laquo;Det er ikke sikkert alle vil male, og da er det fint \u00e5 ha andre ting \u00e5 velge mellom&raquo;.<\/p>\n\n\n\n<p>Deltakerne kom&nbsp;og alle valgte \u00e5 sette seg ved det lange og store bordet. Bordet med kaffe, aviser og norsklekser ble st\u00e5ende ur\u00f8rt. &laquo;Her er det farger og ark&raquo;, sa jeg. &laquo;Jeg skal lese h\u00f8yt og dere kan male, eller bare h\u00f8re p\u00e5. Dere kan male arket med en farge, eller tegne eller male noe dere liker, eller \u00f8nsker, men det er ikke noe&nbsp;stress. Det viktigste er at dere kan ha en fin stund, sitte og h\u00f8re p\u00e5 dikt&raquo;.&nbsp;<\/p>\n\n\n\n<p>Jeg leste et dikt fra diktboken jeg hadde med, h\u00f8yt og tydelig. De malte. Jeg gjentok diktet. Noen malte bare med en farge over hele arket, andre lagde figurer, andre blandet flere farger. Stilheten rundt bordet var magisk. Konsentrasjonen og pusten fortalte meg at ordene landet et sted i kroppene deres. Jeg observerte avslappende og b\u00f8yde kropper fremover i takt med rolig pust. Jeg kunne observere lyttende kropper.<\/p>\n\n\n\n<p>Etter \u00e5 ha lest diktet ferdig og malingen hadde t\u00f8rket snakket vi om det de hadde malt. Det var mange sterke inntrykk. &laquo;Kan jeg ta med arket mitt hjem?&raquo; sa plutselig en mann. &laquo;Jeg vil gjerne vise til s\u00f8nnene mine at jeg har malt i dag&raquo;.&nbsp;&nbsp;Mange kan kjenne en mestringsf\u00f8lelse ved \u00e5 male, s\u00e6rlig de som ikke har s\u00e5 mange ord enn\u00e5. Behovet og lengselen etter \u00e5 kunne uttrykke seg selv&nbsp;p\u00e5 norsk kan v\u00e6re stor. Tanken p\u00e5 at det norske spr\u00e5ket kunne v\u00e6re noe annet enn et bruksspr\u00e5k hadde aldri falt dem inn. En d\u00f8r var blitt \u00e5pnet.<\/p>\n","protected":false},"excerpt":{"rendered":"<p>Inspirasjon til hva man kan snakke om p\u00e5 spr\u00e5kkaf\u00e9en.<\/p>\n","protected":false},"author":830,"featured_media":1244,"parent":726,"menu_order":0,"comment_status":"closed","ping_status":"closed","template":"","meta":{"nb_hide_title":false,"nb_breadcrumb_title_override":"","sub_navigation_option":"","sub_navigation_custom_items":[],"footnotes":""},"class_list":["post-981","page","type-page","status-publish","has-post-thumbnail","hentry"],"yoast_head":"<!-- This site is optimized with the Yoast SEO Premium plugin v27.1 (Yoast SEO v27.1.1) - https:\/\/yoast.com\/product\/yoast-seo-premium-wordpress\/ -->\n<title>Spr\u00e5kkaf\u00e9 med verkstedsbaserte samtaler - Det flerspr\u00e5klige bibliotek<\/title>\n<meta name=\"robots\" content=\"index, follow, max-snippet:-1, max-image-preview:large, max-video-preview:-1\" \/>\n<link rel=\"canonical\" href=\"https:\/\/beta.bibliotekutvikling.no\/dfb\/vare-tilbud\/sprakkafe\/sprakkafe-med-verkstedsbaserte-samtaler\/\" \/>\n<meta property=\"og:locale\" content=\"nb_NO\" \/>\n<meta property=\"og:type\" content=\"article\" \/>\n<meta property=\"og:title\" content=\"Spr\u00e5kkaf\u00e9 med verkstedsbaserte samtaler\" \/>\n<meta property=\"og:description\" content=\"Inspirasjon til hva man kan snakke om p\u00e5 spr\u00e5kkaf\u00e9en.\" \/>\n<meta property=\"og:url\" content=\"https:\/\/beta.bibliotekutvikling.no\/dfb\/vare-tilbud\/sprakkafe\/sprakkafe-med-verkstedsbaserte-samtaler\/\" \/>\n<meta property=\"og:site_name\" content=\"Det flerspr\u00e5klige bibliotek\" \/>\n<meta property=\"article:publisher\" content=\"https:\/\/www.facebook.com\/profile.php?id=100066429046602\" \/>\n<meta property=\"article:modified_time\" content=\"2024-05-15T12:57:26+00:00\" \/>\n<meta property=\"og:image\" content=\"https:\/\/beta.bibliotekutvikling.no\/content\/uploads\/sites\/17\/2022\/10\/ord_og_bilder-scaled-e1664795721906.jpg\" \/>\n\t<meta property=\"og:image:width\" content=\"2560\" \/>\n\t<meta property=\"og:image:height\" content=\"1440\" \/>\n\t<meta property=\"og:image:type\" content=\"image\/jpeg\" \/>\n<meta name=\"twitter:card\" content=\"summary_large_image\" \/>\n<meta name=\"twitter:label1\" content=\"Ansl. lesetid\" \/>\n\t<meta name=\"twitter:data1\" content=\"5 minutter\" \/>\n<script type=\"application\/ld+json\" class=\"yoast-schema-graph\">{\"@context\":\"https:\/\/schema.org\",\"@graph\":[{\"@type\":\"WebPage\",\"@id\":\"https:\/\/beta.bibliotekutvikling.no\/dfb\/vare-tilbud\/sprakkafe\/sprakkafe-med-verkstedsbaserte-samtaler\/\",\"url\":\"https:\/\/beta.bibliotekutvikling.no\/dfb\/vare-tilbud\/sprakkafe\/sprakkafe-med-verkstedsbaserte-samtaler\/\",\"name\":\"Spr\u00e5kkaf\u00e9 med verkstedsbaserte samtaler - Det flerspr\u00e5klige bibliotek\",\"isPartOf\":{\"@id\":\"https:\/\/beta.bibliotekutvikling.no\/dfb\/#website\"},\"primaryImageOfPage\":{\"@id\":\"https:\/\/beta.bibliotekutvikling.no\/dfb\/vare-tilbud\/sprakkafe\/sprakkafe-med-verkstedsbaserte-samtaler\/#primaryimage\"},\"image\":{\"@id\":\"https:\/\/beta.bibliotekutvikling.no\/dfb\/vare-tilbud\/sprakkafe\/sprakkafe-med-verkstedsbaserte-samtaler\/#primaryimage\"},\"thumbnailUrl\":\"https:\/\/beta.bibliotekutvikling.no\/content\/uploads\/sites\/17\/2022\/10\/ord_og_bilder-scaled-e1664795721906.jpg\",\"datePublished\":\"2022-09-27T17:41:08+00:00\",\"dateModified\":\"2024-05-15T12:57:26+00:00\",\"breadcrumb\":{\"@id\":\"https:\/\/beta.bibliotekutvikling.no\/dfb\/vare-tilbud\/sprakkafe\/sprakkafe-med-verkstedsbaserte-samtaler\/#breadcrumb\"},\"inLanguage\":\"nb-NO\",\"potentialAction\":[{\"@type\":\"ReadAction\",\"target\":[\"https:\/\/beta.bibliotekutvikling.no\/dfb\/vare-tilbud\/sprakkafe\/sprakkafe-med-verkstedsbaserte-samtaler\/\"]}]},{\"@type\":\"ImageObject\",\"inLanguage\":\"nb-NO\",\"@id\":\"https:\/\/beta.bibliotekutvikling.no\/dfb\/vare-tilbud\/sprakkafe\/sprakkafe-med-verkstedsbaserte-samtaler\/#primaryimage\",\"url\":\"https:\/\/beta.bibliotekutvikling.no\/content\/uploads\/sites\/17\/2022\/10\/ord_og_bilder-scaled-e1664795721906.jpg\",\"contentUrl\":\"https:\/\/beta.bibliotekutvikling.no\/content\/uploads\/sites\/17\/2022\/10\/ord_og_bilder-scaled-e1664795721906.jpg\",\"width\":2560,\"height\":1440},{\"@type\":\"BreadcrumbList\",\"@id\":\"https:\/\/beta.bibliotekutvikling.no\/dfb\/vare-tilbud\/sprakkafe\/sprakkafe-med-verkstedsbaserte-samtaler\/#breadcrumb\",\"itemListElement\":[{\"@type\":\"ListItem\",\"position\":1,\"name\":\"Hjem\",\"item\":\"https:\/\/beta.bibliotekutvikling.no\/dfb\/\"},{\"@type\":\"ListItem\",\"position\":2,\"name\":\"Tilbud\",\"item\":\"https:\/\/beta.bibliotekutvikling.no\/dfb\/vare-tilbud\/\"},{\"@type\":\"ListItem\",\"position\":3,\"name\":\"Spr\u00e5kkaf\u00e9\",\"item\":\"https:\/\/beta.bibliotekutvikling.no\/dfb\/vare-tilbud\/sprakkafe\/\"},{\"@type\":\"ListItem\",\"position\":4,\"name\":\"Spr\u00e5kkaf\u00e9 med verkstedsbaserte samtaler\"}]},{\"@type\":\"WebSite\",\"@id\":\"https:\/\/beta.bibliotekutvikling.no\/dfb\/#website\",\"url\":\"https:\/\/beta.bibliotekutvikling.no\/dfb\/\",\"name\":\"Det flerspr\u00e5klige bibliotek\",\"description\":\"\",\"publisher\":{\"@id\":\"https:\/\/beta.bibliotekutvikling.no\/dfb\/#organization\"},\"potentialAction\":[{\"@type\":\"SearchAction\",\"target\":{\"@type\":\"EntryPoint\",\"urlTemplate\":\"https:\/\/beta.bibliotekutvikling.no\/dfb\/?s={search_term_string}\"},\"query-input\":{\"@type\":\"PropertyValueSpecification\",\"valueRequired\":true,\"valueName\":\"search_term_string\"}}],\"inLanguage\":\"nb-NO\"},{\"@type\":\"Organization\",\"@id\":\"https:\/\/beta.bibliotekutvikling.no\/dfb\/#organization\",\"name\":\"Det flerspr\u00e5klige bibliotek\",\"url\":\"https:\/\/beta.bibliotekutvikling.no\/dfb\/\",\"logo\":{\"@type\":\"ImageObject\",\"inLanguage\":\"nb-NO\",\"@id\":\"https:\/\/beta.bibliotekutvikling.no\/dfb\/#\/schema\/logo\/image\/\",\"url\":\"https:\/\/bibliotekutvikling.no\/content\/uploads\/sites\/17\/2022\/09\/dfb.svg\",\"contentUrl\":\"https:\/\/bibliotekutvikling.no\/content\/uploads\/sites\/17\/2022\/09\/dfb.svg\",\"width\":143,\"height\":65,\"caption\":\"Det flerspr\u00e5klige bibliotek\"},\"image\":{\"@id\":\"https:\/\/beta.bibliotekutvikling.no\/dfb\/#\/schema\/logo\/image\/\"},\"sameAs\":[\"https:\/\/www.facebook.com\/profile.php?id=100066429046602\"]}]}<\/script>\n<!-- \/ Yoast SEO Premium plugin. -->","yoast_head_json":{"title":"Spr\u00e5kkaf\u00e9 med verkstedsbaserte samtaler - Det flerspr\u00e5klige bibliotek","robots":{"index":"index","follow":"follow","max-snippet":"max-snippet:-1","max-image-preview":"max-image-preview:large","max-video-preview":"max-video-preview:-1"},"canonical":"https:\/\/beta.bibliotekutvikling.no\/dfb\/vare-tilbud\/sprakkafe\/sprakkafe-med-verkstedsbaserte-samtaler\/","og_locale":"nb_NO","og_type":"article","og_title":"Spr\u00e5kkaf\u00e9 med verkstedsbaserte samtaler","og_description":"Inspirasjon til hva man kan snakke om p\u00e5 spr\u00e5kkaf\u00e9en.","og_url":"https:\/\/beta.bibliotekutvikling.no\/dfb\/vare-tilbud\/sprakkafe\/sprakkafe-med-verkstedsbaserte-samtaler\/","og_site_name":"Det flerspr\u00e5klige bibliotek","article_publisher":"https:\/\/www.facebook.com\/profile.php?id=100066429046602","article_modified_time":"2024-05-15T12:57:26+00:00","og_image":[{"width":2560,"height":1440,"url":"https:\/\/beta.bibliotekutvikling.no\/content\/uploads\/sites\/17\/2022\/10\/ord_og_bilder-scaled-e1664795721906.jpg","type":"image\/jpeg"}],"twitter_card":"summary_large_image","twitter_misc":{"Ansl. lesetid":"5 minutter"},"schema":{"@context":"https:\/\/schema.org","@graph":[{"@type":"WebPage","@id":"https:\/\/beta.bibliotekutvikling.no\/dfb\/vare-tilbud\/sprakkafe\/sprakkafe-med-verkstedsbaserte-samtaler\/","url":"https:\/\/beta.bibliotekutvikling.no\/dfb\/vare-tilbud\/sprakkafe\/sprakkafe-med-verkstedsbaserte-samtaler\/","name":"Spr\u00e5kkaf\u00e9 med verkstedsbaserte samtaler - Det flerspr\u00e5klige bibliotek","isPartOf":{"@id":"https:\/\/beta.bibliotekutvikling.no\/dfb\/#website"},"primaryImageOfPage":{"@id":"https:\/\/beta.bibliotekutvikling.no\/dfb\/vare-tilbud\/sprakkafe\/sprakkafe-med-verkstedsbaserte-samtaler\/#primaryimage"},"image":{"@id":"https:\/\/beta.bibliotekutvikling.no\/dfb\/vare-tilbud\/sprakkafe\/sprakkafe-med-verkstedsbaserte-samtaler\/#primaryimage"},"thumbnailUrl":"https:\/\/beta.bibliotekutvikling.no\/content\/uploads\/sites\/17\/2022\/10\/ord_og_bilder-scaled-e1664795721906.jpg","datePublished":"2022-09-27T17:41:08+00:00","dateModified":"2024-05-15T12:57:26+00:00","breadcrumb":{"@id":"https:\/\/beta.bibliotekutvikling.no\/dfb\/vare-tilbud\/sprakkafe\/sprakkafe-med-verkstedsbaserte-samtaler\/#breadcrumb"},"inLanguage":"nb-NO","potentialAction":[{"@type":"ReadAction","target":["https:\/\/beta.bibliotekutvikling.no\/dfb\/vare-tilbud\/sprakkafe\/sprakkafe-med-verkstedsbaserte-samtaler\/"]}]},{"@type":"ImageObject","inLanguage":"nb-NO","@id":"https:\/\/beta.bibliotekutvikling.no\/dfb\/vare-tilbud\/sprakkafe\/sprakkafe-med-verkstedsbaserte-samtaler\/#primaryimage","url":"https:\/\/beta.bibliotekutvikling.no\/content\/uploads\/sites\/17\/2022\/10\/ord_og_bilder-scaled-e1664795721906.jpg","contentUrl":"https:\/\/beta.bibliotekutvikling.no\/content\/uploads\/sites\/17\/2022\/10\/ord_og_bilder-scaled-e1664795721906.jpg","width":2560,"height":1440},{"@type":"BreadcrumbList","@id":"https:\/\/beta.bibliotekutvikling.no\/dfb\/vare-tilbud\/sprakkafe\/sprakkafe-med-verkstedsbaserte-samtaler\/#breadcrumb","itemListElement":[{"@type":"ListItem","position":1,"name":"Hjem","item":"https:\/\/beta.bibliotekutvikling.no\/dfb\/"},{"@type":"ListItem","position":2,"name":"Tilbud","item":"https:\/\/beta.bibliotekutvikling.no\/dfb\/vare-tilbud\/"},{"@type":"ListItem","position":3,"name":"Spr\u00e5kkaf\u00e9","item":"https:\/\/beta.bibliotekutvikling.no\/dfb\/vare-tilbud\/sprakkafe\/"},{"@type":"ListItem","position":4,"name":"Spr\u00e5kkaf\u00e9 med verkstedsbaserte samtaler"}]},{"@type":"WebSite","@id":"https:\/\/beta.bibliotekutvikling.no\/dfb\/#website","url":"https:\/\/beta.bibliotekutvikling.no\/dfb\/","name":"Det flerspr\u00e5klige bibliotek","description":"","publisher":{"@id":"https:\/\/beta.bibliotekutvikling.no\/dfb\/#organization"},"potentialAction":[{"@type":"SearchAction","target":{"@type":"EntryPoint","urlTemplate":"https:\/\/beta.bibliotekutvikling.no\/dfb\/?s={search_term_string}"},"query-input":{"@type":"PropertyValueSpecification","valueRequired":true,"valueName":"search_term_string"}}],"inLanguage":"nb-NO"},{"@type":"Organization","@id":"https:\/\/beta.bibliotekutvikling.no\/dfb\/#organization","name":"Det flerspr\u00e5klige bibliotek","url":"https:\/\/beta.bibliotekutvikling.no\/dfb\/","logo":{"@type":"ImageObject","inLanguage":"nb-NO","@id":"https:\/\/beta.bibliotekutvikling.no\/dfb\/#\/schema\/logo\/image\/","url":"https:\/\/bibliotekutvikling.no\/content\/uploads\/sites\/17\/2022\/09\/dfb.svg","contentUrl":"https:\/\/bibliotekutvikling.no\/content\/uploads\/sites\/17\/2022\/09\/dfb.svg","width":143,"height":65,"caption":"Det flerspr\u00e5klige bibliotek"},"image":{"@id":"https:\/\/beta.bibliotekutvikling.no\/dfb\/#\/schema\/logo\/image\/"},"sameAs":["https:\/\/www.facebook.com\/profile.php?id=100066429046602"]}]}},"_links":{"self":[{"href":"https:\/\/beta.bibliotekutvikling.no\/dfb\/wp-json\/wp\/v2\/pages\/981","targetHints":{"allow":["GET"]}}],"collection":[{"href":"https:\/\/beta.bibliotekutvikling.no\/dfb\/wp-json\/wp\/v2\/pages"}],"about":[{"href":"https:\/\/beta.bibliotekutvikling.no\/dfb\/wp-json\/wp\/v2\/types\/page"}],"author":[{"embeddable":true,"href":"https:\/\/beta.bibliotekutvikling.no\/dfb\/wp-json\/wp\/v2\/users\/830"}],"replies":[{"embeddable":true,"href":"https:\/\/beta.bibliotekutvikling.no\/dfb\/wp-json\/wp\/v2\/comments?post=981"}],"version-history":[{"count":5,"href":"https:\/\/beta.bibliotekutvikling.no\/dfb\/wp-json\/wp\/v2\/pages\/981\/revisions"}],"predecessor-version":[{"id":3158,"href":"https:\/\/beta.bibliotekutvikling.no\/dfb\/wp-json\/wp\/v2\/pages\/981\/revisions\/3158"}],"up":[{"embeddable":true,"href":"https:\/\/beta.bibliotekutvikling.no\/dfb\/wp-json\/wp\/v2\/pages\/726"}],"wp:featuredmedia":[{"embeddable":true,"href":"https:\/\/beta.bibliotekutvikling.no\/dfb\/wp-json\/wp\/v2\/media\/1244"}],"wp:attachment":[{"href":"https:\/\/beta.bibliotekutvikling.no\/dfb\/wp-json\/wp\/v2\/media?parent=981"}],"curies":[{"name":"wp","href":"https:\/\/api.w.org\/{rel}","templated":true}]}}