{"id":8,"date":"2021-04-19T13:12:51","date_gmt":"2021-04-19T11:12:51","guid":{"rendered":"https:\/\/bibliotekutvikling.no\/formidlingskompetanse\/?page_id=8"},"modified":"2023-08-11T16:25:02","modified_gmt":"2023-08-11T14:25:02","slug":"om-prosjektet","status":"publish","type":"page","link":"https:\/\/beta.bibliotekutvikling.no\/formidlingskompetanse\/om-prosjektet\/","title":{"rendered":"Om prosjektet"},"content":{"rendered":"\n<figure class=\"wp-block-image size-large is-style-default\"><img loading=\"lazy\" decoding=\"async\" width=\"1024\" height=\"252\" src=\"https:\/\/bibliotekutvikling.no\/content\/uploads\/sites\/23\/2022\/03\/Logotypnavn-1024x252.png\" alt=\"\" class=\"wp-image-413\" srcset=\"https:\/\/beta.bibliotekutvikling.no\/content\/uploads\/sites\/23\/2022\/03\/Logotypnavn-1024x252.png 1024w, https:\/\/beta.bibliotekutvikling.no\/content\/uploads\/sites\/23\/2022\/03\/Logotypnavn-300x74.png 300w, https:\/\/beta.bibliotekutvikling.no\/content\/uploads\/sites\/23\/2022\/03\/Logotypnavn-768x189.png 768w, https:\/\/beta.bibliotekutvikling.no\/content\/uploads\/sites\/23\/2022\/03\/Logotypnavn.png 1384w\" sizes=\"auto, (max-width: 1024px) 100vw, 1024px\" \/><\/figure>\n\n\n\n<div class=\"wp-block-group is-layout-flow wp-block-group-is-layout-flow\">\n<div class=\"wp-block-group is-layout-flow wp-block-group-is-layout-flow\">\n<p>Prosjektet &laquo;<a href=\"https:\/\/bibliotekutvikling.no\/prosjektbank\/aktiv\/formidlingskompetanse-i-folkebibliotek\/\">Formidlingskompetanse i folkebibliotek<\/a>&raquo; (FiF) ble startet i januar 2021. Ti fylkesbibliotek har g\u00e5tt sammen for et felles l\u00f8ft av formidlingskompetansen i folkebibliotekene. Prosjektet er st\u00f8ttet av Nasjonalbiblioteket. Viken fylkesbibliotek koordinerte arbeidet med felles prosjekts\u00f8knad, mens Tr\u00f8ndelag fylkesbibliotek er vertskap for prosjektledelsen. <\/p>\n\n\n\n<p>Fase 2 av prosjektet (FiF 2) fikk st\u00f8tte som to\u00e5rig satsing, med tildeling for 2023. Oppdatert prosjektbeskrivelse ligger <a href=\"https:\/\/bibliotekutvikling.no\/prosjektbank\/aktiv\/formidlingskompetanse-i-folkebibliotek-trygghet-og-kunnskap-for-a-na-et-mangfold-av-mennesker-fif2\/\">her<\/a>. Hovedm\u00e5let for FiF 2 er:<\/p>\n\n\n\n<p><em>FiF2 skal bidra til at folkebibliotekene styrker sin formidlingskompetanse n\u00e5r det gjelder aktiv formidling fysisk og digitalt i biblioteket og p\u00e5 andre arenaer. Det skal v\u00e6re en tydelig kobling mellom kompetansearbeidet og de aktive formidlingstiltakene i folkebibliotekene.<\/em><\/p>\n\n\n\n<p><em>Kompetansearbeidet i FiF skal f\u00f8re til mer aktiv formidling, h\u00f8yere kvalitet p\u00e5 formidlingen, mer kunnskap om ulike formidlingsmetoder, og gi bibliotekansatte st\u00f8rre trygghet i rollen som formidlere. Hensikten er at bibliotekene skal n\u00e5 ut til et mangfold av innbyggere, slik at de opplever bibliotekets formidling som relevant for b\u00e5de eget liv og i samfunnet.<\/em><\/p>\n\n\n\n<p><em>Vi skal:<\/em><\/p>\n\n\n\n<ul class=\"wp-block-list\">\n<li><em>tilby og dele l\u00e6ringsressurser og kurs innen satsingsomr\u00e5dene<\/em><\/li>\n\n\n\n<li><em>motivere til mer aktiv formidling, og knytte<\/em><em> <\/em><em>kompetansehevingen til folkebibliotekenes tiltak for aktiv formidling&nbsp;<\/em><em>&nbsp;<\/em><em><\/em><\/li>\n\n\n\n<li><em>ta i bruk Kompetansebanken som et verkt\u00f8y for \u00e5 dele kurs og andre kompetansehevende tiltak og ressurser.<\/em><em>&nbsp;<\/em><\/li>\n<\/ul>\n\n\n\n<p>Se prosjektleder Kristin fortelle om FiF:<\/p>\n\n\n\n<figure class=\"wp-block-embed dekode-gtm-iframe-preview is-type-video is-provider-vimeo wp-block-embed-vimeo wp-embed-aspect-16-9 wp-has-aspect-ratio\"><div class=\"wp-block-embed__wrapper\">\n<iframe title=\"FiF. Opptak av foredrag holdt p\u00e5 Bibliotekm\u00f8tet 23.3.22.mp4\" data-cookieconsent=\"marketing\" data-cookieblock-src=\"https:\/\/player.vimeo.com\/video\/710271725?dnt=1&amp;app_id=122963\" width=\"500\" height=\"281\" frameborder=\"0\" allow=\"autoplay; fullscreen; picture-in-picture; clipboard-write\"><\/iframe>\n\t\t<div class=\"cookieconsent-optout-marketing dekode-gtm-cookie-consent-video-placeholder\">\n\t\t\t<div class=\"dekode-gtm-cookie-consent is-block-core-embed is-provider-vimeo\">\n\t\t\t\t\n\t\t\t<img decoding=\"async\" src=\"https:\/\/i.vimeocdn.com\/video\/1432698469-99546dc9bd913a9feca0c4e63536248c05cb297af8a75e282348f615cf4ad2cc-d_295x166?region=us\" alt=\"vimeo\" \/>\n\t\t\t\t<div class=\"overlay\">\n\t\t\t\t\t<div class=\"cookie-info\">\n\t\t\t\t\t\t\n<div class=\"wp-block-cover is-light\"><span aria-hidden=\"true\" class=\"wp-block-cover__background has-neutrals-background-hero-background-color has-background-dim-100 has-background-dim\"><\/span><div class=\"wp-block-cover__inner-container has-global-padding is-layout-constrained wp-block-cover-is-layout-constrained\">\n<h2 class=\"wp-block-heading has-text-align-left\">Her skulle det v\u00e6rt en video.<\/h2>\n\n\n\n<p class=\"has-text-align-left\">For \u00e5 se videoen m\u00e5 du gi samtykke til informasjonskapsler fra tredjepartsleverand\u00f8rer. Du kan enkelt endre samtykke her:<\/p>\n\n\n\n<div class=\"wp-block-buttons is-content-justification-left is-layout-flex wp-container-core-buttons-is-layout-fc4fd283 wp-block-buttons-is-layout-flex\">\n<div class=\"wp-block-button dekode-gtm-cookiebot-renew\"><a class=\"wp-block-button__link has-text-align-center wp-element-button\">Endre samtykke<\/a><\/div>\n\n\n\n<div class=\"wp-block-button\"><a class=\"wp-block-button__link wp-element-button\" href=\"https:\/\/beta.bibliotekutvikling.no\/personvernerklaering-for-bibliotekutvikling-no\/\">Personvernerkl\u00e6ring<\/a><\/div>\n<\/div>\n<\/div><\/div>\n\n\t\t\t\t\t<\/div>\n\t\t\t\t<\/div>\n\t\t\t<\/div>\n\t\t<\/div>\n<\/div><\/figure>\n\n\n\n<p>Se ogs\u00e5 presentasjonen som ble holdt under NBs prosjektseminar 20.9.21 ved \u00e5 klikke <a href=\"https:\/\/eur03.safelinks.protection.outlook.com\/?url=https%3A%2F%2Fmediasite.nb.no%2FMediasite%2FPlay%2F2fb749dc37034a728864bc9b403443041d%3FplayFrom%3D1382000&amp;data=04%7C01%7Ckristo%40trondelagfylke.no%7Cecd1e7de8b3447aa399908d97dc9c524%7Cb6334d0113b94531a3a6532e479d9a1a%7C0%7C1%7C637679127808638196%7CUnknown%7CTWFpbGZsb3d8eyJWIjoiMC4wLjAwMDAiLCJQIjoiV2luMzIiLCJBTiI6Ik1haWwiLCJXVCI6Mn0%3D%7C1000&amp;sdata=YbDapVP3BiVMG1WHHR%2Fc3mIZo5NgNE3SfGcHbn08SwI%3D&amp;reserved=0\">her<\/a>. <\/p>\n<\/div>\n\n\n\n\t\t<div class=\"t2-factbox wp-block-t2-factbox\" id=\"t2-factbox\">\n\t\t\t<div class=\"t2-factbox__content\">\n\t\t\t\t<div class=\"t2-factbox__blocks t2-factbox__inner-container is-layout-flow\">\n\t\t\t\t\t\n\n<p>Prosjektets hovedm\u00e5l er <strong>\u00e5 styrke formidlingskompetansen hos ansatte i folkebibliotek<\/strong>. Tiltakene i prosjektet skal bidra til \u00e5<\/p>\n\n\n\n<ul class=\"wp-block-list\">\n<li>styrke bibliotekenes og bibliotekansattes arbeid med \u00e5 formidle det store mangfoldet i&nbsp;fag- og folkebibliotekenes samlinger<\/li>\n\n\n\n<li>utvikle bibliotekene som kunnskapsarenaer<\/li>\n\n\n\n<li>utvikle kommunikative&nbsp;ferdigheter i all type formidling, for et uensartet publikum<\/li>\n\n\n\n<li>bygge god kunnskap om litteratur og kilder<\/li>\n\n\n\n<li>utvikle kompetansen p\u00e5 veiledning for lesing, dannelse og kritisk tenkning<\/li>\n\n\n\n<li>styrke den generelle lesekompetansen i befolkningen<\/li>\n\n\n\n<li>\u00f8ke utl\u00e5net av fysisk og digitalt materiale i folkebibliotekene<\/li>\n\n\n\n<li>m\u00f8te innbyggerne der de er, uavhengig av kulturbakgrunn og funksjonsniv\u00e5, med tilrettelegging i biblioteket og p\u00e5 andre arenaer<\/li>\n<\/ul>\n\n\n\t\t\t\t<\/div>\n\t\t\t\t\n\t\t\t<\/div>\n\t\t\t\n\t\t<\/div>\n\n\n<p id=\"block-b3cf6d06-4a2a-4531-a09e-f334e699d952\">Prosjekts\u00f8knaden er bygd opp med to faser. Fase 1 g\u00e5r fra januar 2021 til og med desember 2022. Fase 2 er skissert for perioden januar 2023 til og med desember 2024.<\/p>\n\n\n\n<p id=\"block-7ff00cfd-c6f2-49b3-b5b0-4fc78e56305c\">Prosjektet er organisert med en overordnet styringsgruppe som best\u00e5r av alle fylkesbiblioteksjefene. Prosjektledelsen har ansvar for daglig ledelse av prosjektet, og koordinerer prosjektgruppa. Prosjektgruppa best\u00e5r av r\u00e5dgivere fra fylkesbibliotekene, og bringer inn bred kompetanse fra mange \u00e5rs virksomhet med ansvar for kurs og kompetanseutvikling innen formidling.<\/p>\n\n\n\n<p>Arbeidet i prosjektet er planlagt med flere l\u00e6ringsl\u00f8p, der kartlegging og felles plattform gir grunnlag for uformell l\u00e6ring med kurs, l\u00e6ringsopplegg og praksisfellesskap, og formell l\u00e6ring med utvikling av nytt nettstudium innen aktiv formidling (i fase 1) og videref\u00f8ring av studiet pedagogikk for bibliotekarer (i fase 2).<\/p>\n\n\n\n<p>Fylkesbibliotekenes arbeid med uformelle l\u00e6ringsl\u00f8p i prosjektet er delt inn i f\u00f8lgende satsingsomr\u00e5der:<\/p>\n\n\n\n<ol class=\"wp-block-list\">\n<li>Kulturfondstafetten<\/li>\n\n\n\n<li>Spillformidling<\/li>\n\n\n\n<li>Lesefellesskap og arrangement<\/li>\n\n\n\n<li>Kunnskapsakt\u00f8r<\/li>\n\n\n\n<li>Sjangerskolen og Lesers\u00f8rvis<\/li>\n\n\n\n<li>For de minste<\/li>\n\n\n\n<li>Praksisfellesskap og \u00abDigitalt p\u00e5fyll\u00bb<\/li>\n<\/ol>\n\n\n\n<p id=\"block-04e16c1d-8d7b-4321-bbd1-30c5715f4afa\">V\u00e5rt \u00f8nske for folkebibliotekenes gevinst er<\/p>\n\n\n\n<ul class=\"wp-block-list\" id=\"block-dd4ca321-30f6-4d5e-aa8f-bdc2dc310d6c\">\n<li>nye muligheter for nettbasert, formell videreutdanning<\/li>\n\n\n\n<li>mer mangfoldig kurstilbud\u200b<\/li>\n\n\n\n<li>bedre kvalitet ved samordning av&nbsp;fylkesbibliotekenes kompetanse og ressurser\u200b<\/li>\n\n\n\n<li>mer fokus p\u00e5 formidling i daglig&nbsp;praksis\u200b<\/li>\n\n\n\n<li>utvikling av l\u00e6rende praksisfellesskap&nbsp;\u200b<\/li>\n\n\n\n<li>mer deling av ideer og kunnskap\u200b<\/li>\n<\/ul>\n\n\n\n<p id=\"block-c08d794a-1d7c-4061-a280-94f5260e36e0\">Det ligger som et viktig premiss at kompetanseutvikling skjer ved \u00e5 pr\u00f8ve og \u00e5 gj\u00f8re. Prosjektet gir oss mulighet til \u00e5 \u00ableke\u00bb oss fram til formidling som aldri er gjort f\u00f8r, og en bred mobilisering der alle pr\u00f8ver og \u00f8ver over hele landet med samme m\u00e5l. Dette kan foreg\u00e5 regionalt eller p\u00e5 tvers av regioner, enten digitalt eller ved at deltakerne m\u00f8tes. Fylkesbibliotekene skal v\u00e6re navet i kompetanseutviklinga og gjennomf\u00f8ringa, men det er ogs\u00e5 et m\u00e5l at bibliotekene i hele landet deltar i utvikling, gjennomf\u00f8ring og videreutvikling.<\/p>\n<\/div>\n\n\n\n<figure class=\"wp-block-image size-large is-style-default\"><img loading=\"lazy\" decoding=\"async\" width=\"1024\" height=\"64\" src=\"https:\/\/bibliotekutvikling.no\/content\/uploads\/sites\/23\/2022\/03\/Bunnlinje@Svart-1024x64.png\" alt=\"\" class=\"wp-image-416\" srcset=\"https:\/\/beta.bibliotekutvikling.no\/content\/uploads\/sites\/23\/2022\/03\/Bunnlinje@Svart-1024x64.png 1024w, https:\/\/beta.bibliotekutvikling.no\/content\/uploads\/sites\/23\/2022\/03\/Bunnlinje@Svart-300x19.png 300w, https:\/\/beta.bibliotekutvikling.no\/content\/uploads\/sites\/23\/2022\/03\/Bunnlinje@Svart-768x48.png 768w, https:\/\/beta.bibliotekutvikling.no\/content\/uploads\/sites\/23\/2022\/03\/Bunnlinje@Svart-1536x96.png 1536w, https:\/\/beta.bibliotekutvikling.no\/content\/uploads\/sites\/23\/2022\/03\/Bunnlinje@Svart-2048x128.png 2048w\" sizes=\"auto, (max-width: 1024px) 100vw, 1024px\" \/><\/figure>\n","protected":false},"excerpt":{"rendered":"","protected":false},"author":52,"featured_media":470,"parent":0,"menu_order":0,"comment_status":"closed","ping_status":"closed","template":"","meta":{"_relevanssi_hide_post":"","_relevanssi_hide_content":"","_relevanssi_pin_for_all":"","_relevanssi_pin_keywords":"","_relevanssi_unpin_keywords":"","_relevanssi_related_keywords":"","_relevanssi_related_include_ids":"","_relevanssi_related_exclude_ids":"","_relevanssi_related_no_append":"","_relevanssi_related_not_related":"","_relevanssi_related_posts":"1","_relevanssi_noindex_reason":"","nb_hide_title":false,"sub_navigation_option":"","sub_navigation_custom_items":null,"footnotes":""},"class_list":["post-8","page","type-page","status-publish","has-post-thumbnail","hentry"],"yoast_head":"<!-- This site is optimized with the Yoast SEO Premium plugin v27.1 (Yoast SEO v27.1.1) - https:\/\/yoast.com\/product\/yoast-seo-premium-wordpress\/ -->\n<title>Om prosjektet - Bibliotekutvikling | Formidlingskompetanse i folkebibliotek<\/title>\n<meta name=\"robots\" content=\"index, follow, max-snippet:-1, max-image-preview:large, max-video-preview:-1\" \/>\n<link rel=\"canonical\" href=\"https:\/\/beta.bibliotekutvikling.no\/formidlingskompetanse\/om-prosjektet\/\" \/>\n<meta property=\"og:locale\" content=\"nb_NO\" \/>\n<meta property=\"og:type\" content=\"article\" \/>\n<meta property=\"og:title\" content=\"Om prosjektet\" \/>\n<meta property=\"og:url\" content=\"https:\/\/beta.bibliotekutvikling.no\/formidlingskompetanse\/om-prosjektet\/\" \/>\n<meta property=\"og:site_name\" content=\"Bibliotekutvikling | Formidlingskompetanse i folkebibliotek\" \/>\n<meta property=\"article:modified_time\" content=\"2023-08-11T14:25:02+00:00\" \/>\n<meta property=\"og:image\" content=\"https:\/\/beta.bibliotekutvikling.no\/content\/uploads\/sites\/23\/2022\/03\/logofargabakgr_gra_nettsida.png\" \/>\n\t<meta property=\"og:image:width\" content=\"768\" \/>\n\t<meta property=\"og:image:height\" content=\"439\" \/>\n\t<meta property=\"og:image:type\" content=\"image\/png\" \/>\n<meta name=\"twitter:card\" content=\"summary_large_image\" \/>\n<meta name=\"twitter:label1\" content=\"Ansl. lesetid\" \/>\n\t<meta name=\"twitter:data1\" content=\"3 minutter\" \/>\n<script type=\"application\/ld+json\" class=\"yoast-schema-graph\">{\"@context\":\"https:\/\/schema.org\",\"@graph\":[{\"@type\":\"WebPage\",\"@id\":\"https:\/\/beta.bibliotekutvikling.no\/formidlingskompetanse\/om-prosjektet\/\",\"url\":\"https:\/\/beta.bibliotekutvikling.no\/formidlingskompetanse\/om-prosjektet\/\",\"name\":\"Om prosjektet - Bibliotekutvikling | Formidlingskompetanse i folkebibliotek\",\"isPartOf\":{\"@id\":\"https:\/\/beta.bibliotekutvikling.no\/formidlingskompetanse\/#website\"},\"primaryImageOfPage\":{\"@id\":\"https:\/\/beta.bibliotekutvikling.no\/formidlingskompetanse\/om-prosjektet\/#primaryimage\"},\"image\":{\"@id\":\"https:\/\/beta.bibliotekutvikling.no\/formidlingskompetanse\/om-prosjektet\/#primaryimage\"},\"thumbnailUrl\":\"https:\/\/beta.bibliotekutvikling.no\/content\/uploads\/sites\/23\/2022\/03\/logofargabakgr_gra_nettsida.png\",\"datePublished\":\"2021-04-19T11:12:51+00:00\",\"dateModified\":\"2023-08-11T14:25:02+00:00\",\"breadcrumb\":{\"@id\":\"https:\/\/beta.bibliotekutvikling.no\/formidlingskompetanse\/om-prosjektet\/#breadcrumb\"},\"inLanguage\":\"nb-NO\",\"potentialAction\":[{\"@type\":\"ReadAction\",\"target\":[\"https:\/\/beta.bibliotekutvikling.no\/formidlingskompetanse\/om-prosjektet\/\"]}]},{\"@type\":\"ImageObject\",\"inLanguage\":\"nb-NO\",\"@id\":\"https:\/\/beta.bibliotekutvikling.no\/formidlingskompetanse\/om-prosjektet\/#primaryimage\",\"url\":\"https:\/\/beta.bibliotekutvikling.no\/content\/uploads\/sites\/23\/2022\/03\/logofargabakgr_gra_nettsida.png\",\"contentUrl\":\"https:\/\/beta.bibliotekutvikling.no\/content\/uploads\/sites\/23\/2022\/03\/logofargabakgr_gra_nettsida.png\",\"width\":768,\"height\":439},{\"@type\":\"BreadcrumbList\",\"@id\":\"https:\/\/beta.bibliotekutvikling.no\/formidlingskompetanse\/om-prosjektet\/#breadcrumb\",\"itemListElement\":[{\"@type\":\"ListItem\",\"position\":1,\"name\":\"Hjem\",\"item\":\"https:\/\/beta.bibliotekutvikling.no\/formidlingskompetanse\/\"},{\"@type\":\"ListItem\",\"position\":2,\"name\":\"Om prosjektet\"}]},{\"@type\":\"WebSite\",\"@id\":\"https:\/\/beta.bibliotekutvikling.no\/formidlingskompetanse\/#website\",\"url\":\"https:\/\/beta.bibliotekutvikling.no\/formidlingskompetanse\/\",\"name\":\"Bibliotekutvikling | Formidlingskompetanse i folkebibliotek\",\"description\":\"\",\"publisher\":{\"@id\":\"https:\/\/beta.bibliotekutvikling.no\/formidlingskompetanse\/#organization\"},\"potentialAction\":[{\"@type\":\"SearchAction\",\"target\":{\"@type\":\"EntryPoint\",\"urlTemplate\":\"https:\/\/beta.bibliotekutvikling.no\/formidlingskompetanse\/?s={search_term_string}\"},\"query-input\":{\"@type\":\"PropertyValueSpecification\",\"valueRequired\":true,\"valueName\":\"search_term_string\"}}],\"inLanguage\":\"nb-NO\"},{\"@type\":\"Organization\",\"@id\":\"https:\/\/beta.bibliotekutvikling.no\/formidlingskompetanse\/#organization\",\"name\":\"Bibliotekutvikling | Formidlingskompetanse i folkebibliotek\",\"url\":\"https:\/\/beta.bibliotekutvikling.no\/formidlingskompetanse\/\",\"logo\":{\"@type\":\"ImageObject\",\"inLanguage\":\"nb-NO\",\"@id\":\"https:\/\/beta.bibliotekutvikling.no\/formidlingskompetanse\/#\/schema\/logo\/image\/\",\"url\":\"https:\/\/beta.bibliotekutvikling.no\/content\/uploads\/sites\/23\/2022\/03\/cropped-Asset-3.png\",\"contentUrl\":\"https:\/\/beta.bibliotekutvikling.no\/content\/uploads\/sites\/23\/2022\/03\/cropped-Asset-3.png\",\"width\":1015,\"height\":604,\"caption\":\"Bibliotekutvikling | Formidlingskompetanse i folkebibliotek\"},\"image\":{\"@id\":\"https:\/\/beta.bibliotekutvikling.no\/formidlingskompetanse\/#\/schema\/logo\/image\/\"}}]}<\/script>\n<!-- \/ Yoast SEO Premium plugin. -->","yoast_head_json":{"title":"Om prosjektet - Bibliotekutvikling | Formidlingskompetanse i folkebibliotek","robots":{"index":"index","follow":"follow","max-snippet":"max-snippet:-1","max-image-preview":"max-image-preview:large","max-video-preview":"max-video-preview:-1"},"canonical":"https:\/\/beta.bibliotekutvikling.no\/formidlingskompetanse\/om-prosjektet\/","og_locale":"nb_NO","og_type":"article","og_title":"Om prosjektet","og_url":"https:\/\/beta.bibliotekutvikling.no\/formidlingskompetanse\/om-prosjektet\/","og_site_name":"Bibliotekutvikling | Formidlingskompetanse i folkebibliotek","article_modified_time":"2023-08-11T14:25:02+00:00","og_image":[{"width":768,"height":439,"url":"https:\/\/beta.bibliotekutvikling.no\/content\/uploads\/sites\/23\/2022\/03\/logofargabakgr_gra_nettsida.png","type":"image\/png"}],"twitter_card":"summary_large_image","twitter_misc":{"Ansl. lesetid":"3 minutter"},"schema":{"@context":"https:\/\/schema.org","@graph":[{"@type":"WebPage","@id":"https:\/\/beta.bibliotekutvikling.no\/formidlingskompetanse\/om-prosjektet\/","url":"https:\/\/beta.bibliotekutvikling.no\/formidlingskompetanse\/om-prosjektet\/","name":"Om prosjektet - Bibliotekutvikling | Formidlingskompetanse i folkebibliotek","isPartOf":{"@id":"https:\/\/beta.bibliotekutvikling.no\/formidlingskompetanse\/#website"},"primaryImageOfPage":{"@id":"https:\/\/beta.bibliotekutvikling.no\/formidlingskompetanse\/om-prosjektet\/#primaryimage"},"image":{"@id":"https:\/\/beta.bibliotekutvikling.no\/formidlingskompetanse\/om-prosjektet\/#primaryimage"},"thumbnailUrl":"https:\/\/beta.bibliotekutvikling.no\/content\/uploads\/sites\/23\/2022\/03\/logofargabakgr_gra_nettsida.png","datePublished":"2021-04-19T11:12:51+00:00","dateModified":"2023-08-11T14:25:02+00:00","breadcrumb":{"@id":"https:\/\/beta.bibliotekutvikling.no\/formidlingskompetanse\/om-prosjektet\/#breadcrumb"},"inLanguage":"nb-NO","potentialAction":[{"@type":"ReadAction","target":["https:\/\/beta.bibliotekutvikling.no\/formidlingskompetanse\/om-prosjektet\/"]}]},{"@type":"ImageObject","inLanguage":"nb-NO","@id":"https:\/\/beta.bibliotekutvikling.no\/formidlingskompetanse\/om-prosjektet\/#primaryimage","url":"https:\/\/beta.bibliotekutvikling.no\/content\/uploads\/sites\/23\/2022\/03\/logofargabakgr_gra_nettsida.png","contentUrl":"https:\/\/beta.bibliotekutvikling.no\/content\/uploads\/sites\/23\/2022\/03\/logofargabakgr_gra_nettsida.png","width":768,"height":439},{"@type":"BreadcrumbList","@id":"https:\/\/beta.bibliotekutvikling.no\/formidlingskompetanse\/om-prosjektet\/#breadcrumb","itemListElement":[{"@type":"ListItem","position":1,"name":"Hjem","item":"https:\/\/beta.bibliotekutvikling.no\/formidlingskompetanse\/"},{"@type":"ListItem","position":2,"name":"Om prosjektet"}]},{"@type":"WebSite","@id":"https:\/\/beta.bibliotekutvikling.no\/formidlingskompetanse\/#website","url":"https:\/\/beta.bibliotekutvikling.no\/formidlingskompetanse\/","name":"Bibliotekutvikling | Formidlingskompetanse i folkebibliotek","description":"","publisher":{"@id":"https:\/\/beta.bibliotekutvikling.no\/formidlingskompetanse\/#organization"},"potentialAction":[{"@type":"SearchAction","target":{"@type":"EntryPoint","urlTemplate":"https:\/\/beta.bibliotekutvikling.no\/formidlingskompetanse\/?s={search_term_string}"},"query-input":{"@type":"PropertyValueSpecification","valueRequired":true,"valueName":"search_term_string"}}],"inLanguage":"nb-NO"},{"@type":"Organization","@id":"https:\/\/beta.bibliotekutvikling.no\/formidlingskompetanse\/#organization","name":"Bibliotekutvikling | Formidlingskompetanse i folkebibliotek","url":"https:\/\/beta.bibliotekutvikling.no\/formidlingskompetanse\/","logo":{"@type":"ImageObject","inLanguage":"nb-NO","@id":"https:\/\/beta.bibliotekutvikling.no\/formidlingskompetanse\/#\/schema\/logo\/image\/","url":"https:\/\/beta.bibliotekutvikling.no\/content\/uploads\/sites\/23\/2022\/03\/cropped-Asset-3.png","contentUrl":"https:\/\/beta.bibliotekutvikling.no\/content\/uploads\/sites\/23\/2022\/03\/cropped-Asset-3.png","width":1015,"height":604,"caption":"Bibliotekutvikling | Formidlingskompetanse i folkebibliotek"},"image":{"@id":"https:\/\/beta.bibliotekutvikling.no\/formidlingskompetanse\/#\/schema\/logo\/image\/"}}]}},"_links":{"self":[{"href":"https:\/\/beta.bibliotekutvikling.no\/formidlingskompetanse\/wp-json\/wp\/v2\/pages\/8","targetHints":{"allow":["GET"]}}],"collection":[{"href":"https:\/\/beta.bibliotekutvikling.no\/formidlingskompetanse\/wp-json\/wp\/v2\/pages"}],"about":[{"href":"https:\/\/beta.bibliotekutvikling.no\/formidlingskompetanse\/wp-json\/wp\/v2\/types\/page"}],"author":[{"embeddable":true,"href":"https:\/\/beta.bibliotekutvikling.no\/formidlingskompetanse\/wp-json\/wp\/v2\/users\/52"}],"replies":[{"embeddable":true,"href":"https:\/\/beta.bibliotekutvikling.no\/formidlingskompetanse\/wp-json\/wp\/v2\/comments?post=8"}],"version-history":[{"count":5,"href":"https:\/\/beta.bibliotekutvikling.no\/formidlingskompetanse\/wp-json\/wp\/v2\/pages\/8\/revisions"}],"predecessor-version":[{"id":992,"href":"https:\/\/beta.bibliotekutvikling.no\/formidlingskompetanse\/wp-json\/wp\/v2\/pages\/8\/revisions\/992"}],"wp:featuredmedia":[{"embeddable":true,"href":"https:\/\/beta.bibliotekutvikling.no\/formidlingskompetanse\/wp-json\/wp\/v2\/media\/470"}],"wp:attachment":[{"href":"https:\/\/beta.bibliotekutvikling.no\/formidlingskompetanse\/wp-json\/wp\/v2\/media?parent=8"}],"curies":[{"name":"wp","href":"https:\/\/api.w.org\/{rel}","templated":true}]}}