{"id":10314,"date":"2023-03-01T10:31:12","date_gmt":"2023-03-01T09:31:12","guid":{"rendered":"https:\/\/bibliotekutvikling.no\/?post_type=event&#038;p=10314"},"modified":"2023-09-18T13:52:53","modified_gmt":"2023-09-18T11:52:53","slug":"bokdager-var-2023-voksenboker","status":"publish","type":"event","link":"https:\/\/beta.bibliotekutvikling.no\/kompetansebank\/event\/bokdager-var-2023-voksenboker\/","title":{"rendered":"Bokdager v\u00e5r 2023- voksenb\u00f8ker"},"content":{"rendered":"\n<p>I samarbeid med forlagene inviterer Biblioteksentralen ansatte i bibliotek til to dager om v\u00e5rens nye b\u00f8ker. Onsdag 29. mars er det nye utgivelser for voksne som presenteres.<\/p>\n\n\n\n<p>Bokdager v\u00e5ren 2023 arrangeres fysisk og digitalt. Husk \u00e5 melde deg p\u00e5 rett arrangement.<\/p>\n\n\n\n<p>Voksenbokdagen passer for alle som formidler b\u00f8ker eller har ansvar for samlingsutvikling i folkebibliotek og videreg\u00e5ende skole, og har f\u00f8lgende innhold:<\/p>\n\n\n\n<ul class=\"wp-block-list\">\n<li>Forlagene presenterer v\u00e5rlistene sine.<\/li>\n\n\n\n<li>Enkelte av forlagene tar med seg forfattere som er aktuelle med b\u00f8ker.<\/li>\n\n\n\n<li>Det serveres en deilig lunsj (kun det fysiske arrangementet)<\/li>\n\n\n\n<li>Det deles ut goodiebags til alle som kommer (kun det fysiske arrangementet)<\/li>\n<\/ul>\n","protected":false},"author":6868,"featured_media":10317,"menu_order":0,"template":"","meta":{"nb_hide_title":false,"event_tba_datetime":false,"event_all_day":false,"event_tba_start_time":false,"event_start_datetime":"2023-03-29T08:30:00","event_end_datetime":"2023-03-29T15:30:00","event_venue_id":"10319","event_ticket_vendor_url":"https:\/\/www.bibliotekeneshus.no\/arrangementer\/bokdager-varen-2023-voksenboker\/","event_ticket_price_text":"Meld deg p\u00e5 digitalt eller fysisk arrangement","event_ticket_button_text":"","event_ticket_details_text":"gratis","event_attendance_mode":"online_and_offline","event_short_description":"I samarbeid med forlagene inviterer Biblioteksentralen ansatte i bibliotek til to dager om v\u00e5rens nye b\u00f8ker. ","event_virtual_venue_name":"","event_virtual_venue_url":"https:\/\/www.bibliotekeneshus.no\/arrangementer\/bokdager-varen-2023-voksenboker\/","event_hide_from_archive":false,"event_infoscreen_place_name":"","event_hide_from_infoscreen":false,"single_header_image_is_disabled":false,"single_header_image_attachment_id":0,"single_header_image_attachment_url":""},"event-group":[],"event-type":[],"tag":[],"class_list":["post-10314","event","type-event","status-publish","has-post-thumbnail","hentry"],"yoast_head":"<!-- This site is optimized with the Yoast SEO Premium plugin v27.1 (Yoast SEO v27.1.1) - https:\/\/yoast.com\/product\/yoast-seo-premium-wordpress\/ -->\n<title>Bokdager v\u00e5r 2023- voksenb\u00f8ker - Kompetansebank<\/title>\n<meta name=\"robots\" content=\"index, follow, max-snippet:-1, max-image-preview:large, max-video-preview:-1\" \/>\n<link rel=\"canonical\" href=\"https:\/\/beta.bibliotekutvikling.no\/kompetansebank\/event\/bokdager-var-2023-voksenboker\/\" \/>\n<meta property=\"og:locale\" content=\"nb_NO\" \/>\n<meta property=\"og:type\" content=\"article\" \/>\n<meta property=\"og:title\" content=\"Bokdager v\u00e5r 2023- voksenb\u00f8ker\" \/>\n<meta property=\"og:url\" content=\"https:\/\/beta.bibliotekutvikling.no\/kompetansebank\/event\/bokdager-var-2023-voksenboker\/\" \/>\n<meta property=\"og:site_name\" content=\"Kompetansebank\" \/>\n<meta property=\"article:publisher\" content=\"https:\/\/www.facebook.com\/bibliotekutvikling\" \/>\n<meta property=\"article:modified_time\" content=\"2023-09-18T11:52:53+00:00\" \/>\n<meta name=\"twitter:card\" content=\"summary_large_image\" \/>\n<meta name=\"twitter:label1\" content=\"Ansl. lesetid\" \/>\n\t<meta name=\"twitter:data1\" content=\"1 minutt\" \/>\n<script type=\"application\/ld+json\" class=\"yoast-schema-graph\">{\"@context\":\"https:\/\/schema.org\",\"@graph\":[{\"@type\":\"WebPage\",\"@id\":\"https:\/\/beta.bibliotekutvikling.no\/kompetansebank\/event\/bokdager-var-2023-voksenboker\/\",\"url\":\"https:\/\/beta.bibliotekutvikling.no\/kompetansebank\/event\/bokdager-var-2023-voksenboker\/\",\"name\":\"Bokdager v\u00e5r 2023- voksenb\u00f8ker - Kompetansebank\",\"isPartOf\":{\"@id\":\"https:\/\/beta.bibliotekutvikling.no\/kompetansebank\/#website\"},\"primaryImageOfPage\":{\"@id\":\"https:\/\/beta.bibliotekutvikling.no\/kompetansebank\/event\/bokdager-var-2023-voksenboker\/#primaryimage\"},\"image\":{\"@id\":\"https:\/\/beta.bibliotekutvikling.no\/kompetansebank\/event\/bokdager-var-2023-voksenboker\/#primaryimage\"},\"thumbnailUrl\":\"\",\"datePublished\":\"2023-03-01T09:31:12+00:00\",\"dateModified\":\"2023-09-18T11:52:53+00:00\",\"breadcrumb\":{\"@id\":\"https:\/\/beta.bibliotekutvikling.no\/kompetansebank\/event\/bokdager-var-2023-voksenboker\/#breadcrumb\"},\"inLanguage\":\"nb-NO\",\"potentialAction\":[{\"@type\":\"ReadAction\",\"target\":[\"https:\/\/beta.bibliotekutvikling.no\/kompetansebank\/event\/bokdager-var-2023-voksenboker\/\"]}]},{\"@type\":\"ImageObject\",\"inLanguage\":\"nb-NO\",\"@id\":\"https:\/\/beta.bibliotekutvikling.no\/kompetansebank\/event\/bokdager-var-2023-voksenboker\/#primaryimage\",\"url\":\"\",\"contentUrl\":\"\"},{\"@type\":\"BreadcrumbList\",\"@id\":\"https:\/\/beta.bibliotekutvikling.no\/kompetansebank\/event\/bokdager-var-2023-voksenboker\/#breadcrumb\",\"itemListElement\":[{\"@type\":\"ListItem\",\"position\":1,\"name\":\"Hjem\",\"item\":\"https:\/\/beta.bibliotekutvikling.no\/kompetansebank\/\"},{\"@type\":\"ListItem\",\"position\":2,\"name\":\"Bokdager v\u00e5r 2023- voksenb\u00f8ker\"}]},{\"@type\":\"WebSite\",\"@id\":\"https:\/\/beta.bibliotekutvikling.no\/kompetansebank\/#website\",\"url\":\"https:\/\/beta.bibliotekutvikling.no\/kompetansebank\/\",\"name\":\"Kompetansebank\",\"description\":\"kurs og kunnskap for bibliotekansatte\",\"publisher\":{\"@id\":\"https:\/\/beta.bibliotekutvikling.no\/kompetansebank\/#organization\"},\"potentialAction\":[{\"@type\":\"SearchAction\",\"target\":{\"@type\":\"EntryPoint\",\"urlTemplate\":\"https:\/\/beta.bibliotekutvikling.no\/kompetansebank\/?s={search_term_string}\"},\"query-input\":{\"@type\":\"PropertyValueSpecification\",\"valueRequired\":true,\"valueName\":\"search_term_string\"}}],\"inLanguage\":\"nb-NO\"},{\"@type\":\"Organization\",\"@id\":\"https:\/\/beta.bibliotekutvikling.no\/kompetansebank\/#organization\",\"name\":\"Bibliotekutvikling\",\"url\":\"https:\/\/beta.bibliotekutvikling.no\/kompetansebank\/\",\"logo\":{\"@type\":\"ImageObject\",\"inLanguage\":\"nb-NO\",\"@id\":\"https:\/\/beta.bibliotekutvikling.no\/kompetansebank\/#\/schema\/logo\/image\/\",\"url\":\"https:\/\/bibliotekutvikling.no\/content\/uploads\/sites\/24\/2023\/10\/Favikon-BU.png\",\"contentUrl\":\"https:\/\/bibliotekutvikling.no\/content\/uploads\/sites\/24\/2023\/10\/Favikon-BU.png\",\"width\":1055,\"height\":1054,\"caption\":\"Bibliotekutvikling\"},\"image\":{\"@id\":\"https:\/\/beta.bibliotekutvikling.no\/kompetansebank\/#\/schema\/logo\/image\/\"},\"sameAs\":[\"https:\/\/www.facebook.com\/bibliotekutvikling\"]},{\"@type\":\"Event\",\"name\":\"Bokdager v\u00e5r 2023- voksenb\u00f8ker\",\"description\":\"I samarbeid med forlagene inviterer Biblioteksentralen ansatte i bibliotek til to dager om v\u00e5rens nye b\u00f8ker. \",\"startDate\":\"2023-03-29T08:30:00+02:00\",\"endDate\":\"2023-03-29T15:30:00+02:00\",\"eventStatus\":\"EventScheduled\",\"eventAttendanceMode\":\"MixedEventAttendanceMode\",\"location\":[[],{\"@type\":\"Place\",\"name\":\"Bibliotekenes hus\",\"address\":{\"@type\":\"PostalAddress\",\"addressCountry\":\"NO\",\"addressRegion\":\"Oslo\",\"addressLocality\":\"Oslo\",\"postalCode\":\"0582\",\"streetAddress\":\" Alf Bjerckes vei 20 \"}}],\"image\":[]}]}<\/script>\n<!-- \/ Yoast SEO Premium plugin. -->","yoast_head_json":{"title":"Bokdager v\u00e5r 2023- voksenb\u00f8ker - Kompetansebank","robots":{"index":"index","follow":"follow","max-snippet":"max-snippet:-1","max-image-preview":"max-image-preview:large","max-video-preview":"max-video-preview:-1"},"canonical":"https:\/\/beta.bibliotekutvikling.no\/kompetansebank\/event\/bokdager-var-2023-voksenboker\/","og_locale":"nb_NO","og_type":"article","og_title":"Bokdager v\u00e5r 2023- voksenb\u00f8ker","og_url":"https:\/\/beta.bibliotekutvikling.no\/kompetansebank\/event\/bokdager-var-2023-voksenboker\/","og_site_name":"Kompetansebank","article_publisher":"https:\/\/www.facebook.com\/bibliotekutvikling","article_modified_time":"2023-09-18T11:52:53+00:00","twitter_card":"summary_large_image","twitter_misc":{"Ansl. lesetid":"1 minutt"},"schema":{"@context":"https:\/\/schema.org","@graph":[{"@type":"WebPage","@id":"https:\/\/beta.bibliotekutvikling.no\/kompetansebank\/event\/bokdager-var-2023-voksenboker\/","url":"https:\/\/beta.bibliotekutvikling.no\/kompetansebank\/event\/bokdager-var-2023-voksenboker\/","name":"Bokdager v\u00e5r 2023- voksenb\u00f8ker - Kompetansebank","isPartOf":{"@id":"https:\/\/beta.bibliotekutvikling.no\/kompetansebank\/#website"},"primaryImageOfPage":{"@id":"https:\/\/beta.bibliotekutvikling.no\/kompetansebank\/event\/bokdager-var-2023-voksenboker\/#primaryimage"},"image":{"@id":"https:\/\/beta.bibliotekutvikling.no\/kompetansebank\/event\/bokdager-var-2023-voksenboker\/#primaryimage"},"thumbnailUrl":"","datePublished":"2023-03-01T09:31:12+00:00","dateModified":"2023-09-18T11:52:53+00:00","breadcrumb":{"@id":"https:\/\/beta.bibliotekutvikling.no\/kompetansebank\/event\/bokdager-var-2023-voksenboker\/#breadcrumb"},"inLanguage":"nb-NO","potentialAction":[{"@type":"ReadAction","target":["https:\/\/beta.bibliotekutvikling.no\/kompetansebank\/event\/bokdager-var-2023-voksenboker\/"]}]},{"@type":"ImageObject","inLanguage":"nb-NO","@id":"https:\/\/beta.bibliotekutvikling.no\/kompetansebank\/event\/bokdager-var-2023-voksenboker\/#primaryimage","url":"","contentUrl":""},{"@type":"BreadcrumbList","@id":"https:\/\/beta.bibliotekutvikling.no\/kompetansebank\/event\/bokdager-var-2023-voksenboker\/#breadcrumb","itemListElement":[{"@type":"ListItem","position":1,"name":"Hjem","item":"https:\/\/beta.bibliotekutvikling.no\/kompetansebank\/"},{"@type":"ListItem","position":2,"name":"Bokdager v\u00e5r 2023- voksenb\u00f8ker"}]},{"@type":"WebSite","@id":"https:\/\/beta.bibliotekutvikling.no\/kompetansebank\/#website","url":"https:\/\/beta.bibliotekutvikling.no\/kompetansebank\/","name":"Kompetansebank","description":"kurs og kunnskap for bibliotekansatte","publisher":{"@id":"https:\/\/beta.bibliotekutvikling.no\/kompetansebank\/#organization"},"potentialAction":[{"@type":"SearchAction","target":{"@type":"EntryPoint","urlTemplate":"https:\/\/beta.bibliotekutvikling.no\/kompetansebank\/?s={search_term_string}"},"query-input":{"@type":"PropertyValueSpecification","valueRequired":true,"valueName":"search_term_string"}}],"inLanguage":"nb-NO"},{"@type":"Organization","@id":"https:\/\/beta.bibliotekutvikling.no\/kompetansebank\/#organization","name":"Bibliotekutvikling","url":"https:\/\/beta.bibliotekutvikling.no\/kompetansebank\/","logo":{"@type":"ImageObject","inLanguage":"nb-NO","@id":"https:\/\/beta.bibliotekutvikling.no\/kompetansebank\/#\/schema\/logo\/image\/","url":"https:\/\/bibliotekutvikling.no\/content\/uploads\/sites\/24\/2023\/10\/Favikon-BU.png","contentUrl":"https:\/\/bibliotekutvikling.no\/content\/uploads\/sites\/24\/2023\/10\/Favikon-BU.png","width":1055,"height":1054,"caption":"Bibliotekutvikling"},"image":{"@id":"https:\/\/beta.bibliotekutvikling.no\/kompetansebank\/#\/schema\/logo\/image\/"},"sameAs":["https:\/\/www.facebook.com\/bibliotekutvikling"]},{"@type":"Event","name":"Bokdager v\u00e5r 2023- voksenb\u00f8ker","description":"I samarbeid med forlagene inviterer Biblioteksentralen ansatte i bibliotek til to dager om v\u00e5rens nye b\u00f8ker. ","startDate":"2023-03-29T08:30:00+02:00","endDate":"2023-03-29T15:30:00+02:00","eventStatus":"EventScheduled","eventAttendanceMode":"MixedEventAttendanceMode","location":[[],{"@type":"Place","name":"Bibliotekenes hus","address":{"@type":"PostalAddress","addressCountry":"NO","addressRegion":"Oslo","addressLocality":"Oslo","postalCode":"0582","streetAddress":" Alf Bjerckes vei 20 "}}],"image":[]}]}},"_links":{"self":[{"href":"https:\/\/beta.bibliotekutvikling.no\/kompetansebank\/wp-json\/wp\/v2\/event\/10314","targetHints":{"allow":["GET"]}}],"collection":[{"href":"https:\/\/beta.bibliotekutvikling.no\/kompetansebank\/wp-json\/wp\/v2\/event"}],"about":[{"href":"https:\/\/beta.bibliotekutvikling.no\/kompetansebank\/wp-json\/wp\/v2\/types\/event"}],"author":[{"embeddable":true,"href":"https:\/\/beta.bibliotekutvikling.no\/kompetansebank\/wp-json\/wp\/v2\/users\/6868"}],"wp:featuredmedia":[{"embeddable":true,"href":"https:\/\/beta.bibliotekutvikling.no\/kompetansebank\/wp-json\/"}],"wp:attachment":[{"href":"https:\/\/beta.bibliotekutvikling.no\/kompetansebank\/wp-json\/wp\/v2\/media?parent=10314"}],"wp:term":[{"taxonomy":"event-group","embeddable":true,"href":"https:\/\/beta.bibliotekutvikling.no\/kompetansebank\/wp-json\/wp\/v2\/event-group?post=10314"},{"taxonomy":"event-type","embeddable":true,"href":"https:\/\/beta.bibliotekutvikling.no\/kompetansebank\/wp-json\/wp\/v2\/event-type?post=10314"},{"taxonomy":"tag","embeddable":true,"href":"https:\/\/beta.bibliotekutvikling.no\/kompetansebank\/wp-json\/wp\/v2\/tag?post=10314"}],"curies":[{"name":"wp","href":"https:\/\/api.w.org\/{rel}","templated":true}]}}

Bokdager vår 2023- voksenbøker

<p>I samarbeid med forlagene inviterer Biblioteksentralen ansatte i bibliotek til to dager om vårens nye bøker. Onsdag 29. mars er det nye utgivelser for voksne som presenteres.</p>



<p>Bokdager våren 2023 arrangeres fysisk og digitalt. Husk å melde deg på rett arrangement.</p>



<p>Voksenbokdagen passer for alle som formidler bøker eller har ansvar for samlingsutvikling i folkebibliotek og videregående skole, og har følgende innhold:</p>



<ul class="wp-block-list">
<li>Forlagene presenterer vårlistene sine.</li>



<li>Enkelte av forlagene tar med seg forfattere som er aktuelle med bøker.</li>



<li>Det serveres en deilig lunsj (kun det fysiske arrangementet)</li>



<li>Det deles ut goodiebags til alle som kommer (kun det fysiske arrangementet)</li>
</ul>

Meld deg på digitalt eller fysisk arrangement

I samarbeid med forlagene inviterer Biblioteksentralen ansatte i bibliotek til to dager om vårens nye bøker.

<!-- This site is optimized with the Yoast SEO Premium plugin v27.1 (Yoast SEO v27.1.1) - https://yoast.com/product/yoast-seo-premium-wordpress/ -->
<title>Bokdager vår 2023- voksenbøker - Kompetansebank</title>
<meta name="robots" content="index, follow, max-snippet:-1, max-image-preview:large, max-video-preview:-1" />
<link rel="canonical" href="https://beta.bibliotekutvikling.no/kompetansebank/event/bokdager-var-2023-voksenboker/" />
<meta property="og:locale" content="nb_NO" />
<meta property="og:type" content="article" />
<meta property="og:title" content="Bokdager vår 2023- voksenbøker" />
<meta property="og:url" content="https://beta.bibliotekutvikling.no/kompetansebank/event/bokdager-var-2023-voksenboker/" />
<meta property="og:site_name" content="Kompetansebank" />
<meta property="article:publisher" content="https://www.facebook.com/bibliotekutvikling" />
<meta property="article:modified_time" content="2023-09-18T11:52:53+00:00" />
<meta name="twitter:card" content="summary_large_image" />
<meta name="twitter:label1" content="Ansl. lesetid" />
	<meta name="twitter:data1" content="1 minutt" />
<script type="application/ld+json" class="yoast-schema-graph">{"@context":"https://schema.org","@graph":[{"@type":"WebPage","@id":"https://beta.bibliotekutvikling.no/kompetansebank/event/bokdager-var-2023-voksenboker/","url":"https://beta.bibliotekutvikling.no/kompetansebank/event/bokdager-var-2023-voksenboker/","name":"Bokdager vår 2023- voksenbøker - Kompetansebank","isPartOf":{"@id":"https://beta.bibliotekutvikling.no/kompetansebank/#website"},"primaryImageOfPage":{"@id":"https://beta.bibliotekutvikling.no/kompetansebank/event/bokdager-var-2023-voksenboker/#primaryimage"},"image":{"@id":"https://beta.bibliotekutvikling.no/kompetansebank/event/bokdager-var-2023-voksenboker/#primaryimage"},"thumbnailUrl":"","datePublished":"2023-03-01T09:31:12+00:00","dateModified":"2023-09-18T11:52:53+00:00","breadcrumb":{"@id":"https://beta.bibliotekutvikling.no/kompetansebank/event/bokdager-var-2023-voksenboker/#breadcrumb"},"inLanguage":"nb-NO","potentialAction":[{"@type":"ReadAction","target":["https://beta.bibliotekutvikling.no/kompetansebank/event/bokdager-var-2023-voksenboker/"]}]},{"@type":"ImageObject","inLanguage":"nb-NO","@id":"https://beta.bibliotekutvikling.no/kompetansebank/event/bokdager-var-2023-voksenboker/#primaryimage","url":"","contentUrl":""},{"@type":"BreadcrumbList","@id":"https://beta.bibliotekutvikling.no/kompetansebank/event/bokdager-var-2023-voksenboker/#breadcrumb","itemListElement":[{"@type":"ListItem","position":1,"name":"Hjem","item":"https://beta.bibliotekutvikling.no/kompetansebank/"},{"@type":"ListItem","position":2,"name":"Bokdager vår 2023- voksenbøker"}]},{"@type":"WebSite","@id":"https://beta.bibliotekutvikling.no/kompetansebank/#website","url":"https://beta.bibliotekutvikling.no/kompetansebank/","name":"Kompetansebank","description":"kurs og kunnskap for bibliotekansatte","publisher":{"@id":"https://beta.bibliotekutvikling.no/kompetansebank/#organization"},"potentialAction":[{"@type":"SearchAction","target":{"@type":"EntryPoint","urlTemplate":"https://beta.bibliotekutvikling.no/kompetansebank/?s={search_term_string}"},"query-input":{"@type":"PropertyValueSpecification","valueRequired":true,"valueName":"search_term_string"}}],"inLanguage":"nb-NO"},{"@type":"Organization","@id":"https://beta.bibliotekutvikling.no/kompetansebank/#organization","name":"Bibliotekutvikling","url":"https://beta.bibliotekutvikling.no/kompetansebank/","logo":{"@type":"ImageObject","inLanguage":"nb-NO","@id":"https://beta.bibliotekutvikling.no/kompetansebank/#/schema/logo/image/","url":"https://bibliotekutvikling.no/content/uploads/sites/24/2023/10/Favikon-BU.png","contentUrl":"https://bibliotekutvikling.no/content/uploads/sites/24/2023/10/Favikon-BU.png","width":1055,"height":1054,"caption":"Bibliotekutvikling"},"image":{"@id":"https://beta.bibliotekutvikling.no/kompetansebank/#/schema/logo/image/"},"sameAs":["https://www.facebook.com/bibliotekutvikling"]},{"@type":"Event","name":"Bokdager vår 2023- voksenbøker","description":"I samarbeid med forlagene inviterer Biblioteksentralen ansatte i bibliotek til to dager om vårens nye bøker. ","startDate":"2023-03-29T08:30:00+02:00","endDate":"2023-03-29T15:30:00+02:00","eventStatus":"EventScheduled","eventAttendanceMode":"MixedEventAttendanceMode","location":[[],{"@type":"Place","name":"Bibliotekenes hus","address":{"@type":"PostalAddress","addressCountry":"NO","addressRegion":"Oslo","addressLocality":"Oslo","postalCode":"0582","streetAddress":" Alf Bjerckes vei 20 "}}],"image":[]}]}</script>
<!-- / Yoast SEO Premium plugin. -->

Bokdager vår 2023- voksenbøker - Kompetansebank
