{"id":69,"date":"2023-04-17T10:41:55","date_gmt":"2023-04-17T08:41:55","guid":{"rendered":"https:\/\/bibliotekutvikling.no\/kompetansebank\/?page_id=69"},"modified":"2025-06-03T13:15:56","modified_gmt":"2025-06-03T11:15:56","slug":"om-kompetansebanken","status":"publish","type":"page","link":"https:\/\/beta.bibliotekutvikling.no\/kompetansebank\/om-kompetansebanken\/","title":{"rendered":"Om kompetansebanken"},"content":{"rendered":"\n<p>Kompetansebanken samlar kurs, videoar, arrangement og ressursar som rettar seg til deg som jobbar i bibliotek og som vil auke kunnskapen din \u2013 b\u00e5de for di eiga del, og for \u00e5 hjelpe brukarane du m\u00f8ter i kvardagen. <\/p>\n\n\n\n<h2 class=\"wp-block-heading has-text-align-center\" id=\"h-kven-star-bak\">Kven st\u00e5r bak?<\/h2>\n\n\n\n<p>Kompetansebanken er eit initiativ fr\u00e5 <a href=\"https:\/\/bibliotekutvikling.no\/formidlingskompetanse\/\">&laquo;Formidling i folkebibliotek&raquo;,<\/a> eit felles prosjekt blant alle fylkesbiblioteka i landet. Nasjonalbiblioteket st\u00e5r for plattform og tekniske utvikling, medan fylkesbibliotek og andre produserer og tilbyr innhaldet i plattforma. <\/p>\n\n\n\n<p>M\u00e5let er at vi har ein stad der vi deler kunnskap og gjer det enkelt \u00e5 finne inspirerande og relevante kompetansehevande tiltak. Innhaldet er kvalitetssikra av fylkesbiblioteka, og i stor grad initiert og produsert av dei. I tillegg deler Nasjonalbiblioteket ulike ressursar som er til nytte for bibliotektilsette. <\/p>\n\n\n\n<p>Plattforma er open for alle, men dersom du loggar deg inn kan du f\u00f8lgje progresjonen din i kursa. I tillegg kan det vere innhald som ligg bak innlogging grunna opphavsrett. <\/p>\n\n\n\n<p>Sit du p\u00e5 noko som andre kan l\u00e6re av? <a href=\"https:\/\/bibliotekutvikling.no\/kompetansebank\/send-inn-bidrag\/\">Send oss bidrag eller ein epost.<\/a><\/p>\n\n\n\n\t\t<div class=\"nb-kompetansebanken-facetwp-facets wp-block-nb-kompetansebanken-facetwp-facets\">\n\t\t\t<div class=\"nb-kompetansebanken-facetwp-facets-inner\">\n\t\t\t\t<label><span>S\u00f8k<\/span><div class=\"facetwp-facet facetwp-facet-content_search facetwp-type-search\" data-name=\"content_search\" data-type=\"search\"><\/div><\/label><label><span>Innhold<\/span><div class=\"facetwp-facet facetwp-facet-content_types facetwp-type-dropdown\" data-name=\"content_types\" data-type=\"dropdown\"><\/div><\/label><label><span>Tema<\/span><div class=\"facetwp-facet facetwp-facet-content_topic facetwp-type-dropdown\" data-name=\"content_topic\" data-type=\"dropdown\"><\/div><\/label>\n\t\t\t<\/div>\n\t\t<\/div>","protected":false},"excerpt":{"rendered":"","protected":false},"author":1,"featured_media":0,"parent":0,"menu_order":0,"comment_status":"closed","ping_status":"closed","template":"single-post","meta":{"nb_hide_title":false,"single_header_image_is_disabled":false,"single_header_image_attachment_id":0,"single_header_image_attachment_url":"","sub_navigation_option":"","sub_navigation_custom_items":[],"footnotes":""},"class_list":["post-69","page","type-page","status-publish","hentry"],"yoast_head":"<!-- This site is optimized with the Yoast SEO Premium plugin v27.1 (Yoast SEO v27.1.1) - https:\/\/yoast.com\/product\/yoast-seo-premium-wordpress\/ -->\n<title>Om kompetansebanken - Kompetansebank<\/title>\n<meta name=\"description\" content=\"Kompetansebanken inneholder nettkurs , l\u00e6ringsressurser, filmer og arrangementer til ansatte i bibliotek, laget av fagfolk.\" \/>\n<meta name=\"robots\" content=\"index, follow, max-snippet:-1, max-image-preview:large, max-video-preview:-1\" \/>\n<link rel=\"canonical\" href=\"https:\/\/beta.bibliotekutvikling.no\/kompetansebank\/om-kompetansebanken\/\" \/>\n<meta property=\"og:locale\" content=\"nb_NO\" \/>\n<meta property=\"og:type\" content=\"article\" \/>\n<meta property=\"og:title\" content=\"Om kompetansebanken\" \/>\n<meta property=\"og:description\" content=\"Kompetansebanken inneholder nettkurs , l\u00e6ringsressurser, filmer og arrangementer til ansatte i bibliotek, laget av fagfolk.\" \/>\n<meta property=\"og:url\" content=\"https:\/\/beta.bibliotekutvikling.no\/kompetansebank\/om-kompetansebanken\/\" \/>\n<meta property=\"og:site_name\" content=\"Kompetansebank\" \/>\n<meta property=\"article:publisher\" content=\"https:\/\/www.facebook.com\/bibliotekutvikling\" \/>\n<meta property=\"article:modified_time\" content=\"2025-06-03T11:15:56+00:00\" \/>\n<meta name=\"twitter:card\" content=\"summary_large_image\" \/>\n<meta name=\"twitter:label1\" content=\"Ansl. lesetid\" \/>\n\t<meta name=\"twitter:data1\" content=\"2 minutter\" \/>\n<script type=\"application\/ld+json\" class=\"yoast-schema-graph\">{\"@context\":\"https:\/\/schema.org\",\"@graph\":[{\"@type\":\"WebPage\",\"@id\":\"https:\/\/beta.bibliotekutvikling.no\/kompetansebank\/om-kompetansebanken\/\",\"url\":\"https:\/\/beta.bibliotekutvikling.no\/kompetansebank\/om-kompetansebanken\/\",\"name\":\"Om kompetansebanken - Kompetansebank\",\"isPartOf\":{\"@id\":\"https:\/\/beta.bibliotekutvikling.no\/kompetansebank\/#website\"},\"datePublished\":\"2023-04-17T08:41:55+00:00\",\"dateModified\":\"2025-06-03T11:15:56+00:00\",\"description\":\"Kompetansebanken inneholder nettkurs , l\u00e6ringsressurser, filmer og arrangementer til ansatte i bibliotek, laget av fagfolk.\",\"breadcrumb\":{\"@id\":\"https:\/\/beta.bibliotekutvikling.no\/kompetansebank\/om-kompetansebanken\/#breadcrumb\"},\"inLanguage\":\"nb-NO\",\"potentialAction\":[{\"@type\":\"ReadAction\",\"target\":[\"https:\/\/beta.bibliotekutvikling.no\/kompetansebank\/om-kompetansebanken\/\"]}]},{\"@type\":\"BreadcrumbList\",\"@id\":\"https:\/\/beta.bibliotekutvikling.no\/kompetansebank\/om-kompetansebanken\/#breadcrumb\",\"itemListElement\":[{\"@type\":\"ListItem\",\"position\":1,\"name\":\"Hjem\",\"item\":\"https:\/\/beta.bibliotekutvikling.no\/kompetansebank\/\"},{\"@type\":\"ListItem\",\"position\":2,\"name\":\"Om kompetansebanken\"}]},{\"@type\":\"WebSite\",\"@id\":\"https:\/\/beta.bibliotekutvikling.no\/kompetansebank\/#website\",\"url\":\"https:\/\/beta.bibliotekutvikling.no\/kompetansebank\/\",\"name\":\"Kompetansebank\",\"description\":\"kurs og kunnskap for bibliotekansatte\",\"publisher\":{\"@id\":\"https:\/\/beta.bibliotekutvikling.no\/kompetansebank\/#organization\"},\"potentialAction\":[{\"@type\":\"SearchAction\",\"target\":{\"@type\":\"EntryPoint\",\"urlTemplate\":\"https:\/\/beta.bibliotekutvikling.no\/kompetansebank\/?s={search_term_string}\"},\"query-input\":{\"@type\":\"PropertyValueSpecification\",\"valueRequired\":true,\"valueName\":\"search_term_string\"}}],\"inLanguage\":\"nb-NO\"},{\"@type\":\"Organization\",\"@id\":\"https:\/\/beta.bibliotekutvikling.no\/kompetansebank\/#organization\",\"name\":\"Bibliotekutvikling\",\"url\":\"https:\/\/beta.bibliotekutvikling.no\/kompetansebank\/\",\"logo\":{\"@type\":\"ImageObject\",\"inLanguage\":\"nb-NO\",\"@id\":\"https:\/\/beta.bibliotekutvikling.no\/kompetansebank\/#\/schema\/logo\/image\/\",\"url\":\"https:\/\/bibliotekutvikling.no\/content\/uploads\/sites\/24\/2023\/10\/Favikon-BU.png\",\"contentUrl\":\"https:\/\/bibliotekutvikling.no\/content\/uploads\/sites\/24\/2023\/10\/Favikon-BU.png\",\"width\":1055,\"height\":1054,\"caption\":\"Bibliotekutvikling\"},\"image\":{\"@id\":\"https:\/\/beta.bibliotekutvikling.no\/kompetansebank\/#\/schema\/logo\/image\/\"},\"sameAs\":[\"https:\/\/www.facebook.com\/bibliotekutvikling\"]}]}<\/script>\n<!-- \/ Yoast SEO Premium plugin. -->","yoast_head_json":{"title":"Om kompetansebanken - Kompetansebank","description":"Kompetansebanken inneholder nettkurs , l\u00e6ringsressurser, filmer og arrangementer til ansatte i bibliotek, laget av fagfolk.","robots":{"index":"index","follow":"follow","max-snippet":"max-snippet:-1","max-image-preview":"max-image-preview:large","max-video-preview":"max-video-preview:-1"},"canonical":"https:\/\/beta.bibliotekutvikling.no\/kompetansebank\/om-kompetansebanken\/","og_locale":"nb_NO","og_type":"article","og_title":"Om kompetansebanken","og_description":"Kompetansebanken inneholder nettkurs , l\u00e6ringsressurser, filmer og arrangementer til ansatte i bibliotek, laget av fagfolk.","og_url":"https:\/\/beta.bibliotekutvikling.no\/kompetansebank\/om-kompetansebanken\/","og_site_name":"Kompetansebank","article_publisher":"https:\/\/www.facebook.com\/bibliotekutvikling","article_modified_time":"2025-06-03T11:15:56+00:00","twitter_card":"summary_large_image","twitter_misc":{"Ansl. lesetid":"2 minutter"},"schema":{"@context":"https:\/\/schema.org","@graph":[{"@type":"WebPage","@id":"https:\/\/beta.bibliotekutvikling.no\/kompetansebank\/om-kompetansebanken\/","url":"https:\/\/beta.bibliotekutvikling.no\/kompetansebank\/om-kompetansebanken\/","name":"Om kompetansebanken - Kompetansebank","isPartOf":{"@id":"https:\/\/beta.bibliotekutvikling.no\/kompetansebank\/#website"},"datePublished":"2023-04-17T08:41:55+00:00","dateModified":"2025-06-03T11:15:56+00:00","description":"Kompetansebanken inneholder nettkurs , l\u00e6ringsressurser, filmer og arrangementer til ansatte i bibliotek, laget av fagfolk.","breadcrumb":{"@id":"https:\/\/beta.bibliotekutvikling.no\/kompetansebank\/om-kompetansebanken\/#breadcrumb"},"inLanguage":"nb-NO","potentialAction":[{"@type":"ReadAction","target":["https:\/\/beta.bibliotekutvikling.no\/kompetansebank\/om-kompetansebanken\/"]}]},{"@type":"BreadcrumbList","@id":"https:\/\/beta.bibliotekutvikling.no\/kompetansebank\/om-kompetansebanken\/#breadcrumb","itemListElement":[{"@type":"ListItem","position":1,"name":"Hjem","item":"https:\/\/beta.bibliotekutvikling.no\/kompetansebank\/"},{"@type":"ListItem","position":2,"name":"Om kompetansebanken"}]},{"@type":"WebSite","@id":"https:\/\/beta.bibliotekutvikling.no\/kompetansebank\/#website","url":"https:\/\/beta.bibliotekutvikling.no\/kompetansebank\/","name":"Kompetansebank","description":"kurs og kunnskap for bibliotekansatte","publisher":{"@id":"https:\/\/beta.bibliotekutvikling.no\/kompetansebank\/#organization"},"potentialAction":[{"@type":"SearchAction","target":{"@type":"EntryPoint","urlTemplate":"https:\/\/beta.bibliotekutvikling.no\/kompetansebank\/?s={search_term_string}"},"query-input":{"@type":"PropertyValueSpecification","valueRequired":true,"valueName":"search_term_string"}}],"inLanguage":"nb-NO"},{"@type":"Organization","@id":"https:\/\/beta.bibliotekutvikling.no\/kompetansebank\/#organization","name":"Bibliotekutvikling","url":"https:\/\/beta.bibliotekutvikling.no\/kompetansebank\/","logo":{"@type":"ImageObject","inLanguage":"nb-NO","@id":"https:\/\/beta.bibliotekutvikling.no\/kompetansebank\/#\/schema\/logo\/image\/","url":"https:\/\/bibliotekutvikling.no\/content\/uploads\/sites\/24\/2023\/10\/Favikon-BU.png","contentUrl":"https:\/\/bibliotekutvikling.no\/content\/uploads\/sites\/24\/2023\/10\/Favikon-BU.png","width":1055,"height":1054,"caption":"Bibliotekutvikling"},"image":{"@id":"https:\/\/beta.bibliotekutvikling.no\/kompetansebank\/#\/schema\/logo\/image\/"},"sameAs":["https:\/\/www.facebook.com\/bibliotekutvikling"]}]}},"_links":{"self":[{"href":"https:\/\/beta.bibliotekutvikling.no\/kompetansebank\/wp-json\/wp\/v2\/pages\/69","targetHints":{"allow":["GET"]}}],"collection":[{"href":"https:\/\/beta.bibliotekutvikling.no\/kompetansebank\/wp-json\/wp\/v2\/pages"}],"about":[{"href":"https:\/\/beta.bibliotekutvikling.no\/kompetansebank\/wp-json\/wp\/v2\/types\/page"}],"author":[{"embeddable":true,"href":"https:\/\/beta.bibliotekutvikling.no\/kompetansebank\/wp-json\/wp\/v2\/users\/1"}],"replies":[{"embeddable":true,"href":"https:\/\/beta.bibliotekutvikling.no\/kompetansebank\/wp-json\/wp\/v2\/comments?post=69"}],"version-history":[{"count":6,"href":"https:\/\/beta.bibliotekutvikling.no\/kompetansebank\/wp-json\/wp\/v2\/pages\/69\/revisions"}],"predecessor-version":[{"id":38461,"href":"https:\/\/beta.bibliotekutvikling.no\/kompetansebank\/wp-json\/wp\/v2\/pages\/69\/revisions\/38461"}],"wp:attachment":[{"href":"https:\/\/beta.bibliotekutvikling.no\/kompetansebank\/wp-json\/wp\/v2\/media?parent=69"}],"curies":[{"name":"wp","href":"https:\/\/api.w.org\/{rel}","templated":true}]}}