{"id":1538,"date":"2022-11-15T10:05:18","date_gmt":"2022-11-15T09:05:18","guid":{"rendered":"https:\/\/bibliotekutvikling.no\/kunnskapsorganisering\/?page_id=1538"},"modified":"2022-11-15T10:09:00","modified_gmt":"2022-11-15T09:09:00","slug":"a-lenke-til-egen-katalog-fra-norsk-webdewey","status":"publish","type":"page","link":"https:\/\/beta.bibliotekutvikling.no\/kunnskapsorganisering\/norsk-webdewey\/a-lenke-til-egen-katalog-fra-norsk-webdewey\/","title":{"rendered":"Hvordan lenke til katalog fra Norsk WebDewey"},"content":{"rendered":"\n<p id=\"h-det-er-mulig-lenke-fra-norsk-webdewey-til-en-katalog-for-se-hvordan-et-gitt-dewey-nummer-er-brukt-alle-brukere-av-norsk-webdewey-er-automatisk-lenket-til-nettbiblioteket-bokhylla-hos-nasjonalbiblioteket-brukere-kan-lenke-til-egen-eller-andres-katalog-p-denne-m-ten-under-innstillinger-lenke-til-katalog-innstillinger-finner-du-verst-til-h-yre-i-skjermbildet-trykk-p-det-lille-oransje-tegnet-for-legge-til-en-ny-katalog-skriv-inn-navnet-p-katalogen-i-feltet-til-venstre-og-lim-inn-adressen-til-katalogen-i-feltet-til-h-yre-eksempler-p-adresser-til-kataloger-f-med-likhetstegnet-og-kolonet-p-slutten-av-s-kestrengen-oriahttp-www-oria-no-vid-bibsys-sokeindeks-lsr10-search-biblioteks-khttps-bibsok-no-mode-vt-hpid-4138812-pubsok_kval_0-2fkl-pubsok_txt_0-bibliofilhttps-sandefjord-bib-no-cgi-bin-m2-mode-vt-hpid-1614674826-search-button-s-c3-b8k-pubsok_kval_0-2fkl-avgr_avd-aarfra-aartil-sortering-pubsok_txt_0-bytt-ut-sandefjord-bib-no-med-relevant-adresse-tidemannhttp-asp-bibliotekservice-no-lakselvvgs-doclist-aspx-fquery-kl-3d-bytt-ut-lakselvvgs-med-relevant-biblioteknavn-sjekk-med-systemleverand-r-hvis-usikker-mikromarchttp-websok-mikromarc-no-mikromarc3-ski-fb-search-aspx-sc-ft-lb-ft-mt-0-su-6483-dg-0-unit-6471-db-ski-fb-sw-kl-3d-bytt-ut-ski-fb-2-steder-med-relevant-bibliotekkode-samt-riktig-su-searchunit-og-unit-enhetstid-i-bibliotekets-database-be-eventuelt-egen-systemleverand-r-om-riktig-adresse-url\">Det er mulig \u00e5 lenke fra Norsk WebDewey til en katalog for \u00e5 se hvordan et gitt Dewey-nummer er brukt. Alle brukere av Norsk WebDewey er automatisk lenket til Nettbiblioteket (Bokhylla) hos Nasjonalbiblioteket. Brukere kan lenke til egen eller andres katalog p\u00e5 denne m\u00e5ten:<br><br>Under&nbsp;<strong>Innstillinger&nbsp; &#8211; Lenke til katalog&nbsp;<\/strong>(Innstillinger finner du \u00f8verst til h\u00f8yre i skjermbildet):<br><br>Trykk p\u00e5 det lille oransje&nbsp;<strong>+ tegnet&nbsp;<\/strong>for \u00e5 legge til en ny katalog.<br><br>Skriv inn navnet p\u00e5 katalogen i feltet til venstre, og lim inn adressen til katalogen i feltet til h\u00f8yre.<br><br>Eksempler p\u00e5 adresser til kataloger, f\u00e5 med likhetstegnet og kolonet p\u00e5 slutten av s\u00f8kestrengen:<br><br><strong>Oria<\/strong><br><a href=\"http:\/\/www.oria.no\/?vid=BIBSYS&amp;sokeindeks=lsr10&amp;search=\" target=\"_blank\" rel=\"noreferrer noopener\">http:\/\/www.oria.no\/?vid=BIBSYS&amp;sokeindeks=lsr10&amp;search=<\/a><br><br><strong>Biblioteks\u00f8k<\/strong><br><a href=\"https:\/\/bibsok.no\/?mode=vt&amp;hpid=4138812&amp;pubsok_kval_0=%2FKL&amp;pubsok_txt_0=\" target=\"_blank\" rel=\"noreferrer noopener\">https:\/\/bibsok.no\/?mode=vt&amp;hpid=4138812&amp;pubsok_kval_0=%2FKL&amp;pubsok_txt_0=<\/a><br><br><strong>Bibliofil<\/strong><br><a href=\"https:\/\/sandefjord.bib.no\/cgi-bin\/m2?mode=vt&amp;hpid=1614674826&amp;search-button=S%C3%B8k&amp;pubsok_kval_0=%2FKL&amp;avgr_avd=&amp;aarfra=&amp;aartil=&amp;sortering=&amp;pubsok_txt_0=\" target=\"_blank\" rel=\"noreferrer noopener\">https:\/\/sandefjord.bib.no\/cgi-bin\/m2?mode=vt&amp;hpid=1614674826&amp;search-button=S%C3%B8k&amp;pubsok_kval_0=%2FKL&amp;avgr_avd=&amp;aarfra=&amp;aartil=&amp;sortering=&amp;pubsok_txt_0=&nbsp;<\/a><br>Bytt ut \u00absandefjord.bib.no\u00bb med relevant adresse&nbsp;<br><br><strong>Tidemann<\/strong><br><a href=\"http:\/\/asp.bibliotekservice.no\/lakselvvgs\/doclist.aspx?fquery=kl%3d\" target=\"_blank\" rel=\"noreferrer noopener\">http:\/\/asp.bibliotekservice.no\/lakselvvgs\/doclist.aspx?fquery=kl%3d<\/a>&nbsp;<br>Bytt ut \u00ablakselvvgs\u00bb med relevant biblioteknavn (sjekk med systemleverand\u00f8r hvis usikker)<br><br><strong>Mikromarc<\/strong><br><a href=\"http:\/\/websok.mikromarc.no\/Mikromarc3\/ski-fb\/search.aspx?SC=FT&amp;LB=FT&amp;MT=0&amp;SU=6483&amp;DG=0&amp;Unit=6471&amp;db=ski-fb&amp;SW=KL+%3d\" target=\"_blank\" rel=\"noreferrer noopener\">http:\/\/websok.mikromarc.no\/Mikromarc3\/ski-fb\/search.aspx?SC=FT&amp;LB=FT&amp;MT=0&amp;SU=6483&amp;DG=0&amp;Unit=6471&amp;db=ski-fb&amp;SW=KL+%3d<\/a>+<br>Bytt ut \u201cski-fb\u201d (2 steder) med relevant bibliotekkode, samt riktig SU (searchunit) og Unit (enhetstid i bibliotekets database).<br><br>Be eventuelt egen systemleverand\u00f8r om riktig adresse (URL).<\/p>\n","protected":false},"excerpt":{"rendered":"","protected":false},"author":6868,"featured_media":0,"parent":290,"menu_order":0,"comment_status":"closed","ping_status":"closed","template":"","meta":{"nb_hide_title":false,"sub_navigation_option":"","sub_navigation_custom_items":null,"footnotes":""},"class_list":["post-1538","page","type-page","status-publish","hentry"],"yoast_head":"<!-- This site is optimized with the Yoast SEO Premium plugin v27.1 (Yoast SEO v27.1.1) - https:\/\/yoast.com\/product\/yoast-seo-premium-wordpress\/ -->\n<title>Hvordan lenke til katalog fra Norsk WebDewey - Kunnskapsorganisering<\/title>\n<meta name=\"robots\" content=\"index, follow, max-snippet:-1, max-image-preview:large, max-video-preview:-1\" \/>\n<link rel=\"canonical\" href=\"https:\/\/beta.bibliotekutvikling.no\/kunnskapsorganisering\/norsk-webdewey\/a-lenke-til-egen-katalog-fra-norsk-webdewey\/\" \/>\n<meta property=\"og:locale\" content=\"nb_NO\" \/>\n<meta property=\"og:type\" content=\"article\" \/>\n<meta property=\"og:title\" content=\"Hvordan lenke til katalog fra Norsk WebDewey\" \/>\n<meta property=\"og:url\" content=\"https:\/\/beta.bibliotekutvikling.no\/kunnskapsorganisering\/norsk-webdewey\/a-lenke-til-egen-katalog-fra-norsk-webdewey\/\" \/>\n<meta property=\"og:site_name\" content=\"Kunnskapsorganisering\" \/>\n<meta property=\"article:modified_time\" content=\"2022-11-15T09:09:00+00:00\" \/>\n<meta name=\"twitter:card\" content=\"summary_large_image\" \/>\n<meta name=\"twitter:label1\" content=\"Ansl. lesetid\" \/>\n\t<meta name=\"twitter:data1\" content=\"1 minutt\" \/>\n<script type=\"application\/ld+json\" class=\"yoast-schema-graph\">{\"@context\":\"https:\/\/schema.org\",\"@graph\":[{\"@type\":\"WebPage\",\"@id\":\"https:\/\/beta.bibliotekutvikling.no\/kunnskapsorganisering\/norsk-webdewey\/a-lenke-til-egen-katalog-fra-norsk-webdewey\/\",\"url\":\"https:\/\/beta.bibliotekutvikling.no\/kunnskapsorganisering\/norsk-webdewey\/a-lenke-til-egen-katalog-fra-norsk-webdewey\/\",\"name\":\"Hvordan lenke til katalog fra Norsk WebDewey - Kunnskapsorganisering\",\"isPartOf\":{\"@id\":\"https:\/\/beta.bibliotekutvikling.no\/kunnskapsorganisering\/#website\"},\"datePublished\":\"2022-11-15T09:05:18+00:00\",\"dateModified\":\"2022-11-15T09:09:00+00:00\",\"breadcrumb\":{\"@id\":\"https:\/\/beta.bibliotekutvikling.no\/kunnskapsorganisering\/norsk-webdewey\/a-lenke-til-egen-katalog-fra-norsk-webdewey\/#breadcrumb\"},\"inLanguage\":\"nb-NO\",\"potentialAction\":[{\"@type\":\"ReadAction\",\"target\":[\"https:\/\/beta.bibliotekutvikling.no\/kunnskapsorganisering\/norsk-webdewey\/a-lenke-til-egen-katalog-fra-norsk-webdewey\/\"]}]},{\"@type\":\"BreadcrumbList\",\"@id\":\"https:\/\/beta.bibliotekutvikling.no\/kunnskapsorganisering\/norsk-webdewey\/a-lenke-til-egen-katalog-fra-norsk-webdewey\/#breadcrumb\",\"itemListElement\":[{\"@type\":\"ListItem\",\"position\":1,\"name\":\"Home\",\"item\":\"https:\/\/beta.bibliotekutvikling.no\/kunnskapsorganisering\/\"},{\"@type\":\"ListItem\",\"position\":2,\"name\":\"Norsk WebDewey\",\"item\":\"https:\/\/beta.bibliotekutvikling.no\/kunnskapsorganisering\/norsk-webdewey\/\"},{\"@type\":\"ListItem\",\"position\":3,\"name\":\"Hvordan lenke til katalog fra Norsk WebDewey\"}]},{\"@type\":\"WebSite\",\"@id\":\"https:\/\/beta.bibliotekutvikling.no\/kunnskapsorganisering\/#website\",\"url\":\"https:\/\/beta.bibliotekutvikling.no\/kunnskapsorganisering\/\",\"name\":\"Kunnskapsorganisering\",\"description\":\"Ressurser i kunnskapsorganisering\",\"publisher\":{\"@id\":\"https:\/\/beta.bibliotekutvikling.no\/kunnskapsorganisering\/#organization\"},\"potentialAction\":[{\"@type\":\"SearchAction\",\"target\":{\"@type\":\"EntryPoint\",\"urlTemplate\":\"https:\/\/beta.bibliotekutvikling.no\/kunnskapsorganisering\/?s={search_term_string}\"},\"query-input\":{\"@type\":\"PropertyValueSpecification\",\"valueRequired\":true,\"valueName\":\"search_term_string\"}}],\"inLanguage\":\"nb-NO\"},{\"@type\":\"Organization\",\"@id\":\"https:\/\/beta.bibliotekutvikling.no\/kunnskapsorganisering\/#organization\",\"name\":\"Kunnskapsorganisering\",\"url\":\"https:\/\/beta.bibliotekutvikling.no\/kunnskapsorganisering\/\",\"logo\":{\"@type\":\"ImageObject\",\"inLanguage\":\"nb-NO\",\"@id\":\"https:\/\/beta.bibliotekutvikling.no\/kunnskapsorganisering\/#\/schema\/logo\/image\/\",\"url\":\"https:\/\/bibliotekutvikling.no\/content\/uploads\/sites\/8\/2024\/07\/MiniatyrBilde_logo.png\",\"contentUrl\":\"https:\/\/bibliotekutvikling.no\/content\/uploads\/sites\/8\/2024\/07\/MiniatyrBilde_logo.png\",\"width\":824,\"height\":744,\"caption\":\"Kunnskapsorganisering\"},\"image\":{\"@id\":\"https:\/\/beta.bibliotekutvikling.no\/kunnskapsorganisering\/#\/schema\/logo\/image\/\"}}]}<\/script>\n<!-- \/ Yoast SEO Premium plugin. -->","yoast_head_json":{"title":"Hvordan lenke til katalog fra Norsk WebDewey - Kunnskapsorganisering","robots":{"index":"index","follow":"follow","max-snippet":"max-snippet:-1","max-image-preview":"max-image-preview:large","max-video-preview":"max-video-preview:-1"},"canonical":"https:\/\/beta.bibliotekutvikling.no\/kunnskapsorganisering\/norsk-webdewey\/a-lenke-til-egen-katalog-fra-norsk-webdewey\/","og_locale":"nb_NO","og_type":"article","og_title":"Hvordan lenke til katalog fra Norsk WebDewey","og_url":"https:\/\/beta.bibliotekutvikling.no\/kunnskapsorganisering\/norsk-webdewey\/a-lenke-til-egen-katalog-fra-norsk-webdewey\/","og_site_name":"Kunnskapsorganisering","article_modified_time":"2022-11-15T09:09:00+00:00","twitter_card":"summary_large_image","twitter_misc":{"Ansl. lesetid":"1 minutt"},"schema":{"@context":"https:\/\/schema.org","@graph":[{"@type":"WebPage","@id":"https:\/\/beta.bibliotekutvikling.no\/kunnskapsorganisering\/norsk-webdewey\/a-lenke-til-egen-katalog-fra-norsk-webdewey\/","url":"https:\/\/beta.bibliotekutvikling.no\/kunnskapsorganisering\/norsk-webdewey\/a-lenke-til-egen-katalog-fra-norsk-webdewey\/","name":"Hvordan lenke til katalog fra Norsk WebDewey - Kunnskapsorganisering","isPartOf":{"@id":"https:\/\/beta.bibliotekutvikling.no\/kunnskapsorganisering\/#website"},"datePublished":"2022-11-15T09:05:18+00:00","dateModified":"2022-11-15T09:09:00+00:00","breadcrumb":{"@id":"https:\/\/beta.bibliotekutvikling.no\/kunnskapsorganisering\/norsk-webdewey\/a-lenke-til-egen-katalog-fra-norsk-webdewey\/#breadcrumb"},"inLanguage":"nb-NO","potentialAction":[{"@type":"ReadAction","target":["https:\/\/beta.bibliotekutvikling.no\/kunnskapsorganisering\/norsk-webdewey\/a-lenke-til-egen-katalog-fra-norsk-webdewey\/"]}]},{"@type":"BreadcrumbList","@id":"https:\/\/beta.bibliotekutvikling.no\/kunnskapsorganisering\/norsk-webdewey\/a-lenke-til-egen-katalog-fra-norsk-webdewey\/#breadcrumb","itemListElement":[{"@type":"ListItem","position":1,"name":"Home","item":"https:\/\/beta.bibliotekutvikling.no\/kunnskapsorganisering\/"},{"@type":"ListItem","position":2,"name":"Norsk WebDewey","item":"https:\/\/beta.bibliotekutvikling.no\/kunnskapsorganisering\/norsk-webdewey\/"},{"@type":"ListItem","position":3,"name":"Hvordan lenke til katalog fra Norsk WebDewey"}]},{"@type":"WebSite","@id":"https:\/\/beta.bibliotekutvikling.no\/kunnskapsorganisering\/#website","url":"https:\/\/beta.bibliotekutvikling.no\/kunnskapsorganisering\/","name":"Kunnskapsorganisering","description":"Ressurser i kunnskapsorganisering","publisher":{"@id":"https:\/\/beta.bibliotekutvikling.no\/kunnskapsorganisering\/#organization"},"potentialAction":[{"@type":"SearchAction","target":{"@type":"EntryPoint","urlTemplate":"https:\/\/beta.bibliotekutvikling.no\/kunnskapsorganisering\/?s={search_term_string}"},"query-input":{"@type":"PropertyValueSpecification","valueRequired":true,"valueName":"search_term_string"}}],"inLanguage":"nb-NO"},{"@type":"Organization","@id":"https:\/\/beta.bibliotekutvikling.no\/kunnskapsorganisering\/#organization","name":"Kunnskapsorganisering","url":"https:\/\/beta.bibliotekutvikling.no\/kunnskapsorganisering\/","logo":{"@type":"ImageObject","inLanguage":"nb-NO","@id":"https:\/\/beta.bibliotekutvikling.no\/kunnskapsorganisering\/#\/schema\/logo\/image\/","url":"https:\/\/bibliotekutvikling.no\/content\/uploads\/sites\/8\/2024\/07\/MiniatyrBilde_logo.png","contentUrl":"https:\/\/bibliotekutvikling.no\/content\/uploads\/sites\/8\/2024\/07\/MiniatyrBilde_logo.png","width":824,"height":744,"caption":"Kunnskapsorganisering"},"image":{"@id":"https:\/\/beta.bibliotekutvikling.no\/kunnskapsorganisering\/#\/schema\/logo\/image\/"}}]}},"_links":{"self":[{"href":"https:\/\/beta.bibliotekutvikling.no\/kunnskapsorganisering\/wp-json\/wp\/v2\/pages\/1538","targetHints":{"allow":["GET"]}}],"collection":[{"href":"https:\/\/beta.bibliotekutvikling.no\/kunnskapsorganisering\/wp-json\/wp\/v2\/pages"}],"about":[{"href":"https:\/\/beta.bibliotekutvikling.no\/kunnskapsorganisering\/wp-json\/wp\/v2\/types\/page"}],"author":[{"embeddable":true,"href":"https:\/\/beta.bibliotekutvikling.no\/kunnskapsorganisering\/wp-json\/wp\/v2\/users\/6868"}],"replies":[{"embeddable":true,"href":"https:\/\/beta.bibliotekutvikling.no\/kunnskapsorganisering\/wp-json\/wp\/v2\/comments?post=1538"}],"version-history":[{"count":2,"href":"https:\/\/beta.bibliotekutvikling.no\/kunnskapsorganisering\/wp-json\/wp\/v2\/pages\/1538\/revisions"}],"predecessor-version":[{"id":1544,"href":"https:\/\/beta.bibliotekutvikling.no\/kunnskapsorganisering\/wp-json\/wp\/v2\/pages\/1538\/revisions\/1544"}],"up":[{"embeddable":true,"href":"https:\/\/beta.bibliotekutvikling.no\/kunnskapsorganisering\/wp-json\/wp\/v2\/pages\/290"}],"wp:attachment":[{"href":"https:\/\/beta.bibliotekutvikling.no\/kunnskapsorganisering\/wp-json\/wp\/v2\/media?parent=1538"}],"curies":[{"name":"wp","href":"https:\/\/api.w.org\/{rel}","templated":true}]}}