{"id":270,"date":"2019-11-21T15:04:34","date_gmt":"2019-11-21T14:04:34","guid":{"rendered":"https:\/\/bibliotekutvikling.dev04.dekodes.no\/kunnskapsorganisering\/?page_id=270"},"modified":"2022-02-01T08:50:39","modified_gmt":"2022-02-01T07:50:39","slug":"hosting-av-nasjonalbibliografien-og-spesialbibliografien","status":"publish","type":"page","link":"https:\/\/beta.bibliotekutvikling.no\/kunnskapsorganisering\/metadata-fra-nasjonalbiblioteket\/hosting-av-nasjonalbibliografien-og-spesialbibliografien\/","title":{"rendered":"H\u00f8sting av Nasjonalbibliografien og spesialbibliografiene"},"content":{"rendered":"\n<p>Metadata for hele nasjonalbibliografien og flere spesialbibliografier kan h\u00f8stes fra Nasjonalbiblioteket via BIBSYS&nbsp;sin&nbsp;OAI-PMH-tjener. H\u00f8stingen utf\u00f8res per sett, og det er definert ett sett per&nbsp;bibliografi. Nasjonalbibliografien kan h\u00f8stes i sin helhet ved settet&nbsp;<em>nasjonalbibliografien<\/em>. I tillegg er det opprettet mindre sett for hver av delene av nasjonalbibliografien, slik at disse kan h\u00f8stes enkeltvis.<\/p>\n\n\n\n<p><strong>Merk:<\/strong>&nbsp;Det enkelte sett gir kun poster registrert i BIBSYS\/Alma, noe som ikke alltid representerer hele den tilsvarende bibliografien. Eksempel:&nbsp;<em>norper<\/em>&nbsp;ble registrert i plattformen TRIP til 1.3.2017. Etter denne dato registreres tilveksten i BIBSYS. Inntil videre vil derfor h\u00f8sting av settet&nbsp;<em>norper<\/em>&nbsp;kun gi tilveksten etter 1.3.2017.<br>For mer informasjon, se beskrivelse tilgjengelig for hver bibliografi.<\/p>\n\n\n\n<p>Metadataene tilbys i MARC21 eller enkel Dublin Core. Det kj\u00f8res oppdatering hver natt.<\/p>\n\n\n\n<p>En foresp\u00f8rsel om metadata gis i form av URLen til OAI-PMH-tjeneren og m\u00e5 inneholde&nbsp;<strong>\u00f8nsket metadataformat<\/strong>&nbsp;og&nbsp;<strong>sett<\/strong>. Alle aktuelle foresp\u00f8rsler er angitt nedenfor.<\/p>\n\n\n\n<ul class=\"wp-block-list\"><li>Hver av lenkene nedenfor returnerer de&nbsp;<strong>100 f\u00f8rste postene<\/strong>&nbsp;i det angitte settet.<\/li><li>For \u00e5 f\u00e5 de 100 neste postene i&nbsp;<strong>samme sett<\/strong>, bruk f\u00f8lgende URL:<ul><li>http:\/\/bibsys.alma.exlibrisgroup.com\/view\/oai\/47BIBSYS_NETWORK\/request?verb=ListRecords&amp;resumptionToken={resumptionToken}<ul><li>{resumptionToken} i URLen over erstattes med&nbsp;verdien av elementet &lt;resumptionToken&gt; nederst i forrige OAI-respons, for eksempel&nbsp;<em>http:\/\/bibsys.alma.exlibrisgroup.com\/view\/oai\/47BIBSYS_NETWORK\/request?verb=ListRecords&amp;resumptionToken=all@all@samisk_dc@oai_qdc@15591283260002201<\/em><\/li><li>Gjenta til alle poster i settet er h\u00f8stet inn.<\/li><\/ul><\/li><\/ul><\/li><\/ul>\n\n\n\n<h2 class=\"wp-block-heading\" id=\"h-h-sting-av-marc-21\">H\u00f8sting av MARC 21<\/h2>\n\n\n\n<p>Her oppgis lenkene til alle foresp\u00f8rslene som returnerer MARC 21. Kriteriet for hvert sett er bibliografikoden (MARC-felt 913), som er angitt i parentes for hver bibliografi.<\/p>\n\n\n\n<h3 class=\"wp-block-heading\" id=\"h-nasjonalbibliografien\">Nasjonalbibliografien<\/h3>\n\n\n\n<ul class=\"wp-block-list\"><li>Nasjonalbibliografien i sin helhet (unionen av settene norbok, nordisko, norper, norart og samisk, \u00a0se nedenfor):<br><a href=\"http:\/\/bibsys.alma.exlibrisgroup.com\/view\/oai\/47BIBSYS_NETWORK\/request?verb=ListRecords&amp;metadataPrefix=marc21&amp;set=nasjonalbibliografien\">http:\/\/bibsys.alma.exlibrisgroup.com\/view\/oai\/47BIBSYS_NETWORK\/request?verb=ListRecords&amp;metadataPrefix=marc21&amp;set=nasjonalbibliografien<\/a><\/li><li>Norsk bokfortegnelse (<em>Norbok<\/em>,\u00a0se\u00a0<a href=\"https:\/\/bibsys-almaprimo.hosted.exlibrisgroup.com\/primo-explore\/search?vid=BIBLIOGRAFI\">beskrivelse<\/a>):\u00a0<a href=\"http:\/\/bibsys.alma.exlibrisgroup.com\/view\/oai\/47BIBSYS_NETWORK\/request?verb=ListRecords&amp;metadataPrefix=marc21&amp;set=norbok\">http:\/\/bibsys.alma.exlibrisgroup.com\/view\/oai\/47BIBSYS_NETWORK\/request?verb=ListRecords&amp;metadataPrefix=marc21&amp;set=norbok<\/a><\/li><li>Norsk nasjonaldiskografi (<em>Nordisko<\/em>,\u00a0se\u00a0<a href=\"https:\/\/bibsys-almaprimo.hosted.exlibrisgroup.com\/primo-explore\/search?vid=BIBLIOGRAFI\">beskrivelse<\/a>):<br><a href=\"http:\/\/bibsys.alma.exlibrisgroup.com\/view\/oai\/47BIBSYS_NETWORK\/request?verb=ListRecords&amp;metadataPrefix=marc21&amp;set=nordisko\">http:\/\/bibsys.alma.exlibrisgroup.com\/view\/oai\/47BIBSYS_NETWORK\/request?verb=ListRecords&amp;metadataPrefix=marc21&amp;set=nordisko<\/a><\/li><li>Norsk periodikafortegnelse (<em>Norper<\/em>,\u00a0se\u00a0<a href=\"https:\/\/bibsys-almaprimo.hosted.exlibrisgroup.com\/primo-explore\/search?vid=BIBLIOGRAFI\">beskrivelse<\/a>):\u00a0<a href=\"http:\/\/bibsys.alma.exlibrisgroup.com\/view\/oai\/47BIBSYS_NETWORK\/request?verb=ListRecords&amp;metadataPrefix=marc21&amp;set=norper\">http:\/\/bibsys.alma.exlibrisgroup.com\/view\/oai\/47BIBSYS_NETWORK\/request?verb=ListRecords&amp;metadataPrefix=marc21&amp;set=norper<\/a><\/li><li>Norske og nordiske tidsskriftartikler (<em>Norart<\/em>,\u00a0se\u00a0<a href=\"https:\/\/bibsys-almaprimo.hosted.exlibrisgroup.com\/primo-explore\/search?vid=BIBLIOGRAFI\">beskrivelse<\/a>):\u00a0<a href=\"http:\/\/bibsys.alma.exlibrisgroup.com\/view\/oai\/47BIBSYS_NETWORK\/request?verb=ListRecords&amp;metadataPrefix=marc21&amp;set=norart\">http:\/\/bibsys.alma.exlibrisgroup.com\/view\/oai\/47BIBSYS_NETWORK\/request?verb=ListRecords&amp;metadataPrefix=marc21&amp;set=norart<\/a><\/li><li>Samisk bibliografi (<em>Samisk<\/em>,\u00a0se\u00a0<a href=\"https:\/\/bibsys-almaprimo.hosted.exlibrisgroup.com\/primo-explore\/search?vid=BIBLIOGRAFI\">beskrivelse<\/a>):\u00a0<a href=\"http:\/\/bibsys.alma.exlibrisgroup.com\/view\/oai\/47BIBSYS_NETWORK\/request?verb=ListRecords&amp;metadataPrefix=marc21&amp;set=samisk\">http:\/\/bibsys.alma.exlibrisgroup.com\/view\/oai\/47BIBSYS_NETWORK\/request?verb=ListRecords&amp;metadataPrefix=marc21&amp;set=samisk<\/a><\/li><\/ul>\n\n\n\n<h3 class=\"wp-block-heading\" id=\"h-spesialbibliografier\">Spesialbibliografier<\/h3>\n\n\n\n<ul class=\"wp-block-list\"><li>1814-bibliografi: litteratur fra og om 1812-1814 (<em>1814<\/em>,&nbsp;se&nbsp;<a href=\"http:\/\/www.nb.no\/bibliografi\/1814\/description\">beskrivelse<\/a>):&nbsp;<a href=\"http:\/\/bibsys.alma.exlibrisgroup.com\/view\/oai\/47BIBSYS_NETWORK\/request?verb=ListRecords&amp;metadataPrefix=marc21&amp;set=1814\">http:\/\/bibsys.alma.exlibrisgroup.com\/view\/oai\/47BIBSYS_NETWORK\/request?verb=ListRecords&amp;metadataPrefix=marc21&amp;set=1814<\/a><\/li><li>Bj\u00f8rnstjerne Bj\u00f8rnson-bibliografi (<em>Bj\u00f8rnson<\/em>,&nbsp;se&nbsp;<a href=\"http:\/\/www.nb.no\/bibliografi\/bjornson\/description\">beskrivelse<\/a>):&nbsp;<a href=\"http:\/\/bibsys.alma.exlibrisgroup.com\/view\/oai\/47BIBSYS_NETWORK\/request?verb=ListRecords&amp;metadataPrefix=marc21&amp;set=bjornson\">http:\/\/bibsys.alma.exlibrisgroup.com\/view\/oai\/47BIBSYS_NETWORK\/request?verb=ListRecords&amp;metadataPrefix=marc21&amp;set=bjornson<\/a><\/li><li>Camilla Collett-bibliografi (<em>Collett<\/em>,&nbsp;se&nbsp;<a href=\"http:\/\/www.nb.no\/bibliografi\/collett\/description\">beskrivelse<\/a>):&nbsp;<a href=\"http:\/\/bibsys.alma.exlibrisgroup.com\/view\/oai\/47BIBSYS_NETWORK\/request?verb=ListRecords&amp;metadataPrefix=marc21&amp;set=collett\">http:\/\/bibsys.alma.exlibrisgroup.com\/view\/oai\/47BIBSYS_NETWORK\/request?verb=ListRecords&amp;metadataPrefix=marc21&amp;set=collett<\/a><\/li><li>Knut Hamsun-bibliografi (<em>Hamsun<\/em>,&nbsp;se&nbsp;<a href=\"http:\/\/www.nb.no\/bibliografi\/hamsun\/description\">beskrivelse<\/a>):&nbsp;<a href=\"http:\/\/bibsys.alma.exlibrisgroup.com\/view\/oai\/47BIBSYS_NETWORK\/request?verb=ListRecords&amp;metadataPrefix=marc21&amp;set=hamsun\">http:\/\/bibsys.alma.exlibrisgroup.com\/view\/oai\/47BIBSYS_NETWORK\/request?verb=ListRecords&amp;metadataPrefix=marc21&amp;set=hamsun<\/a><\/li><li>Henrik Ibsen-bibliografi (<em>Ibsen<\/em>,&nbsp;se&nbsp;<a href=\"http:\/\/www.nb.no\/bibliografi\/ibsen\/description\">beskrivelse<\/a>):&nbsp;<a href=\"http:\/\/bibsys.alma.exlibrisgroup.com\/view\/oai\/47BIBSYS_NETWORK\/request?verb=ListRecords&amp;metadataPrefix=marc21&amp;set=ibsen\">http:\/\/bibsys.alma.exlibrisgroup.com\/view\/oai\/47BIBSYS_NETWORK\/request?verb=ListRecords&amp;metadataPrefix=marc21&amp;set=ibsen<\/a><\/li><li>Bibliografi over norsk litteraturforskning (<em>Littforsk<\/em>,&nbsp;se&nbsp;<a href=\"http:\/\/www.nb.no\/bibliografi\/littforsk\/description\">beskrivelse<\/a>):&nbsp;<a href=\"http:\/\/bibsys.alma.exlibrisgroup.com\/view\/oai\/47BIBSYS_NETWORK\/request?verb=ListRecords&amp;metadataPrefix=marc21&amp;set=littforsk\">http:\/\/bibsys.alma.exlibrisgroup.com\/view\/oai\/47BIBSYS_NETWORK\/request?verb=ListRecords&amp;metadataPrefix=marc21&amp;set=littforsk<\/a><\/li><li>Alf Pr\u00f8ysen-bibliografi (<em>Pr\u00f8ysen<\/em>,&nbsp;se&nbsp;<a href=\"http:\/\/www.nb.no\/bibliografi\/proysen\/description\">beskrivelse<\/a>):&nbsp;<a href=\"http:\/\/bibsys.alma.exlibrisgroup.com\/view\/oai\/47BIBSYS_NETWORK\/request?verb=ListRecords&amp;metadataPrefix=marc21&amp;set=proysen\">http:\/\/bibsys.alma.exlibrisgroup.com\/view\/oai\/47BIBSYS_NETWORK\/request?verb=ListRecords&amp;metadataPrefix=marc21&amp;set=proysen<\/a><\/li><li>Dag Solstad-bibliografi (<em>Solstad<\/em>,&nbsp;se&nbsp;<a href=\"http:\/\/www.nb.no\/bibliografi\/solstad\/description\">beskrivelse<\/a>):&nbsp;<a href=\"http:\/\/bibsys.alma.exlibrisgroup.com\/view\/oai\/47BIBSYS_NETWORK\/request?verb=ListRecords&amp;metadataPrefix=marc21&amp;set=solstad\">http:\/\/bibsys.alma.exlibrisgroup.com\/view\/oai\/47BIBSYS_NETWORK\/request?verb=ListRecords&amp;metadataPrefix=marc21&amp;set=solstad<\/a><\/li><\/ul>\n\n\n\n<h2 class=\"wp-block-heading\" id=\"h-h-sting-av-dublin-core\">H\u00f8sting av Dublin Core<\/h2>\n\n\n\n<p>Her oppgis lenkene til alle foresp\u00f8rslene som returnerer Dublin Core. Kriteriet for hvert sett er bibliografikoden angitt i MARC-paostene (felt 913). &nbsp;Denne er angitt i parentes for hver bibliografi.<\/p>\n\n\n\n<h3 class=\"wp-block-heading\" id=\"h-nasjonalbibliografien-1\">Nasjonalbibliografien<\/h3>\n\n\n\n<ul class=\"wp-block-list\"><li>Nasjonalbibliografien i sin helhet (unionen av settene norbok_dc, nordisko_dc, norper_dc, norart_dc og samisk_dc, &nbsp;se nedenfor):<br><a href=\"http:\/\/bibsys.alma.exlibrisgroup.com\/view\/oai\/47BIBSYS_NETWORK\/request?verb=ListRecords&amp;metadataPrefix=oai_qdc&amp;set=nasjonalbibliografien_dc\">http:\/\/bibsys.alma.exlibrisgroup.com\/view\/oai\/47BIBSYS_NETWORK\/request?verb=ListRecords&amp;metadataPrefix=oai_qdc&amp;set=nasjonalbibliografien_dc<\/a><\/li><li>Norsk bokfortegnelse (<em>Norbok<\/em>,&nbsp;se&nbsp;<a href=\"https:\/\/bibsys-almaprimo.hosted.exlibrisgroup.com\/primo-explore\/search?vid=BIBLIOGRAFI\">beskrivelse<\/a>):&nbsp;<a href=\"http:\/\/bibsys.alma.exlibrisgroup.com\/view\/oai\/47BIBSYS_NETWORK\/request?verb=ListRecords&amp;metadataPrefix=oai_qdc&amp;set=norbok_dc\">http:\/\/bibsys.alma.exlibrisgroup.com\/view\/oai\/47BIBSYS_NETWORK\/request?verb=ListRecords&amp;metadataPrefix=oai_qdc&amp;set=norbok_dc<\/a><\/li><li>Norsk nasjonaldiskografi (<em>Nordisko<\/em>,&nbsp;se&nbsp;<a href=\"https:\/\/bibsys-almaprimo.hosted.exlibrisgroup.com\/primo-explore\/search?vid=BIBLIOGRAFI\">beskrive<\/a><a href=\"http:\/\/nabo.nb.no\/trip?_t=1&amp;_b=baser&amp;navn=nordisko\">lse<\/a>):<br><a href=\"http:\/\/bibsys.alma.exlibrisgroup.com\/view\/oai\/47BIBSYS_NETWORK\/request?verb=ListRecords&amp;metadataPrefix=oai_qdc&amp;set=nordisko_dc\">http:\/\/bibsys.alma.exlibrisgroup.com\/view\/oai\/47BIBSYS_NETWORK\/request?verb=ListRecords&amp;metadataPrefix=oai_qdc&amp;set=nordisko_dc<\/a><\/li><li>Norsk periodikafortegnelse (<em>Norper<\/em>,&nbsp;se&nbsp;<a href=\"https:\/\/bibsys-almaprimo.hosted.exlibrisgroup.com\/primo-explore\/search?vid=BIBLIOGRAFI\">beskrivelse<\/a>):&nbsp;<a href=\"http:\/\/bibsys.alma.exlibrisgroup.com\/view\/oai\/47BIBSYS_NETWORK\/request?verb=ListRecords&amp;metadataPrefix=oai_qdc&amp;set=norper_dc\">http:\/\/bibsys.alma.exlibrisgroup.com\/view\/oai\/47BIBSYS_NETWORK\/request?verb=ListRecords&amp;metadataPrefix=oai_qdc&amp;set=norper_dc<\/a><\/li><li>Norske og nordiske tidsskriftartikler (<em>Norart<\/em>,&nbsp;se&nbsp;<a href=\"https:\/\/bibsys-almaprimo.hosted.exlibrisgroup.com\/primo-explore\/search?vid=BIBLIOGRAFI\">beskrivelse<\/a>):&nbsp;<a href=\"http:\/\/bibsys.alma.exlibrisgroup.com\/view\/oai\/47BIBSYS_NETWORK\/request?verb=ListRecords&amp;metadataPrefix=oai_qdc&amp;set=norart_dc\">http:\/\/bibsys.alma.exlibrisgroup.com\/view\/oai\/47BIBSYS_NETWORK\/request?verb=ListRecords&amp;metadataPrefix=oai_qdc&amp;set=norart_dc<\/a><\/li><li>Samisk bibliografi (<em>Samisk<\/em>,&nbsp;se&nbsp;<a href=\"https:\/\/bibsys-almaprimo.hosted.exlibrisgroup.com\/primo-explore\/search?vid=BIBLIOGRAFI\">beskrivelse<\/a>):&nbsp;<a href=\"http:\/\/bibsys.alma.exlibrisgroup.com\/view\/oai\/47BIBSYS_NETWORK\/request?verb=ListRecords&amp;metadataPrefix=oai_qdc&amp;set=samisk_dc\">http:\/\/bibsys.alma.exlibrisgroup.com\/view\/oai\/47BIBSYS_NETWORK\/request?verb=ListRecords&amp;metadataPrefix=oai_qdc&amp;set=samisk_dc<\/a><\/li><\/ul>\n\n\n\n<h3 class=\"wp-block-heading\" id=\"h-spesialbibliografier-1\">Spesialbibliografier<\/h3>\n\n\n\n<ul class=\"wp-block-list\"><li>1814-bibliografi: litteratur fra og om 1812-1814 (<em>1814<\/em>,&nbsp;se&nbsp;<a href=\"http:\/\/www.nb.no\/bibliografi\/1814\/description\">beskrivelse<\/a>):&nbsp;<a href=\"http:\/\/bibsys.alma.exlibrisgroup.com\/view\/oai\/47BIBSYS_NETWORK\/request?verb=ListRecords&amp;metadataPrefix=oai_qdc&amp;set=1814_dc\">http:\/\/bibsys.alma.exlibrisgroup.com\/view\/oai\/47BIBSYS_NETWORK\/request?verb=ListRecords&amp;metadataPrefix=oai_qdc&amp;set=1814_dc<\/a><\/li><li>Bj\u00f8rnstjerne Bj\u00f8rnson-bibliografi (<em>Bj\u00f8rnson<\/em>,&nbsp;se&nbsp;<a href=\"http:\/\/www.nb.no\/bibliografi\/bjornson\/description\">beskrivelse<\/a>):&nbsp;<a href=\"http:\/\/bibsys.alma.exlibrisgroup.com\/view\/oai\/47BIBSYS_NETWORK\/request?verb=ListRecords&amp;metadataPrefix=oai_qdc&amp;set=bjornson_dc\">http:\/\/bibsys.alma.exlibrisgroup.com\/view\/oai\/47BIBSYS_NETWORK\/request?verb=ListRecords&amp;metadataPrefix=oai_qdc&amp;set=bjornson_dc<\/a><\/li><li>Camilla Collett-bibliografi (<em>Collett<\/em>,&nbsp;se&nbsp;<a href=\"http:\/\/www.nb.no\/bibliografi\/collett\/description\">beskrivelse<\/a>):&nbsp;<a href=\"http:\/\/bibsys.alma.exlibrisgroup.com\/view\/oai\/47BIBSYS_NETWORK\/request?verb=ListRecords&amp;metadataPrefix=oai_qdc&amp;set=collett_dc\">http:\/\/bibsys.alma.exlibrisgroup.com\/view\/oai\/47BIBSYS_NETWORK\/request?verb=ListRecords&amp;metadataPrefix=oai_qdc&amp;set=collett_dc<\/a><\/li><li>Knut Hamsun-bibliografi (<em>Hamsun<\/em>,&nbsp;se&nbsp;<a href=\"http:\/\/www.nb.no\/bibliografi\/hamsun\/description\">beskrivelse<\/a>):&nbsp;<a href=\"http:\/\/bibsys.alma.exlibrisgroup.com\/view\/oai\/47BIBSYS_NETWORK\/request?verb=ListRecords&amp;metadataPrefix=oai_qdc&amp;set=hamsun_dc\">http:\/\/bibsys.alma.exlibrisgroup.com\/view\/oai\/47BIBSYS_NETWORK\/request?verb=ListRecords&amp;metadataPrefix=oai_qdc&amp;set=hamsun_dc<\/a><\/li><li>Henrik Ibsen-bibliografi (<em>Ibsen<\/em>,&nbsp;se&nbsp;<a href=\"http:\/\/www.nb.no\/bibliografi\/ibsen\/description\">beskrivelse<\/a>):&nbsp;<a href=\"http:\/\/bibsys.alma.exlibrisgroup.com\/view\/oai\/47BIBSYS_NETWORK\/request?verb=ListRecords&amp;metadataPrefix=oai_qdc&amp;set=ibsen_dc\">http:\/\/bibsys.alma.exlibrisgroup.com\/view\/oai\/47BIBSYS_NETWORK\/request?verb=ListRecords&amp;metadataPrefix=oai_qdc&amp;set=ibsen_dc<\/a><\/li><li>Bibliografi over norsk litteraturforskning (<em>Littforsk<\/em>,&nbsp;se&nbsp;<a href=\"http:\/\/www.nb.no\/bibliografi\/littforsk\/description\">beskrivelse<\/a>):&nbsp;<a href=\"http:\/\/bibsys.alma.exlibrisgroup.com\/view\/oai\/47BIBSYS_NETWORK\/request?verb=ListRecords&amp;metadataPrefix=oai_qdc&amp;set=littforsk_dc\">http:\/\/bibsys.alma.exlibrisgroup.com\/view\/oai\/47BIBSYS_NETWORK\/request?verb=ListRecords&amp;metadataPrefix=oai_qdc&amp;set=littforsk_dc<\/a><\/li><li>Alf Pr\u00f8ysen-bibliografi (<em>Pr\u00f8ysen<\/em>,&nbsp;se&nbsp;<a href=\"http:\/\/www.nb.no\/bibliografi\/proysen\/description\">beskrivelse<\/a>):&nbsp;<a href=\"http:\/\/bibsys.alma.exlibrisgroup.com\/view\/oai\/47BIBSYS_NETWORK\/request?verb=ListRecords&amp;metadataPrefix=oai_qdc&amp;set=proysen_dc\">http:\/\/bibsys.alma.exlibrisgroup.com\/view\/oai\/47BIBSYS_NETWORK\/request?verb=ListRecords&amp;metadataPrefix=oai_qdc&amp;set=proysen_dc<\/a><\/li><li>Dag Solstad-bibliografi (<em>Solstad<\/em>,&nbsp;se&nbsp;<a href=\"http:\/\/www.nb.no\/bibliografi\/solstad\/description\">beskrivelse<\/a>):&nbsp;<a href=\"http:\/\/bibsys.alma.exlibrisgroup.com\/view\/oai\/47BIBSYS_NETWORK\/request?verb=ListRecords&amp;metadataPrefix=oai_qdc&amp;set=solstad_dc\">http:\/\/bibsys.alma.exlibrisgroup.com\/view\/oai\/47BIBSYS_NETWORK\/request?verb=ListRecords&amp;metadataPrefix=oai_qdc&amp;set=solstad_dc<\/a><\/li><\/ul>\n","protected":false},"excerpt":{"rendered":"","protected":false},"author":54,"featured_media":0,"parent":5,"menu_order":0,"comment_status":"closed","ping_status":"closed","template":"","meta":{"nb_hide_title":false,"sub_navigation_option":"","sub_navigation_custom_items":null,"footnotes":""},"class_list":["post-270","page","type-page","status-publish","hentry"],"yoast_head":"<!-- This site is optimized with the Yoast SEO Premium plugin v27.1 (Yoast SEO v27.1.1) - https:\/\/yoast.com\/product\/yoast-seo-premium-wordpress\/ -->\n<title>H\u00f8sting av Nasjonalbibliografien og spesialbibliografiene - Kunnskapsorganisering<\/title>\n<meta name=\"robots\" content=\"index, follow, max-snippet:-1, max-image-preview:large, max-video-preview:-1\" \/>\n<link rel=\"canonical\" href=\"https:\/\/beta.bibliotekutvikling.no\/kunnskapsorganisering\/metadata-fra-nasjonalbiblioteket\/hosting-av-nasjonalbibliografien-og-spesialbibliografien\/\" \/>\n<meta property=\"og:locale\" content=\"nb_NO\" \/>\n<meta property=\"og:type\" content=\"article\" \/>\n<meta property=\"og:title\" content=\"H\u00f8sting av Nasjonalbibliografien og spesialbibliografiene\" \/>\n<meta property=\"og:url\" content=\"https:\/\/beta.bibliotekutvikling.no\/kunnskapsorganisering\/metadata-fra-nasjonalbiblioteket\/hosting-av-nasjonalbibliografien-og-spesialbibliografien\/\" \/>\n<meta property=\"og:site_name\" content=\"Kunnskapsorganisering\" \/>\n<meta property=\"article:modified_time\" content=\"2022-02-01T07:50:39+00:00\" \/>\n<meta name=\"twitter:card\" content=\"summary_large_image\" \/>\n<meta name=\"twitter:label1\" content=\"Ansl. lesetid\" \/>\n\t<meta name=\"twitter:data1\" content=\"3 minutter\" \/>\n<script type=\"application\/ld+json\" class=\"yoast-schema-graph\">{\"@context\":\"https:\/\/schema.org\",\"@graph\":[{\"@type\":\"WebPage\",\"@id\":\"https:\/\/beta.bibliotekutvikling.no\/kunnskapsorganisering\/metadata-fra-nasjonalbiblioteket\/hosting-av-nasjonalbibliografien-og-spesialbibliografien\/\",\"url\":\"https:\/\/beta.bibliotekutvikling.no\/kunnskapsorganisering\/metadata-fra-nasjonalbiblioteket\/hosting-av-nasjonalbibliografien-og-spesialbibliografien\/\",\"name\":\"H\u00f8sting av Nasjonalbibliografien og spesialbibliografiene - Kunnskapsorganisering\",\"isPartOf\":{\"@id\":\"https:\/\/beta.bibliotekutvikling.no\/kunnskapsorganisering\/#website\"},\"datePublished\":\"2019-11-21T14:04:34+00:00\",\"dateModified\":\"2022-02-01T07:50:39+00:00\",\"breadcrumb\":{\"@id\":\"https:\/\/beta.bibliotekutvikling.no\/kunnskapsorganisering\/metadata-fra-nasjonalbiblioteket\/hosting-av-nasjonalbibliografien-og-spesialbibliografien\/#breadcrumb\"},\"inLanguage\":\"nb-NO\",\"potentialAction\":[{\"@type\":\"ReadAction\",\"target\":[\"https:\/\/beta.bibliotekutvikling.no\/kunnskapsorganisering\/metadata-fra-nasjonalbiblioteket\/hosting-av-nasjonalbibliografien-og-spesialbibliografien\/\"]}]},{\"@type\":\"BreadcrumbList\",\"@id\":\"https:\/\/beta.bibliotekutvikling.no\/kunnskapsorganisering\/metadata-fra-nasjonalbiblioteket\/hosting-av-nasjonalbibliografien-og-spesialbibliografien\/#breadcrumb\",\"itemListElement\":[{\"@type\":\"ListItem\",\"position\":1,\"name\":\"Home\",\"item\":\"https:\/\/beta.bibliotekutvikling.no\/kunnskapsorganisering\/\"},{\"@type\":\"ListItem\",\"position\":2,\"name\":\"Metadata fra Nasjonalbiblioteket\",\"item\":\"https:\/\/beta.bibliotekutvikling.no\/kunnskapsorganisering\/metadata-fra-nasjonalbiblioteket\/\"},{\"@type\":\"ListItem\",\"position\":3,\"name\":\"H\u00f8sting av Nasjonalbibliografien og spesialbibliografiene\"}]},{\"@type\":\"WebSite\",\"@id\":\"https:\/\/beta.bibliotekutvikling.no\/kunnskapsorganisering\/#website\",\"url\":\"https:\/\/beta.bibliotekutvikling.no\/kunnskapsorganisering\/\",\"name\":\"Kunnskapsorganisering\",\"description\":\"Ressurser i kunnskapsorganisering\",\"publisher\":{\"@id\":\"https:\/\/beta.bibliotekutvikling.no\/kunnskapsorganisering\/#organization\"},\"potentialAction\":[{\"@type\":\"SearchAction\",\"target\":{\"@type\":\"EntryPoint\",\"urlTemplate\":\"https:\/\/beta.bibliotekutvikling.no\/kunnskapsorganisering\/?s={search_term_string}\"},\"query-input\":{\"@type\":\"PropertyValueSpecification\",\"valueRequired\":true,\"valueName\":\"search_term_string\"}}],\"inLanguage\":\"nb-NO\"},{\"@type\":\"Organization\",\"@id\":\"https:\/\/beta.bibliotekutvikling.no\/kunnskapsorganisering\/#organization\",\"name\":\"Kunnskapsorganisering\",\"url\":\"https:\/\/beta.bibliotekutvikling.no\/kunnskapsorganisering\/\",\"logo\":{\"@type\":\"ImageObject\",\"inLanguage\":\"nb-NO\",\"@id\":\"https:\/\/beta.bibliotekutvikling.no\/kunnskapsorganisering\/#\/schema\/logo\/image\/\",\"url\":\"https:\/\/bibliotekutvikling.no\/content\/uploads\/sites\/8\/2024\/07\/MiniatyrBilde_logo.png\",\"contentUrl\":\"https:\/\/bibliotekutvikling.no\/content\/uploads\/sites\/8\/2024\/07\/MiniatyrBilde_logo.png\",\"width\":824,\"height\":744,\"caption\":\"Kunnskapsorganisering\"},\"image\":{\"@id\":\"https:\/\/beta.bibliotekutvikling.no\/kunnskapsorganisering\/#\/schema\/logo\/image\/\"}}]}<\/script>\n<!-- \/ Yoast SEO Premium plugin. -->","yoast_head_json":{"title":"H\u00f8sting av Nasjonalbibliografien og spesialbibliografiene - Kunnskapsorganisering","robots":{"index":"index","follow":"follow","max-snippet":"max-snippet:-1","max-image-preview":"max-image-preview:large","max-video-preview":"max-video-preview:-1"},"canonical":"https:\/\/beta.bibliotekutvikling.no\/kunnskapsorganisering\/metadata-fra-nasjonalbiblioteket\/hosting-av-nasjonalbibliografien-og-spesialbibliografien\/","og_locale":"nb_NO","og_type":"article","og_title":"H\u00f8sting av Nasjonalbibliografien og spesialbibliografiene","og_url":"https:\/\/beta.bibliotekutvikling.no\/kunnskapsorganisering\/metadata-fra-nasjonalbiblioteket\/hosting-av-nasjonalbibliografien-og-spesialbibliografien\/","og_site_name":"Kunnskapsorganisering","article_modified_time":"2022-02-01T07:50:39+00:00","twitter_card":"summary_large_image","twitter_misc":{"Ansl. lesetid":"3 minutter"},"schema":{"@context":"https:\/\/schema.org","@graph":[{"@type":"WebPage","@id":"https:\/\/beta.bibliotekutvikling.no\/kunnskapsorganisering\/metadata-fra-nasjonalbiblioteket\/hosting-av-nasjonalbibliografien-og-spesialbibliografien\/","url":"https:\/\/beta.bibliotekutvikling.no\/kunnskapsorganisering\/metadata-fra-nasjonalbiblioteket\/hosting-av-nasjonalbibliografien-og-spesialbibliografien\/","name":"H\u00f8sting av Nasjonalbibliografien og spesialbibliografiene - Kunnskapsorganisering","isPartOf":{"@id":"https:\/\/beta.bibliotekutvikling.no\/kunnskapsorganisering\/#website"},"datePublished":"2019-11-21T14:04:34+00:00","dateModified":"2022-02-01T07:50:39+00:00","breadcrumb":{"@id":"https:\/\/beta.bibliotekutvikling.no\/kunnskapsorganisering\/metadata-fra-nasjonalbiblioteket\/hosting-av-nasjonalbibliografien-og-spesialbibliografien\/#breadcrumb"},"inLanguage":"nb-NO","potentialAction":[{"@type":"ReadAction","target":["https:\/\/beta.bibliotekutvikling.no\/kunnskapsorganisering\/metadata-fra-nasjonalbiblioteket\/hosting-av-nasjonalbibliografien-og-spesialbibliografien\/"]}]},{"@type":"BreadcrumbList","@id":"https:\/\/beta.bibliotekutvikling.no\/kunnskapsorganisering\/metadata-fra-nasjonalbiblioteket\/hosting-av-nasjonalbibliografien-og-spesialbibliografien\/#breadcrumb","itemListElement":[{"@type":"ListItem","position":1,"name":"Home","item":"https:\/\/beta.bibliotekutvikling.no\/kunnskapsorganisering\/"},{"@type":"ListItem","position":2,"name":"Metadata fra Nasjonalbiblioteket","item":"https:\/\/beta.bibliotekutvikling.no\/kunnskapsorganisering\/metadata-fra-nasjonalbiblioteket\/"},{"@type":"ListItem","position":3,"name":"H\u00f8sting av Nasjonalbibliografien og spesialbibliografiene"}]},{"@type":"WebSite","@id":"https:\/\/beta.bibliotekutvikling.no\/kunnskapsorganisering\/#website","url":"https:\/\/beta.bibliotekutvikling.no\/kunnskapsorganisering\/","name":"Kunnskapsorganisering","description":"Ressurser i kunnskapsorganisering","publisher":{"@id":"https:\/\/beta.bibliotekutvikling.no\/kunnskapsorganisering\/#organization"},"potentialAction":[{"@type":"SearchAction","target":{"@type":"EntryPoint","urlTemplate":"https:\/\/beta.bibliotekutvikling.no\/kunnskapsorganisering\/?s={search_term_string}"},"query-input":{"@type":"PropertyValueSpecification","valueRequired":true,"valueName":"search_term_string"}}],"inLanguage":"nb-NO"},{"@type":"Organization","@id":"https:\/\/beta.bibliotekutvikling.no\/kunnskapsorganisering\/#organization","name":"Kunnskapsorganisering","url":"https:\/\/beta.bibliotekutvikling.no\/kunnskapsorganisering\/","logo":{"@type":"ImageObject","inLanguage":"nb-NO","@id":"https:\/\/beta.bibliotekutvikling.no\/kunnskapsorganisering\/#\/schema\/logo\/image\/","url":"https:\/\/bibliotekutvikling.no\/content\/uploads\/sites\/8\/2024\/07\/MiniatyrBilde_logo.png","contentUrl":"https:\/\/bibliotekutvikling.no\/content\/uploads\/sites\/8\/2024\/07\/MiniatyrBilde_logo.png","width":824,"height":744,"caption":"Kunnskapsorganisering"},"image":{"@id":"https:\/\/beta.bibliotekutvikling.no\/kunnskapsorganisering\/#\/schema\/logo\/image\/"}}]}},"_links":{"self":[{"href":"https:\/\/beta.bibliotekutvikling.no\/kunnskapsorganisering\/wp-json\/wp\/v2\/pages\/270","targetHints":{"allow":["GET"]}}],"collection":[{"href":"https:\/\/beta.bibliotekutvikling.no\/kunnskapsorganisering\/wp-json\/wp\/v2\/pages"}],"about":[{"href":"https:\/\/beta.bibliotekutvikling.no\/kunnskapsorganisering\/wp-json\/wp\/v2\/types\/page"}],"author":[{"embeddable":true,"href":"https:\/\/beta.bibliotekutvikling.no\/kunnskapsorganisering\/wp-json\/wp\/v2\/users\/54"}],"replies":[{"embeddable":true,"href":"https:\/\/beta.bibliotekutvikling.no\/kunnskapsorganisering\/wp-json\/wp\/v2\/comments?post=270"}],"version-history":[{"count":4,"href":"https:\/\/beta.bibliotekutvikling.no\/kunnskapsorganisering\/wp-json\/wp\/v2\/pages\/270\/revisions"}],"predecessor-version":[{"id":1391,"href":"https:\/\/beta.bibliotekutvikling.no\/kunnskapsorganisering\/wp-json\/wp\/v2\/pages\/270\/revisions\/1391"}],"up":[{"embeddable":true,"href":"https:\/\/beta.bibliotekutvikling.no\/kunnskapsorganisering\/wp-json\/wp\/v2\/pages\/5"}],"wp:attachment":[{"href":"https:\/\/beta.bibliotekutvikling.no\/kunnskapsorganisering\/wp-json\/wp\/v2\/media?parent=270"}],"curies":[{"name":"wp","href":"https:\/\/api.w.org\/{rel}","templated":true}]}}