{"id":288,"date":"2019-11-22T13:13:50","date_gmt":"2019-11-22T12:13:50","guid":{"rendered":"https:\/\/bibliotekutvikling.dev04.dekodes.no\/kunnskapsorganisering\/?page_id=288"},"modified":"2023-12-20T10:45:12","modified_gmt":"2023-12-20T09:45:12","slug":"marc-utvekslingsformat-for-bibliografiske-data","status":"publish","type":"page","link":"https:\/\/beta.bibliotekutvikling.no\/kunnskapsorganisering\/marc-utvekslingsformat-for-bibliografiske-data\/","title":{"rendered":"MARC: utvekslingsformat for bibliografiske data"},"content":{"rendered":"\n<p>Nasjonalbiblioteket har ansvar for vedlikehold av format for utveksling av bibliografiske data i maskinleselig format.\u00a0NORMARC\u00a0og\u00a0MARC 21\u00a0er  begge i bruk som utvekslingsformat for norske bibliotek, men NORMARC  skal fases ut. MARC 21 skal overta som standard utvekslingsformat for  bibliografiske poster i Norge s\u00e5 snart det er praktisk mulig. Metadata  skal leveres fra metadataleverand\u00f8rer i MARC 21 og all utveksling av  data, for eksempel leveransen til Biblioteks\u00f8k skal skje med MARC 21.<\/p>\n\n\n\n<h3 class=\"wp-block-heading\" id=\"h-konsekvenser-for-biblioteksystemene-ved-overgang-til-marc-21\">Konsekvenser for biblioteksystemene ved overgang til MARC 21<\/h3>\n\n\n\n<p>En overgang til MARC 21 kan p\u00e5f\u00f8re noen biblioteksystem p\u00e5 det norske\n markedet endringer knyttet til s\u00f8king, avgrensning og uttak av \nstatistikk, blant annet vil data som er registrert i NORMARC-felt 019$b \ndokumenttype bli flyttet til andre felt i MARC 21. I tillegg m\u00e5 eldre \ndata konverteres til MARC 21 hvis MARC 21 brukes som internt format.<\/p>\n\n\n\n<p>Nasjonalbiblioteket definerer hvordan s\u00e6regne NORMARC-felt skal overf\u00f8res til MARC 21&nbsp;<a href=\"https:\/\/bibliotekutvikling.no\/kunnskapsorganisering\/marc-utvekslingsformat-for-bibliografiske-data\/konvertering-fra-normarc-til-marc-21\/prov-normarc2marc21\/\">og s\u00f8rger for konverteringsprogramvare&nbsp;<\/a>fra standard NORMARC til MARC 21.<\/p>\n\n\n\n<p>Biblioteksystem som ikke bruker et MARC-format som internt format, m\u00e5\n konvertere metadata som leveres i MARC 21 fra metadataleverand\u00f8rer til \ninternt format.<\/p>\n\n\n\n<p>Eksport av data til Biblioteks\u00f8k skal etter overgangen gj\u00f8res i MARC 21.<\/p>\n\n\n\n<p>MARC 21 vil ikke bli oversatt til norsk. Merk imidlertid at den \nnorske oversettelsen av RDA innbefatter RDA element sets. Det finnes \nderfor norske betegnelser for de aller fleste dataelementene som er \u00e5 \nfinne i en MARC 21-post. Verdivokabularer fra RDA integreres i MARC 21.<\/p>\n\n\n\n<p>Det vil bli en gradvis overgang til MARC 21 som utvekslingsformat,  noen av biblioteksystemene p\u00e5 det norske markedet vil ikke h\u00e5ndtere  import av metadata i MARC 21 f\u00f8r sent i 2019. Nasjonalbiblioteket vil i  2019 derfor levere metadata katalogisert etter RDA b\u00e5de i MARC 21 og i  en noe tilpasset form i NORMARC. <a href=\"https:\/\/bibliotekutvikling.no\/kunnskapsorganisering\/metadata-fra-nasjonalbiblioteket\/metadata-til-folke-og-skolebibliotek\/\">Les mer om metadata fra NB til folke- og skolebibliotek<\/a><\/p>\n\n\n\n<h3 class=\"wp-block-heading\" id=\"h-konsekvenser-for-metadataleverand-rene-ved-overgang-til-marc-21\">Konsekvenser for metadataleverand\u00f8rene ved overgang til MARC 21<\/h3>\n\n\n\n<p>Metadata m\u00e5 leveres i MARC 21. P\u00e5 samme m\u00e5te som for andre biblioteksystem, kan overgangen bety endringer i internt system. <a href=\"https:\/\/bibliotekutvikling.no\/kunnskapsorganisering\/marc-utvekslingsformat-for-bibliografiske-data\/konvertering-fra-normarc-til-marc-21\/\">Her<\/a> <a href=\"https:\/\/bibliotekutvikling.no\/kunnskapsorganisering\/marc-utvekslingsformat-for-bibliografiske-data\/konvertering-fra-normarc-til-marc-21\/\">finnes tabeller som viser hvordan NORMARC-spesifikke felter skal konverteres til MARC 21 og programvare for konvertering fra NORMARC til MARC 21.<\/a><\/p>\n\n\n\n<h3 class=\"wp-block-heading\" id=\"h-begrunnelse-for-overgangen-fra-normarc-til-marc-21\">Begrunnelse for overgangen fra NORMARC til MARC 21<\/h3>\n\n\n\n<p>Det norske bibliotekvesenet b\u00f8r f\u00f8lge internasjonale standarder. MARC\n 21 brukes av Nasjonalbiblioteket, BIBSYS-konsortiet og en del andre \nbibliotek. Et flertall folkebibliotek bruker fortsatt NORMARC til import\n og eksport, og flere bruker NORMARC som internt format for \nregistrering.<\/p>\n\n\n\n<p>Bruken av NORMARC som utvekslingsformat gj\u00f8r det vanskelig for norske  folkebibliotek \u00e5 ta i bruk utenlandske biblioteksystem hvis de \u00f8nsker det. Det krever lokal tilpasning for \u00e5 bruke NORMARC, noe som b\u00e5de fordyrer og forvansker bruken av system.<\/p>\n\n\n\n<p>Bruk av MARC 21, som er en de facto standard p\u00e5 det bibliografiske  omr\u00e5det, vil gj\u00f8re det enkelt \u00e5 kopiere bibliografiske poster fra utenlandske bibliotek. Det \u00e5pner ogs\u00e5 for \u00e5 ta i bruk eksisterende  verkt\u00f8y for h\u00e5ndtering av bibliografiske data i MARC 21. \u00c5 samles rundt ett utvekslingsformat vil forenkle all import og eksport mellom  bibliotek i Norge, inkludert utviklingen av Biblioteks\u00f8k.<\/p>\n\n\n\n<p>Overgangen til\u00a0<a href=\"https:\/\/bibliotekutvikling.no\/kunnskapsorganisering\/katalogiseringsregler\/\">Resource Description and Access (RDA)<\/a>\u00a0er  en ytterligere tydelig begrunnelse for en overgang til MARC 21. RDA  f\u00f8rer med seg nye dataelement som har f\u00e5tt sin plass i MARC 21. NORMARC er ikke rigget for \u00e5 ta inn dataelement fra RDA.<\/p>\n\n\n\n<p>MARC 21 tilpasses l\u00f8pende til RDA, og metadataene kan uttrykkes ved&nbsp;<a href=\"http:\/\/www.rdaregistry.info\/Elements\/\">RDA element sets<\/a>&nbsp;i  RDA. (Spesifikasjon av alle typer entiteter, f.eks. Work, Expression,  Agent, Place og deres egenskaper \u2013 ofte kalt felter i tradisjonelle  metadataformater \u2013 f.eks.&nbsp; \u00abis creator of\u00bb, \u00abhas title of work\u00bb.  Elementene er spesifisert som lenkede data). &nbsp;Dette vil gj\u00f8re det  enklere \u00e5 konvertere MARC 21-poster til lenkede data, ogs\u00e5 f\u00f8r en  omforent arvtaker etter MARC har manifestert seg.<\/p>\n\n\n\n<p>Internasjonalt er det en bevegelse bort fra MARC-format, mot formater som i st\u00f8rre eller mindre grad f\u00f8lger&nbsp;<a href=\"https:\/\/www.ifla.org\/files\/assets\/cataloguing\/frbr-lrm\/ifla-lrm-august-2017.pdf\">FRBR\/LRM<\/a>&nbsp;og som direkte produserer lenkede metadata.&nbsp;<a href=\"https:\/\/www.loc.gov\/bibframe\/\">BIBFRAME-initiativet<\/a>&nbsp;i regi av Library of Congress er \u00e9n kandidat til \u00e5 overta,  RDA-vokabularet en annen. Vurderingen s\u00e5 langt er at BIBFRAME forel\u00f8pig  ikke er modent nok til \u00e5 erstatte MARC 21 fullt ut, ei heller dekker kravene i RDA tilfredsstillende. En  eventuell senere overgang til et annet utvekslingsformat kan forenkles  hvis MARC 21 er utgangspunktet.<\/p>\n\n\n\n<p>Gitt begrunnelsene over, er det ikke hensiktsmessig \u00e5 gj\u00f8re endringer\n i NORMARC for \u00e5 kunne ta i bruk RDA. Det fortsetter og forsterker \nNorges \u00abutenforskap\u00bb. Derfor m\u00e5 MARC 21 erstatte NORMARC f\u00f8r RDA tas i \nbruk.<\/p>\n\n\n\n<p>MARC 21 skal brukes slik det er, vi vil unng\u00e5 \u00e5 utvikle et \u00abNORMARC 21\u00bb. Lokale felt skal kunne brukes lokalt. <a href=\"https:\/\/bibliotekutvikling.no\/kunnskapsorganisering\/kunnskapsorganisering\/metadata-fra-nasjonalbiblioteket\/metadata-til-folke-og-skolebibliotek\/\">Marcfelt <\/a>som inng\u00e5r i avtalen mellom  Nasjonalbiblioteket og Biblioteksentralen om leveranse av metadata til folke- og skolebibliotek.<\/p>\n\n\n\n<h3 class=\"wp-block-heading\" id=\"h-om-marc-formatet\">Om MARC-formatet<\/h3>\n\n\n\n<p>MARC-formatet (Machine-Readable Cataloging) ble opprinnelig utviklet \nhos Library of Congress i 1960-\u00e5ra og har siden blitt en internasjonal \nstandard for utveksling av bibliografiske data. Ved hjelp av \nMARC-formatet kan hvert enkelt element i en bibliografisk post kodes p\u00e5 \nen entydig og maskinleselig m\u00e5te.<\/p>\n\n\n\n<p>Etter hvert ble det utviklet nasjonale versjoner av MARC-formatet \u2013  for eksempel USMARC (USA) og CAN\/MARC (Canada) og NORMARC i Norge. I et  samarbeid mellom Library of Congress og nasjonalbiblioteket i Canada ble  USMARC og CAN\/MARC etter hvert harmonisert, og i 1999 gitt ut som MARC  21 \u2013 et MARC-format for det 21. hundre\u00e5ret. MARC 21 er det MARC-formatet  som n\u00e5 er mest utbredt internasjonalt. Se nettsidene til&nbsp;<a href=\"http:\/\/www.loc.gov\/marc\/\">Library of Congress<\/a>&nbsp;for mer utfyllende informasjon.<\/p>\n\n\n\n<p>Den norske versjonen av MARC \u2013 NORMARC \u2013 var opprinnelig basert p\u00e5 \nUSMARC, og den f\u00f8rste utgaven kom i 1989. Senere kom egne norske format \nfor blant annet musikk. I 1993 ble NORMARC samlet i ett norsk format for\n alle materialtyper. Fram til 2007 var NORMARC standard \nutvekslingsformat i Norge. Fra 2007 har b\u00e5de NORMARC og MARC 21 v\u00e6rt \ngodkjente utvekslingsformat.<\/p>\n\n\n\n<p>I saker som gjelder utvekslingsformat for bibliografiske data i Norge, r\u00e5df\u00f8rer Nasjonalbiblioteket seg med <a href=\"https:\/\/bibliotekutvikling.no\/kunnskapsorganisering\/kunnskapsorganisering\/den-norske-katalogkomite\/\">Den norske katalogkomit\u00e9<\/a> og gruppen <a href=\"http:\/\/biblev.no\/\">Biblioteksystemleverand\u00f8rene i Norge<\/a>.<\/p>\n\n\n\n<p><\/p>\n","protected":false},"excerpt":{"rendered":"","protected":false},"author":52,"featured_media":690,"parent":0,"menu_order":0,"comment_status":"closed","ping_status":"closed","template":"","meta":{"nb_hide_title":false,"sub_navigation_option":"auto","sub_navigation_custom_items":null,"footnotes":""},"class_list":["post-288","page","type-page","status-publish","has-post-thumbnail","hentry"],"yoast_head":"<!-- This site is optimized with the Yoast SEO Premium plugin v27.1 (Yoast SEO v27.1.1) - https:\/\/yoast.com\/product\/yoast-seo-premium-wordpress\/ -->\n<title>MARC: utvekslingsformat for bibliografiske data - Kunnskapsorganisering<\/title>\n<meta name=\"robots\" content=\"index, follow, max-snippet:-1, max-image-preview:large, max-video-preview:-1\" \/>\n<link rel=\"canonical\" href=\"https:\/\/beta.bibliotekutvikling.no\/kunnskapsorganisering\/marc-utvekslingsformat-for-bibliografiske-data\/\" \/>\n<meta property=\"og:locale\" content=\"nb_NO\" \/>\n<meta property=\"og:type\" content=\"article\" \/>\n<meta property=\"og:title\" content=\"MARC: utvekslingsformat for bibliografiske data\" \/>\n<meta property=\"og:url\" content=\"https:\/\/beta.bibliotekutvikling.no\/kunnskapsorganisering\/marc-utvekslingsformat-for-bibliografiske-data\/\" \/>\n<meta property=\"og:site_name\" content=\"Kunnskapsorganisering\" \/>\n<meta property=\"article:modified_time\" content=\"2023-12-20T09:45:12+00:00\" \/>\n<meta property=\"og:image\" content=\"https:\/\/beta.bibliotekutvikling.no\/content\/uploads\/sites\/8\/2019\/12\/Lambertseter_bibliotek_NETT-21.jpg\" \/>\n\t<meta property=\"og:image:width\" content=\"2500\" \/>\n\t<meta property=\"og:image:height\" content=\"1669\" \/>\n\t<meta property=\"og:image:type\" content=\"image\/jpeg\" \/>\n<meta name=\"twitter:card\" content=\"summary_large_image\" \/>\n<meta name=\"twitter:label1\" content=\"Ansl. lesetid\" \/>\n\t<meta name=\"twitter:data1\" content=\"6 minutter\" \/>\n<script type=\"application\/ld+json\" class=\"yoast-schema-graph\">{\"@context\":\"https:\/\/schema.org\",\"@graph\":[{\"@type\":\"WebPage\",\"@id\":\"https:\/\/beta.bibliotekutvikling.no\/kunnskapsorganisering\/marc-utvekslingsformat-for-bibliografiske-data\/\",\"url\":\"https:\/\/beta.bibliotekutvikling.no\/kunnskapsorganisering\/marc-utvekslingsformat-for-bibliografiske-data\/\",\"name\":\"MARC: utvekslingsformat for bibliografiske data - Kunnskapsorganisering\",\"isPartOf\":{\"@id\":\"https:\/\/beta.bibliotekutvikling.no\/kunnskapsorganisering\/#website\"},\"primaryImageOfPage\":{\"@id\":\"https:\/\/beta.bibliotekutvikling.no\/kunnskapsorganisering\/marc-utvekslingsformat-for-bibliografiske-data\/#primaryimage\"},\"image\":{\"@id\":\"https:\/\/beta.bibliotekutvikling.no\/kunnskapsorganisering\/marc-utvekslingsformat-for-bibliografiske-data\/#primaryimage\"},\"thumbnailUrl\":\"https:\/\/beta.bibliotekutvikling.no\/content\/uploads\/sites\/8\/2019\/12\/Lambertseter_bibliotek_NETT-21.jpg\",\"datePublished\":\"2019-11-22T12:13:50+00:00\",\"dateModified\":\"2023-12-20T09:45:12+00:00\",\"breadcrumb\":{\"@id\":\"https:\/\/beta.bibliotekutvikling.no\/kunnskapsorganisering\/marc-utvekslingsformat-for-bibliografiske-data\/#breadcrumb\"},\"inLanguage\":\"nb-NO\",\"potentialAction\":[{\"@type\":\"ReadAction\",\"target\":[\"https:\/\/beta.bibliotekutvikling.no\/kunnskapsorganisering\/marc-utvekslingsformat-for-bibliografiske-data\/\"]}]},{\"@type\":\"ImageObject\",\"inLanguage\":\"nb-NO\",\"@id\":\"https:\/\/beta.bibliotekutvikling.no\/kunnskapsorganisering\/marc-utvekslingsformat-for-bibliografiske-data\/#primaryimage\",\"url\":\"https:\/\/beta.bibliotekutvikling.no\/content\/uploads\/sites\/8\/2019\/12\/Lambertseter_bibliotek_NETT-21.jpg\",\"contentUrl\":\"https:\/\/beta.bibliotekutvikling.no\/content\/uploads\/sites\/8\/2019\/12\/Lambertseter_bibliotek_NETT-21.jpg\",\"width\":2500,\"height\":1669},{\"@type\":\"BreadcrumbList\",\"@id\":\"https:\/\/beta.bibliotekutvikling.no\/kunnskapsorganisering\/marc-utvekslingsformat-for-bibliografiske-data\/#breadcrumb\",\"itemListElement\":[{\"@type\":\"ListItem\",\"position\":1,\"name\":\"Home\",\"item\":\"https:\/\/beta.bibliotekutvikling.no\/kunnskapsorganisering\/\"},{\"@type\":\"ListItem\",\"position\":2,\"name\":\"MARC: utvekslingsformat for bibliografiske data\"}]},{\"@type\":\"WebSite\",\"@id\":\"https:\/\/beta.bibliotekutvikling.no\/kunnskapsorganisering\/#website\",\"url\":\"https:\/\/beta.bibliotekutvikling.no\/kunnskapsorganisering\/\",\"name\":\"Kunnskapsorganisering\",\"description\":\"Ressurser i kunnskapsorganisering\",\"publisher\":{\"@id\":\"https:\/\/beta.bibliotekutvikling.no\/kunnskapsorganisering\/#organization\"},\"potentialAction\":[{\"@type\":\"SearchAction\",\"target\":{\"@type\":\"EntryPoint\",\"urlTemplate\":\"https:\/\/beta.bibliotekutvikling.no\/kunnskapsorganisering\/?s={search_term_string}\"},\"query-input\":{\"@type\":\"PropertyValueSpecification\",\"valueRequired\":true,\"valueName\":\"search_term_string\"}}],\"inLanguage\":\"nb-NO\"},{\"@type\":\"Organization\",\"@id\":\"https:\/\/beta.bibliotekutvikling.no\/kunnskapsorganisering\/#organization\",\"name\":\"Kunnskapsorganisering\",\"url\":\"https:\/\/beta.bibliotekutvikling.no\/kunnskapsorganisering\/\",\"logo\":{\"@type\":\"ImageObject\",\"inLanguage\":\"nb-NO\",\"@id\":\"https:\/\/beta.bibliotekutvikling.no\/kunnskapsorganisering\/#\/schema\/logo\/image\/\",\"url\":\"https:\/\/bibliotekutvikling.no\/content\/uploads\/sites\/8\/2024\/07\/MiniatyrBilde_logo.png\",\"contentUrl\":\"https:\/\/bibliotekutvikling.no\/content\/uploads\/sites\/8\/2024\/07\/MiniatyrBilde_logo.png\",\"width\":824,\"height\":744,\"caption\":\"Kunnskapsorganisering\"},\"image\":{\"@id\":\"https:\/\/beta.bibliotekutvikling.no\/kunnskapsorganisering\/#\/schema\/logo\/image\/\"}}]}<\/script>\n<!-- \/ Yoast SEO Premium plugin. -->","yoast_head_json":{"title":"MARC: utvekslingsformat for bibliografiske data - Kunnskapsorganisering","robots":{"index":"index","follow":"follow","max-snippet":"max-snippet:-1","max-image-preview":"max-image-preview:large","max-video-preview":"max-video-preview:-1"},"canonical":"https:\/\/beta.bibliotekutvikling.no\/kunnskapsorganisering\/marc-utvekslingsformat-for-bibliografiske-data\/","og_locale":"nb_NO","og_type":"article","og_title":"MARC: utvekslingsformat for bibliografiske data","og_url":"https:\/\/beta.bibliotekutvikling.no\/kunnskapsorganisering\/marc-utvekslingsformat-for-bibliografiske-data\/","og_site_name":"Kunnskapsorganisering","article_modified_time":"2023-12-20T09:45:12+00:00","og_image":[{"width":2500,"height":1669,"url":"https:\/\/beta.bibliotekutvikling.no\/content\/uploads\/sites\/8\/2019\/12\/Lambertseter_bibliotek_NETT-21.jpg","type":"image\/jpeg"}],"twitter_card":"summary_large_image","twitter_misc":{"Ansl. lesetid":"6 minutter"},"schema":{"@context":"https:\/\/schema.org","@graph":[{"@type":"WebPage","@id":"https:\/\/beta.bibliotekutvikling.no\/kunnskapsorganisering\/marc-utvekslingsformat-for-bibliografiske-data\/","url":"https:\/\/beta.bibliotekutvikling.no\/kunnskapsorganisering\/marc-utvekslingsformat-for-bibliografiske-data\/","name":"MARC: utvekslingsformat for bibliografiske data - Kunnskapsorganisering","isPartOf":{"@id":"https:\/\/beta.bibliotekutvikling.no\/kunnskapsorganisering\/#website"},"primaryImageOfPage":{"@id":"https:\/\/beta.bibliotekutvikling.no\/kunnskapsorganisering\/marc-utvekslingsformat-for-bibliografiske-data\/#primaryimage"},"image":{"@id":"https:\/\/beta.bibliotekutvikling.no\/kunnskapsorganisering\/marc-utvekslingsformat-for-bibliografiske-data\/#primaryimage"},"thumbnailUrl":"https:\/\/beta.bibliotekutvikling.no\/content\/uploads\/sites\/8\/2019\/12\/Lambertseter_bibliotek_NETT-21.jpg","datePublished":"2019-11-22T12:13:50+00:00","dateModified":"2023-12-20T09:45:12+00:00","breadcrumb":{"@id":"https:\/\/beta.bibliotekutvikling.no\/kunnskapsorganisering\/marc-utvekslingsformat-for-bibliografiske-data\/#breadcrumb"},"inLanguage":"nb-NO","potentialAction":[{"@type":"ReadAction","target":["https:\/\/beta.bibliotekutvikling.no\/kunnskapsorganisering\/marc-utvekslingsformat-for-bibliografiske-data\/"]}]},{"@type":"ImageObject","inLanguage":"nb-NO","@id":"https:\/\/beta.bibliotekutvikling.no\/kunnskapsorganisering\/marc-utvekslingsformat-for-bibliografiske-data\/#primaryimage","url":"https:\/\/beta.bibliotekutvikling.no\/content\/uploads\/sites\/8\/2019\/12\/Lambertseter_bibliotek_NETT-21.jpg","contentUrl":"https:\/\/beta.bibliotekutvikling.no\/content\/uploads\/sites\/8\/2019\/12\/Lambertseter_bibliotek_NETT-21.jpg","width":2500,"height":1669},{"@type":"BreadcrumbList","@id":"https:\/\/beta.bibliotekutvikling.no\/kunnskapsorganisering\/marc-utvekslingsformat-for-bibliografiske-data\/#breadcrumb","itemListElement":[{"@type":"ListItem","position":1,"name":"Home","item":"https:\/\/beta.bibliotekutvikling.no\/kunnskapsorganisering\/"},{"@type":"ListItem","position":2,"name":"MARC: utvekslingsformat for bibliografiske data"}]},{"@type":"WebSite","@id":"https:\/\/beta.bibliotekutvikling.no\/kunnskapsorganisering\/#website","url":"https:\/\/beta.bibliotekutvikling.no\/kunnskapsorganisering\/","name":"Kunnskapsorganisering","description":"Ressurser i kunnskapsorganisering","publisher":{"@id":"https:\/\/beta.bibliotekutvikling.no\/kunnskapsorganisering\/#organization"},"potentialAction":[{"@type":"SearchAction","target":{"@type":"EntryPoint","urlTemplate":"https:\/\/beta.bibliotekutvikling.no\/kunnskapsorganisering\/?s={search_term_string}"},"query-input":{"@type":"PropertyValueSpecification","valueRequired":true,"valueName":"search_term_string"}}],"inLanguage":"nb-NO"},{"@type":"Organization","@id":"https:\/\/beta.bibliotekutvikling.no\/kunnskapsorganisering\/#organization","name":"Kunnskapsorganisering","url":"https:\/\/beta.bibliotekutvikling.no\/kunnskapsorganisering\/","logo":{"@type":"ImageObject","inLanguage":"nb-NO","@id":"https:\/\/beta.bibliotekutvikling.no\/kunnskapsorganisering\/#\/schema\/logo\/image\/","url":"https:\/\/bibliotekutvikling.no\/content\/uploads\/sites\/8\/2024\/07\/MiniatyrBilde_logo.png","contentUrl":"https:\/\/bibliotekutvikling.no\/content\/uploads\/sites\/8\/2024\/07\/MiniatyrBilde_logo.png","width":824,"height":744,"caption":"Kunnskapsorganisering"},"image":{"@id":"https:\/\/beta.bibliotekutvikling.no\/kunnskapsorganisering\/#\/schema\/logo\/image\/"}}]}},"_links":{"self":[{"href":"https:\/\/beta.bibliotekutvikling.no\/kunnskapsorganisering\/wp-json\/wp\/v2\/pages\/288","targetHints":{"allow":["GET"]}}],"collection":[{"href":"https:\/\/beta.bibliotekutvikling.no\/kunnskapsorganisering\/wp-json\/wp\/v2\/pages"}],"about":[{"href":"https:\/\/beta.bibliotekutvikling.no\/kunnskapsorganisering\/wp-json\/wp\/v2\/types\/page"}],"author":[{"embeddable":true,"href":"https:\/\/beta.bibliotekutvikling.no\/kunnskapsorganisering\/wp-json\/wp\/v2\/users\/52"}],"replies":[{"embeddable":true,"href":"https:\/\/beta.bibliotekutvikling.no\/kunnskapsorganisering\/wp-json\/wp\/v2\/comments?post=288"}],"version-history":[{"count":4,"href":"https:\/\/beta.bibliotekutvikling.no\/kunnskapsorganisering\/wp-json\/wp\/v2\/pages\/288\/revisions"}],"predecessor-version":[{"id":2063,"href":"https:\/\/beta.bibliotekutvikling.no\/kunnskapsorganisering\/wp-json\/wp\/v2\/pages\/288\/revisions\/2063"}],"wp:featuredmedia":[{"embeddable":true,"href":"https:\/\/beta.bibliotekutvikling.no\/kunnskapsorganisering\/wp-json\/wp\/v2\/media\/690"}],"wp:attachment":[{"href":"https:\/\/beta.bibliotekutvikling.no\/kunnskapsorganisering\/wp-json\/wp\/v2\/media?parent=288"}],"curies":[{"name":"wp","href":"https:\/\/api.w.org\/{rel}","templated":true}]}}