{"id":68,"date":"2019-10-22T15:06:21","date_gmt":"2019-10-22T13:06:21","guid":{"rendered":"https:\/\/bibliotekutvikling.dev04.dekodes.no\/kunnskapsorganisering\/?page_id=68"},"modified":"2019-11-25T13:09:33","modified_gmt":"2019-11-25T12:09:33","slug":"historien-om-norske-katalogiseringsregler","status":"publish","type":"page","link":"https:\/\/beta.bibliotekutvikling.no\/kunnskapsorganisering\/kunnskapsorganisering\/katalogisering\/historien-om-norske-katalogiseringsregler\/","title":{"rendered":"Historien om norske katalogiseringsregler"},"content":{"rendered":"\n<p>P\u00e5 Norsk bibliotekforenings \u00e5rsm\u00f8te i Drammen i 1918 ble det besluttet \u00e5 sette ned en \u00abKatalogkomit\u00e9 til utarbeidelse av felles katalogiseringsregler\u00bb for norske bibliotek. F\u00f8r dette hadde Arne Arnesen og H\u00e5kon Nyhus (henholdsvis katalogsjef og leder p\u00e5 Deichmanske bibliotek) i 1909-1910 f\u00e5tt publisert en artikkelserie om katalogisering i tidsskriftet&nbsp;<em>For folke- og barneboksamlinger<\/em>. Artikkelserien kan ses p\u00e5 som det f\u00f8rste fors\u00f8ket p\u00e5 \u00e5 lage en l\u00e6rebok i katalogisering. I 1916 ga Arne Arnesen ut boken &nbsp;<em><a href=\"https:\/\/urn.nb.no\/URN:NBN:no-nb_digibok_2008040904004\">Katalogisering<\/a><\/em>&nbsp;med en bearbeidelse og utvidelse av artikkelserien. Boken har med et bilde av \u00abet skap for katalogkort\u00bb og \u00abpr\u00f8ve p\u00e5 biblioteksskrift\u00bb, \u00abPenneskaftet holdes mellem pekefinger og langfinger. Skriv tydelig og slik at enhver mulighet for feil\u00e6sning falder bort\u00bb. I 1914 kom&nbsp;<a href=\"https:\/\/www.nb.no\/search?mediatype=b%C3%B8ker&amp;title=%22Katalogiseringsregler%20for%20den%20alfabetiske%20seddelkatalog%20ved%20Universitetsbibliotekets%20utenlandske%20avdeling%22\">Katalogiseringsregler for den alfabetiske seddelkatalog ved Universitetsbibliotekets utenlandske avdeling<\/a>.<\/p>\n\n\n\n<p>F\u00f8rste utgave av&nbsp;<em><a href=\"https:\/\/urn.nb.no\/URN:NBN:no-nb_digibok_2014082508010\">Katalogiseringsregler for norske biblioteker<\/a>,<\/em>&nbsp;utarbeidet av Norsk bibliotekforenings katalogkomit\u00e9 kom i 1925.&nbsp; Arbeidet hadde tatt lang tid. Et utkast fra 1921 fikk sterk kritikk fra Universitetsbiblioteket i Oslo. For \u00e5 m\u00f8te kritikken, ble komiteen utvidet med et medlem derfra. Da regelverket ble i publisert, hadde det likevel s\u00e6rregler for Universitetsbiblioteket p\u00e5 noen omr\u00e5der. Forordet hadde denne forklaringen: \u00abN\u00e5r Universitetsbiblioteket har \u00f8nske \u00e5 f\u00e5 sin avvikende bruk opf\u00f8rt i de felles katalogiseringsregler, er det bl.a. fordi det betrakter sig som representant for den eldre norske katalogtradisjon, og anser denne for \u00e5 v\u00e6re i besiddelse av fordeler som berettiger den til en plass jevnsides med det amerikanske system.\u00bb<\/p>\n\n\n\n<p>Det kom reviderte utgaver i 1938 og 1955, fortsatt med s\u00e6rregler for Universitetsbiblioteket. Det ble gjort sm\u00e5 endringer, men i 1955-utgaven var for f\u00f8rste gang registrering av kart, grammofonplater og mikrofilm beskrevet.<\/p>\n\n\n\n<p>I 1964 ble det p\u00e5 nytt oppnevnt en komit\u00e9 for \u00e5 omarbeide regelverket, denne gang for at reglene skulle komme i overensstemmelse med beslutningene som ble tatt p\u00e5 IFLAs International Conference on Cataloguing Principles i Paris 1961. I 1971 kom\u00a0<a href=\"https:\/\/urn.nb.no\/URN:NBN:no-nb_digibok_2007071900012\">4. omarbeidede utgave ut<\/a>. Dette ble de f\u00f8rste felles katalogiseringsreglene for alle norske bibliotek. Universitetsbibliotekets s\u00e6rregler var borte. De hadde begynt \u00e5 bruke det samme regelverket som folkebibliotekene i 1966, bortsett fra for \u00aboffisielle publikasjoner\u00bb. Ellers var ikke endringene s\u00e5 store.<\/p>\n\n\n\n<p>I l\u00f8pet av 1970-\u00e5rene fikk internasjonalt samarbeid om utveksling av bibliografiske data et gjennombrudd. Saken ble ogs\u00e5 diskutert i en serie nordiske konferanser tidlig p\u00e5 1970-tallet. P\u00e5 den fjerde konferansen i Helsing\u00f8r i 1973 ble de enige om \u00e5 f\u00f8lge IFLAs internasjonale standarder for bibliografisk beskrivelse (ISBD) og anglo-amerikanske katalogiseringsregler (AACR) for registrering i \u00abEDB-baserte kataloger\u00bb.<\/p>\n\n\n\n<p>I 1978 kom en ny utgave av de anglo-amerikanske reglene \u2013 AACR2. Disse reglene avvek p\u00e5 flere vesentlige punkter fra de norske reglene fra 1971. I 1979 anbefalte Norsk bibliotekforenings faste katalogkomit\u00e9 at man skulle gi ut nye norske katalogiseringsregler, og at disse burde ligge s\u00e5 n\u00e6rt opp til AACR2 som mulig. I praksis foreslo man \u00e5 lage en norsk oversettelse av den fullstendige originalutgaven, med mindre justeringer bare der det var helt n\u00f8dvendig.&nbsp;<a href=\"https:\/\/snl.no\/Riksbibliotektjenesten\">Riksbibliotektjenesten<\/a>&nbsp;og&nbsp;<a href=\"https:\/\/snl.no\/Statens_bibliotektilsyn\">Statens bibliotektilsyn<\/a>&nbsp;st\u00f8ttet saken.<\/p>\n\n\n\n<p>I 1983 kom s\u00e5&nbsp;<em><a href=\"https:\/\/urn.nb.no\/URN:NBN:no-nb_digibok_2014082107074\">Katalogiseringsregler<\/a><\/em>, utgitt av Norsk bibliotekforening. &nbsp;Regelverket bygget i hovedsak p\u00e5 AACR2, men med en del justeringer og tillempninger, blant annet i valg av terminologi. Inger Cathrine Spangen, den gang f\u00f8rsteamanuensis ved Statens bibliotekh\u00f8gskole, var ansvarlig for utgivelsen.&nbsp;<em>Katalogiseringsregler<\/em>&nbsp;kom senere nye utgaver i 1998 og 2007, og et opplag med mindre rettelser i 2010. Fra 2007 med Nasjonalbiblioteket som utgiver.<\/p>\n\n\n\n<p>Nasjonalbiblioteket er ansvarlig for norsk regelverk for katalogisering, og besluttet i 2013 \u00e5 g\u00e5 over til&nbsp;<em>Resource Description and Access (RDA)<\/em>&nbsp;som katalogiseringsregelverk i Norge. Nasjonalbiblioteket r\u00e5df\u00f8rte seg med&nbsp;Den norske katalogkomit\u00e9, og fikk en klar anbefaling om \u00e5 oversette RDA til norsk og \u00e5 lage norske anbefalinger til bruken av regelverket.<\/p>\n\n\n\n<p>I begrunnelsen for beslutningen ble det lagt vekt p\u00e5 at norsk katalogiseringspraksis m\u00e5 f\u00f8lge internasjonale standarder, blant annet for \u00e5 legge til rette for effektiv gjenbruk av metadata, og at det derfor er naturlig \u00e5 f\u00f8lge med p\u00e5 overgangen fra AACR2 til RDA. I utviklingen av RDA er det lagt vekt p\u00e5 moderne katalogiseringsprinsipper tilpasset en digital verden. Regelverket legger godt til rette for \u00e5pne, lenkede data.<\/p>\n\n\n\n<p>Nasjonalbiblioteket vedlikeholder nasjonale anbefalinger som viser hvilke alternative regler i RDA som skal tas i bruk i Norge og om det skal gj\u00f8res avvik fra noen av reglene.<\/p>\n\n\n\n<p>I 2019 tar Nasjonalbiblioteket i bruk Resource Description and Access (RDA) som katalogiseringsregelverk i Nasjonalbibliografien og i metadataleveransen til folke- og skolebibliotek. 2019 vil v\u00e6re et overgangs\u00e5r der<\/p>\n\n\n\n<p><em>Katalogiseringsregler<\/em>&nbsp;kan brukes parallelt. Fra 2020 skal RDA v\u00e6re gjeldende katalogiseringsregelverk for alle norske bibliotek.<\/p>\n\n\n\n<p><em>Kilder:<\/em><\/p>\n\n\n\n<p><em>Katalogiseringsregler : Anglo-American cataloguing rules, second edition \/ oversatt og bearbeidet for norske forhold ved Inger Cathrine Spangen<\/em>&nbsp;(3. utg.). (2007). Oslo: Nasjonalbiblioteket.<\/p>\n\n\n\n<p>Norsk bibliotekforening Katalogkomiteen. (1925).&nbsp;<em>Katalogiseringsregler for norske biblioteker \/ utarbeidet av Norske bibliotekforenings katalogkomit\u00e9.<\/em>&nbsp;Oslo: O. Fredr. Arnesens bok- og akcidenstrykkeri.<\/p>\n\n\n\n<p>Norsk bibliotekforenings katalogkomit\u00e9. (1971).&nbsp;<em>Katalogiseringsregler for norske biblioteker<\/em>&nbsp;(4. utg.). Komiteen.<\/p>\n\n\n\n<p>Spangen, I. C. (2005).&nbsp;<em>En n\u00f8kkel til biblioteket blir til : katalogen og katalogiseringsreglene i historisk perspektiv.<\/em>&nbsp;Oslo: H\u00f8gskolen i Oslo, Avdeling journalistikk, bibliotek- og informasjonsfag.<\/p>\n","protected":false},"excerpt":{"rendered":"","protected":false},"author":54,"featured_media":0,"parent":146,"menu_order":0,"comment_status":"closed","ping_status":"closed","template":"","meta":{"nb_hide_title":false,"sub_navigation_option":"","sub_navigation_custom_items":null,"footnotes":""},"class_list":["post-68","page","type-page","status-publish","hentry"],"yoast_head":"<!-- This site is optimized with the Yoast SEO Premium plugin v27.1 (Yoast SEO v27.1.1) - https:\/\/yoast.com\/product\/yoast-seo-premium-wordpress\/ -->\n<title>Historien om norske katalogiseringsregler - Kunnskapsorganisering<\/title>\n<meta name=\"robots\" content=\"index, follow, max-snippet:-1, max-image-preview:large, max-video-preview:-1\" \/>\n<link rel=\"canonical\" href=\"https:\/\/beta.bibliotekutvikling.no\/kunnskapsorganisering\/kunnskapsorganisering\/katalogisering\/historien-om-norske-katalogiseringsregler\/\" \/>\n<meta property=\"og:locale\" content=\"nb_NO\" \/>\n<meta property=\"og:type\" content=\"article\" \/>\n<meta property=\"og:title\" content=\"Historien om norske katalogiseringsregler\" \/>\n<meta property=\"og:url\" content=\"https:\/\/beta.bibliotekutvikling.no\/kunnskapsorganisering\/kunnskapsorganisering\/katalogisering\/historien-om-norske-katalogiseringsregler\/\" \/>\n<meta property=\"og:site_name\" content=\"Kunnskapsorganisering\" \/>\n<meta property=\"article:modified_time\" content=\"2019-11-25T12:09:33+00:00\" \/>\n<meta name=\"twitter:card\" content=\"summary_large_image\" \/>\n<meta name=\"twitter:label1\" content=\"Ansl. lesetid\" \/>\n\t<meta name=\"twitter:data1\" content=\"4 minutter\" \/>\n<script type=\"application\/ld+json\" class=\"yoast-schema-graph\">{\"@context\":\"https:\/\/schema.org\",\"@graph\":[{\"@type\":\"WebPage\",\"@id\":\"https:\/\/beta.bibliotekutvikling.no\/kunnskapsorganisering\/kunnskapsorganisering\/katalogisering\/historien-om-norske-katalogiseringsregler\/\",\"url\":\"https:\/\/beta.bibliotekutvikling.no\/kunnskapsorganisering\/kunnskapsorganisering\/katalogisering\/historien-om-norske-katalogiseringsregler\/\",\"name\":\"Historien om norske katalogiseringsregler - Kunnskapsorganisering\",\"isPartOf\":{\"@id\":\"https:\/\/beta.bibliotekutvikling.no\/kunnskapsorganisering\/#website\"},\"datePublished\":\"2019-10-22T13:06:21+00:00\",\"dateModified\":\"2019-11-25T12:09:33+00:00\",\"breadcrumb\":{\"@id\":\"https:\/\/beta.bibliotekutvikling.no\/kunnskapsorganisering\/kunnskapsorganisering\/katalogisering\/historien-om-norske-katalogiseringsregler\/#breadcrumb\"},\"inLanguage\":\"nb-NO\",\"potentialAction\":[{\"@type\":\"ReadAction\",\"target\":[\"https:\/\/beta.bibliotekutvikling.no\/kunnskapsorganisering\/kunnskapsorganisering\/katalogisering\/historien-om-norske-katalogiseringsregler\/\"]}]},{\"@type\":\"BreadcrumbList\",\"@id\":\"https:\/\/beta.bibliotekutvikling.no\/kunnskapsorganisering\/kunnskapsorganisering\/katalogisering\/historien-om-norske-katalogiseringsregler\/#breadcrumb\",\"itemListElement\":[{\"@type\":\"ListItem\",\"position\":1,\"name\":\"Home\",\"item\":\"https:\/\/beta.bibliotekutvikling.no\/kunnskapsorganisering\/\"},{\"@type\":\"ListItem\",\"position\":2,\"name\":\"Kunnskapsorganisering\",\"item\":\"https:\/\/beta.bibliotekutvikling.no\/kunnskapsorganisering\/\"},{\"@type\":\"ListItem\",\"position\":3,\"name\":\"Katalogisering\",\"item\":\"https:\/\/beta.bibliotekutvikling.no\/kunnskapsorganisering\/kunnskapsorganisering\/katalogisering\/\"},{\"@type\":\"ListItem\",\"position\":4,\"name\":\"Historien om norske katalogiseringsregler\"}]},{\"@type\":\"WebSite\",\"@id\":\"https:\/\/beta.bibliotekutvikling.no\/kunnskapsorganisering\/#website\",\"url\":\"https:\/\/beta.bibliotekutvikling.no\/kunnskapsorganisering\/\",\"name\":\"Kunnskapsorganisering\",\"description\":\"Ressurser i kunnskapsorganisering\",\"publisher\":{\"@id\":\"https:\/\/beta.bibliotekutvikling.no\/kunnskapsorganisering\/#organization\"},\"potentialAction\":[{\"@type\":\"SearchAction\",\"target\":{\"@type\":\"EntryPoint\",\"urlTemplate\":\"https:\/\/beta.bibliotekutvikling.no\/kunnskapsorganisering\/?s={search_term_string}\"},\"query-input\":{\"@type\":\"PropertyValueSpecification\",\"valueRequired\":true,\"valueName\":\"search_term_string\"}}],\"inLanguage\":\"nb-NO\"},{\"@type\":\"Organization\",\"@id\":\"https:\/\/beta.bibliotekutvikling.no\/kunnskapsorganisering\/#organization\",\"name\":\"Kunnskapsorganisering\",\"url\":\"https:\/\/beta.bibliotekutvikling.no\/kunnskapsorganisering\/\",\"logo\":{\"@type\":\"ImageObject\",\"inLanguage\":\"nb-NO\",\"@id\":\"https:\/\/beta.bibliotekutvikling.no\/kunnskapsorganisering\/#\/schema\/logo\/image\/\",\"url\":\"https:\/\/bibliotekutvikling.no\/content\/uploads\/sites\/8\/2024\/07\/MiniatyrBilde_logo.png\",\"contentUrl\":\"https:\/\/bibliotekutvikling.no\/content\/uploads\/sites\/8\/2024\/07\/MiniatyrBilde_logo.png\",\"width\":824,\"height\":744,\"caption\":\"Kunnskapsorganisering\"},\"image\":{\"@id\":\"https:\/\/beta.bibliotekutvikling.no\/kunnskapsorganisering\/#\/schema\/logo\/image\/\"}}]}<\/script>\n<!-- \/ Yoast SEO Premium plugin. -->","yoast_head_json":{"title":"Historien om norske katalogiseringsregler - Kunnskapsorganisering","robots":{"index":"index","follow":"follow","max-snippet":"max-snippet:-1","max-image-preview":"max-image-preview:large","max-video-preview":"max-video-preview:-1"},"canonical":"https:\/\/beta.bibliotekutvikling.no\/kunnskapsorganisering\/kunnskapsorganisering\/katalogisering\/historien-om-norske-katalogiseringsregler\/","og_locale":"nb_NO","og_type":"article","og_title":"Historien om norske katalogiseringsregler","og_url":"https:\/\/beta.bibliotekutvikling.no\/kunnskapsorganisering\/kunnskapsorganisering\/katalogisering\/historien-om-norske-katalogiseringsregler\/","og_site_name":"Kunnskapsorganisering","article_modified_time":"2019-11-25T12:09:33+00:00","twitter_card":"summary_large_image","twitter_misc":{"Ansl. lesetid":"4 minutter"},"schema":{"@context":"https:\/\/schema.org","@graph":[{"@type":"WebPage","@id":"https:\/\/beta.bibliotekutvikling.no\/kunnskapsorganisering\/kunnskapsorganisering\/katalogisering\/historien-om-norske-katalogiseringsregler\/","url":"https:\/\/beta.bibliotekutvikling.no\/kunnskapsorganisering\/kunnskapsorganisering\/katalogisering\/historien-om-norske-katalogiseringsregler\/","name":"Historien om norske katalogiseringsregler - Kunnskapsorganisering","isPartOf":{"@id":"https:\/\/beta.bibliotekutvikling.no\/kunnskapsorganisering\/#website"},"datePublished":"2019-10-22T13:06:21+00:00","dateModified":"2019-11-25T12:09:33+00:00","breadcrumb":{"@id":"https:\/\/beta.bibliotekutvikling.no\/kunnskapsorganisering\/kunnskapsorganisering\/katalogisering\/historien-om-norske-katalogiseringsregler\/#breadcrumb"},"inLanguage":"nb-NO","potentialAction":[{"@type":"ReadAction","target":["https:\/\/beta.bibliotekutvikling.no\/kunnskapsorganisering\/kunnskapsorganisering\/katalogisering\/historien-om-norske-katalogiseringsregler\/"]}]},{"@type":"BreadcrumbList","@id":"https:\/\/beta.bibliotekutvikling.no\/kunnskapsorganisering\/kunnskapsorganisering\/katalogisering\/historien-om-norske-katalogiseringsregler\/#breadcrumb","itemListElement":[{"@type":"ListItem","position":1,"name":"Home","item":"https:\/\/beta.bibliotekutvikling.no\/kunnskapsorganisering\/"},{"@type":"ListItem","position":2,"name":"Kunnskapsorganisering","item":"https:\/\/beta.bibliotekutvikling.no\/kunnskapsorganisering\/"},{"@type":"ListItem","position":3,"name":"Katalogisering","item":"https:\/\/beta.bibliotekutvikling.no\/kunnskapsorganisering\/kunnskapsorganisering\/katalogisering\/"},{"@type":"ListItem","position":4,"name":"Historien om norske katalogiseringsregler"}]},{"@type":"WebSite","@id":"https:\/\/beta.bibliotekutvikling.no\/kunnskapsorganisering\/#website","url":"https:\/\/beta.bibliotekutvikling.no\/kunnskapsorganisering\/","name":"Kunnskapsorganisering","description":"Ressurser i kunnskapsorganisering","publisher":{"@id":"https:\/\/beta.bibliotekutvikling.no\/kunnskapsorganisering\/#organization"},"potentialAction":[{"@type":"SearchAction","target":{"@type":"EntryPoint","urlTemplate":"https:\/\/beta.bibliotekutvikling.no\/kunnskapsorganisering\/?s={search_term_string}"},"query-input":{"@type":"PropertyValueSpecification","valueRequired":true,"valueName":"search_term_string"}}],"inLanguage":"nb-NO"},{"@type":"Organization","@id":"https:\/\/beta.bibliotekutvikling.no\/kunnskapsorganisering\/#organization","name":"Kunnskapsorganisering","url":"https:\/\/beta.bibliotekutvikling.no\/kunnskapsorganisering\/","logo":{"@type":"ImageObject","inLanguage":"nb-NO","@id":"https:\/\/beta.bibliotekutvikling.no\/kunnskapsorganisering\/#\/schema\/logo\/image\/","url":"https:\/\/bibliotekutvikling.no\/content\/uploads\/sites\/8\/2024\/07\/MiniatyrBilde_logo.png","contentUrl":"https:\/\/bibliotekutvikling.no\/content\/uploads\/sites\/8\/2024\/07\/MiniatyrBilde_logo.png","width":824,"height":744,"caption":"Kunnskapsorganisering"},"image":{"@id":"https:\/\/beta.bibliotekutvikling.no\/kunnskapsorganisering\/#\/schema\/logo\/image\/"}}]}},"_links":{"self":[{"href":"https:\/\/beta.bibliotekutvikling.no\/kunnskapsorganisering\/wp-json\/wp\/v2\/pages\/68","targetHints":{"allow":["GET"]}}],"collection":[{"href":"https:\/\/beta.bibliotekutvikling.no\/kunnskapsorganisering\/wp-json\/wp\/v2\/pages"}],"about":[{"href":"https:\/\/beta.bibliotekutvikling.no\/kunnskapsorganisering\/wp-json\/wp\/v2\/types\/page"}],"author":[{"embeddable":true,"href":"https:\/\/beta.bibliotekutvikling.no\/kunnskapsorganisering\/wp-json\/wp\/v2\/users\/54"}],"replies":[{"embeddable":true,"href":"https:\/\/beta.bibliotekutvikling.no\/kunnskapsorganisering\/wp-json\/wp\/v2\/comments?post=68"}],"version-history":[{"count":2,"href":"https:\/\/beta.bibliotekutvikling.no\/kunnskapsorganisering\/wp-json\/wp\/v2\/pages\/68\/revisions"}],"predecessor-version":[{"id":327,"href":"https:\/\/beta.bibliotekutvikling.no\/kunnskapsorganisering\/wp-json\/wp\/v2\/pages\/68\/revisions\/327"}],"up":[{"embeddable":true,"href":"https:\/\/beta.bibliotekutvikling.no\/kunnskapsorganisering\/wp-json\/wp\/v2\/pages\/146"}],"wp:attachment":[{"href":"https:\/\/beta.bibliotekutvikling.no\/kunnskapsorganisering\/wp-json\/wp\/v2\/media?parent=68"}],"curies":[{"name":"wp","href":"https:\/\/api.w.org\/{rel}","templated":true}]}}