{"id":971,"date":"2020-02-06T10:37:34","date_gmt":"2020-02-06T09:37:34","guid":{"rendered":"https:\/\/bibliotekutvikling.no\/kunnskapsorganisering\/?page_id=971"},"modified":"2024-11-06T14:16:55","modified_gmt":"2024-11-06T13:16:55","slug":"metadatabronn","status":"publish","type":"page","link":"https:\/\/beta.bibliotekutvikling.no\/kunnskapsorganisering\/metadata-fra-nasjonalbiblioteket\/metadatabronn\/","title":{"rendered":"Etablering av en metadatabr\u00f8nn ved Nasjonalbiblioteket"},"content":{"rendered":"\n<h2 class=\"wp-block-heading\">Bakgrunn for etableringen<\/h2>\n\n\n\n<p>Ett av tiltakene i regjeringens&nbsp;<a href=\"https:\/\/bibliotekutvikling.no\/nasjonal-bibliotekutvikling\/nasjonal-bibliotekstrategi-2020-2023-rom-for-demokrati-og-dannelse\/\">bibliotekstrategi 2020-2023<\/a>&nbsp;er en metadatabr\u00f8nn: \u00ab<em>Nasjonalbiblioteket skal i samarbeid med Unit etablere en nasjonal metadatabr\u00f8nn som sikrer \u00e9n autorisert kilde til metadata for norske bibliotek, og som muliggj\u00f8r gjenbruk av metadata b\u00e5de mellom bibliotekene og mellom bibliotekene og andre akt\u00f8rer.\u00bb<\/em><\/p>\n\n\n\n<p>Leverand\u00f8rene av data til metadatabr\u00f8nnen vil v\u00e6re Nasjonalbiblioteket og andre bibliotek, men ogs\u00e5 kommersielle metadataleverand\u00f8rer. Mange av leverand\u00f8rene av data til metadatabr\u00f8nnen vil ogs\u00e5 v\u00e6re brukere, dette gjelder b\u00e5de Nasjonalbiblioteket og andre bibliotek, men ogs\u00e5 tjenesteleverand\u00f8rer i ABM-sektoren. <\/p>\n\n\n\n<p>Biblioteks\u00f8k kan baseres direkte p\u00e5 metadatabeskrivelser fra metadatabr\u00f8nnen og bare hente inn eksemplaropplysninger fra lokale bibliotekkataloger. Nasjonalbibliografien kan baseres p\u00e5 data fra metadatabr\u00f8nnen.<\/p>\n\n\n\n<h2 class=\"wp-block-heading\">Kontrollerte metadatabeskrivelser<\/h2>\n\n\n\n<p>Metadatabeskrivelser som leveres til metadatabr\u00f8nnen, m\u00e5 gjennom en verifisering f\u00f8r de kommer inn. Det m\u00e5 kontrolleres at metadatabeskrivelsen som leveres, ikke finnes fra f\u00f8r, at den har avtalt omfang og kvalitet. Metadatabeskrivelsen m\u00e5 merkes med proveniens og en form for kvalitetsniv\u00e5.<\/p>\n\n\n\n<p>Metadatabeskrivelsen utstyres med en unik identifikator som b\u00e5de returneres til kildesystemet og f\u00f8lger med til tjenester som tar beskrivelsen i bruk.<\/p>\n\n\n\n<p>Metadataelement som finnes i autoritetsregister, for eksempel i Felles autoritetsregister for personer og korporasjoner, Verksregisteret eller Sjanger- og formtesaurusen, vil f\u00e5 id-er som hentet derfra.<\/p>\n\n\n\n<h2 class=\"wp-block-heading\">Request for Information om metadatabr\u00f8nnen<\/h2>\n\n\n\n<p>Det er et omfattende arbeid \u00e5 f\u00e5 etablert metadatabr\u00f8nnen, og mange sp\u00f8rsm\u00e5l som m\u00e5 besvares f\u00f8r realisering. Ett av dem er i hvilken grad, og p\u00e5 hvilken m\u00e5te, metadatabr\u00f8nnen skal basere seg p\u00e5 lenkede data.<\/p>\n\n\n\n<p>For \u00e5 f\u00e5 svar p\u00e5 noen av sp\u00f8rsm\u00e5lene, publiserte Nasjonalbiblioteket i desember 2021 en&nbsp;<em>Request for Information (RFI). <\/em>M\u00e5let var <a href=\"https:\/\/www.doffin.no\/Notice\/Details\/2021-397594\"><\/a>\u00e5 unders\u00f8ke om det finnes relevante og interessante systemer eller leverand\u00f8rer i markedet, s\u00e6rlig med tanke p\u00e5 hvordan markedet forholder seg til bibliografiske data representert som lenkede data. &nbsp;Teksten i RFI-en var resultat av en prosess i Nasjonalbiblioteket i 2020 og 2021 der ogs\u00e5 bibliotek, metadata- og systemleverand\u00f8rer fikk komme med innspill.<\/p>\n\n\n\n<p><a href=\"https:\/\/bibliotekutvikling.no\/content\/uploads\/2021\/12\/Metadatabronn_RFI_publisering.pdf\">Les hele RFI-dokumentet (PDF)&nbsp;her<\/a><\/p>\n\n\n\n<p>Svarene p\u00e5 RFI-en ga noen svar i positiv retning. B\u00e5de at sentrale metadataleverand\u00f8rer i Norge er i ferd med \u00e5 utvikle egne tjenester basert p\u00e5 lenkede data, og at det kan finnes aktuelle system og leverand\u00f8rer.<\/p>\n\n\n\n<h2 class=\"wp-block-heading\" id=\"h-videre-arbeid\">Videre arbeid<\/h2>\n\n\n\n<p>I det videre arbeidet skal modell for utvikling, drift og dataforvaltning bestemmes f\u00f8r en eventuell anbudskonkurranse. Det m\u00e5 ogs\u00e5 gj\u00f8res en n\u00e6rmere analyse av mulige relevante system i markedet. En anbefalt ontologi for representasjon av en bibliografisk beskrivelse som lenkede data m\u00e5 ogs\u00e5 defineres.<\/p>\n\n\n\n<p>Metadatabr\u00f8nnen skal lanseres innenfor strategiperioden. N\u00f8dvendige beslutninger vil bli tatt i samr\u00e5d med <a href=\"https:\/\/bibliotekutvikling.no\/nasjonal-bibliotekutvikling\/nasjonal-bibliotekstrategi-2020-2023-rom-for-demokrati-og-dannelse\/strategisk-rad-nasjonal-bibliotekstrategi-2020-2023\/\">strategisk r\u00e5d for nasjonal bibliotekstrategi.<\/a><\/p>\n\n\n\n<p><em>Sist oppdatert: Mars 2022.<\/em><\/p>\n","protected":false},"excerpt":{"rendered":"","protected":false},"author":52,"featured_media":2396,"parent":5,"menu_order":0,"comment_status":"closed","ping_status":"closed","template":"","meta":{"nb_hide_title":false,"sub_navigation_option":"","sub_navigation_custom_items":null,"footnotes":""},"class_list":["post-971","page","type-page","status-publish","has-post-thumbnail","hentry"],"yoast_head":"<!-- This site is optimized with the Yoast SEO Premium plugin v27.1 (Yoast SEO v27.1.1) - https:\/\/yoast.com\/product\/yoast-seo-premium-wordpress\/ -->\n<title>Etablering av en metadatabr\u00f8nn ved Nasjonalbiblioteket - Kunnskapsorganisering<\/title>\n<meta name=\"robots\" content=\"index, follow, max-snippet:-1, max-image-preview:large, max-video-preview:-1\" \/>\n<link rel=\"canonical\" href=\"https:\/\/beta.bibliotekutvikling.no\/kunnskapsorganisering\/metadata-fra-nasjonalbiblioteket\/metadatabronn\/\" \/>\n<meta property=\"og:locale\" content=\"nb_NO\" \/>\n<meta property=\"og:type\" content=\"article\" \/>\n<meta property=\"og:title\" content=\"Etablering av en metadatabr\u00f8nn ved Nasjonalbiblioteket\" \/>\n<meta property=\"og:url\" content=\"https:\/\/beta.bibliotekutvikling.no\/kunnskapsorganisering\/metadata-fra-nasjonalbiblioteket\/metadatabronn\/\" \/>\n<meta property=\"og:site_name\" content=\"Kunnskapsorganisering\" \/>\n<meta property=\"article:modified_time\" content=\"2024-11-06T13:16:55+00:00\" \/>\n<meta property=\"og:image\" content=\"https:\/\/beta.bibliotekutvikling.no\/content\/uploads\/sites\/8\/2024\/11\/fine-bok-i-biblioteket-shutterstock-scaled.jpg\" \/>\n\t<meta property=\"og:image:width\" content=\"2560\" \/>\n\t<meta property=\"og:image:height\" content=\"1703\" \/>\n\t<meta property=\"og:image:type\" content=\"image\/jpeg\" \/>\n<meta name=\"twitter:card\" content=\"summary_large_image\" \/>\n<meta name=\"twitter:label1\" content=\"Ansl. lesetid\" \/>\n\t<meta name=\"twitter:data1\" content=\"3 minutter\" \/>\n<script type=\"application\/ld+json\" class=\"yoast-schema-graph\">{\"@context\":\"https:\/\/schema.org\",\"@graph\":[{\"@type\":\"WebPage\",\"@id\":\"https:\/\/beta.bibliotekutvikling.no\/kunnskapsorganisering\/metadata-fra-nasjonalbiblioteket\/metadatabronn\/\",\"url\":\"https:\/\/beta.bibliotekutvikling.no\/kunnskapsorganisering\/metadata-fra-nasjonalbiblioteket\/metadatabronn\/\",\"name\":\"Etablering av en metadatabr\u00f8nn ved Nasjonalbiblioteket - Kunnskapsorganisering\",\"isPartOf\":{\"@id\":\"https:\/\/beta.bibliotekutvikling.no\/kunnskapsorganisering\/#website\"},\"primaryImageOfPage\":{\"@id\":\"https:\/\/beta.bibliotekutvikling.no\/kunnskapsorganisering\/metadata-fra-nasjonalbiblioteket\/metadatabronn\/#primaryimage\"},\"image\":{\"@id\":\"https:\/\/beta.bibliotekutvikling.no\/kunnskapsorganisering\/metadata-fra-nasjonalbiblioteket\/metadatabronn\/#primaryimage\"},\"thumbnailUrl\":\"https:\/\/beta.bibliotekutvikling.no\/content\/uploads\/sites\/8\/2024\/11\/fine-bok-i-biblioteket-shutterstock-scaled.jpg\",\"datePublished\":\"2020-02-06T09:37:34+00:00\",\"dateModified\":\"2024-11-06T13:16:55+00:00\",\"breadcrumb\":{\"@id\":\"https:\/\/beta.bibliotekutvikling.no\/kunnskapsorganisering\/metadata-fra-nasjonalbiblioteket\/metadatabronn\/#breadcrumb\"},\"inLanguage\":\"nb-NO\",\"potentialAction\":[{\"@type\":\"ReadAction\",\"target\":[\"https:\/\/beta.bibliotekutvikling.no\/kunnskapsorganisering\/metadata-fra-nasjonalbiblioteket\/metadatabronn\/\"]}]},{\"@type\":\"ImageObject\",\"inLanguage\":\"nb-NO\",\"@id\":\"https:\/\/beta.bibliotekutvikling.no\/kunnskapsorganisering\/metadata-fra-nasjonalbiblioteket\/metadatabronn\/#primaryimage\",\"url\":\"https:\/\/beta.bibliotekutvikling.no\/content\/uploads\/sites\/8\/2024\/11\/fine-bok-i-biblioteket-shutterstock-scaled.jpg\",\"contentUrl\":\"https:\/\/beta.bibliotekutvikling.no\/content\/uploads\/sites\/8\/2024\/11\/fine-bok-i-biblioteket-shutterstock-scaled.jpg\",\"width\":2560,\"height\":1703,\"caption\":\"Arm som henter ut en bok fra bokhylle i biblioteket - shutterstock\"},{\"@type\":\"BreadcrumbList\",\"@id\":\"https:\/\/beta.bibliotekutvikling.no\/kunnskapsorganisering\/metadata-fra-nasjonalbiblioteket\/metadatabronn\/#breadcrumb\",\"itemListElement\":[{\"@type\":\"ListItem\",\"position\":1,\"name\":\"Home\",\"item\":\"https:\/\/beta.bibliotekutvikling.no\/kunnskapsorganisering\/\"},{\"@type\":\"ListItem\",\"position\":2,\"name\":\"Metadata fra Nasjonalbiblioteket\",\"item\":\"https:\/\/beta.bibliotekutvikling.no\/kunnskapsorganisering\/metadata-fra-nasjonalbiblioteket\/\"},{\"@type\":\"ListItem\",\"position\":3,\"name\":\"Etablering av en metadatabr\u00f8nn ved Nasjonalbiblioteket\"}]},{\"@type\":\"WebSite\",\"@id\":\"https:\/\/beta.bibliotekutvikling.no\/kunnskapsorganisering\/#website\",\"url\":\"https:\/\/beta.bibliotekutvikling.no\/kunnskapsorganisering\/\",\"name\":\"Kunnskapsorganisering\",\"description\":\"Ressurser i kunnskapsorganisering\",\"publisher\":{\"@id\":\"https:\/\/beta.bibliotekutvikling.no\/kunnskapsorganisering\/#organization\"},\"potentialAction\":[{\"@type\":\"SearchAction\",\"target\":{\"@type\":\"EntryPoint\",\"urlTemplate\":\"https:\/\/beta.bibliotekutvikling.no\/kunnskapsorganisering\/?s={search_term_string}\"},\"query-input\":{\"@type\":\"PropertyValueSpecification\",\"valueRequired\":true,\"valueName\":\"search_term_string\"}}],\"inLanguage\":\"nb-NO\"},{\"@type\":\"Organization\",\"@id\":\"https:\/\/beta.bibliotekutvikling.no\/kunnskapsorganisering\/#organization\",\"name\":\"Kunnskapsorganisering\",\"url\":\"https:\/\/beta.bibliotekutvikling.no\/kunnskapsorganisering\/\",\"logo\":{\"@type\":\"ImageObject\",\"inLanguage\":\"nb-NO\",\"@id\":\"https:\/\/beta.bibliotekutvikling.no\/kunnskapsorganisering\/#\/schema\/logo\/image\/\",\"url\":\"https:\/\/bibliotekutvikling.no\/content\/uploads\/sites\/8\/2024\/07\/MiniatyrBilde_logo.png\",\"contentUrl\":\"https:\/\/bibliotekutvikling.no\/content\/uploads\/sites\/8\/2024\/07\/MiniatyrBilde_logo.png\",\"width\":824,\"height\":744,\"caption\":\"Kunnskapsorganisering\"},\"image\":{\"@id\":\"https:\/\/beta.bibliotekutvikling.no\/kunnskapsorganisering\/#\/schema\/logo\/image\/\"}}]}<\/script>\n<!-- \/ Yoast SEO Premium plugin. -->","yoast_head_json":{"title":"Etablering av en metadatabr\u00f8nn ved Nasjonalbiblioteket - Kunnskapsorganisering","robots":{"index":"index","follow":"follow","max-snippet":"max-snippet:-1","max-image-preview":"max-image-preview:large","max-video-preview":"max-video-preview:-1"},"canonical":"https:\/\/beta.bibliotekutvikling.no\/kunnskapsorganisering\/metadata-fra-nasjonalbiblioteket\/metadatabronn\/","og_locale":"nb_NO","og_type":"article","og_title":"Etablering av en metadatabr\u00f8nn ved Nasjonalbiblioteket","og_url":"https:\/\/beta.bibliotekutvikling.no\/kunnskapsorganisering\/metadata-fra-nasjonalbiblioteket\/metadatabronn\/","og_site_name":"Kunnskapsorganisering","article_modified_time":"2024-11-06T13:16:55+00:00","og_image":[{"width":2560,"height":1703,"url":"https:\/\/beta.bibliotekutvikling.no\/content\/uploads\/sites\/8\/2024\/11\/fine-bok-i-biblioteket-shutterstock-scaled.jpg","type":"image\/jpeg"}],"twitter_card":"summary_large_image","twitter_misc":{"Ansl. lesetid":"3 minutter"},"schema":{"@context":"https:\/\/schema.org","@graph":[{"@type":"WebPage","@id":"https:\/\/beta.bibliotekutvikling.no\/kunnskapsorganisering\/metadata-fra-nasjonalbiblioteket\/metadatabronn\/","url":"https:\/\/beta.bibliotekutvikling.no\/kunnskapsorganisering\/metadata-fra-nasjonalbiblioteket\/metadatabronn\/","name":"Etablering av en metadatabr\u00f8nn ved Nasjonalbiblioteket - Kunnskapsorganisering","isPartOf":{"@id":"https:\/\/beta.bibliotekutvikling.no\/kunnskapsorganisering\/#website"},"primaryImageOfPage":{"@id":"https:\/\/beta.bibliotekutvikling.no\/kunnskapsorganisering\/metadata-fra-nasjonalbiblioteket\/metadatabronn\/#primaryimage"},"image":{"@id":"https:\/\/beta.bibliotekutvikling.no\/kunnskapsorganisering\/metadata-fra-nasjonalbiblioteket\/metadatabronn\/#primaryimage"},"thumbnailUrl":"https:\/\/beta.bibliotekutvikling.no\/content\/uploads\/sites\/8\/2024\/11\/fine-bok-i-biblioteket-shutterstock-scaled.jpg","datePublished":"2020-02-06T09:37:34+00:00","dateModified":"2024-11-06T13:16:55+00:00","breadcrumb":{"@id":"https:\/\/beta.bibliotekutvikling.no\/kunnskapsorganisering\/metadata-fra-nasjonalbiblioteket\/metadatabronn\/#breadcrumb"},"inLanguage":"nb-NO","potentialAction":[{"@type":"ReadAction","target":["https:\/\/beta.bibliotekutvikling.no\/kunnskapsorganisering\/metadata-fra-nasjonalbiblioteket\/metadatabronn\/"]}]},{"@type":"ImageObject","inLanguage":"nb-NO","@id":"https:\/\/beta.bibliotekutvikling.no\/kunnskapsorganisering\/metadata-fra-nasjonalbiblioteket\/metadatabronn\/#primaryimage","url":"https:\/\/beta.bibliotekutvikling.no\/content\/uploads\/sites\/8\/2024\/11\/fine-bok-i-biblioteket-shutterstock-scaled.jpg","contentUrl":"https:\/\/beta.bibliotekutvikling.no\/content\/uploads\/sites\/8\/2024\/11\/fine-bok-i-biblioteket-shutterstock-scaled.jpg","width":2560,"height":1703,"caption":"Arm som henter ut en bok fra bokhylle i biblioteket - shutterstock"},{"@type":"BreadcrumbList","@id":"https:\/\/beta.bibliotekutvikling.no\/kunnskapsorganisering\/metadata-fra-nasjonalbiblioteket\/metadatabronn\/#breadcrumb","itemListElement":[{"@type":"ListItem","position":1,"name":"Home","item":"https:\/\/beta.bibliotekutvikling.no\/kunnskapsorganisering\/"},{"@type":"ListItem","position":2,"name":"Metadata fra Nasjonalbiblioteket","item":"https:\/\/beta.bibliotekutvikling.no\/kunnskapsorganisering\/metadata-fra-nasjonalbiblioteket\/"},{"@type":"ListItem","position":3,"name":"Etablering av en metadatabr\u00f8nn ved Nasjonalbiblioteket"}]},{"@type":"WebSite","@id":"https:\/\/beta.bibliotekutvikling.no\/kunnskapsorganisering\/#website","url":"https:\/\/beta.bibliotekutvikling.no\/kunnskapsorganisering\/","name":"Kunnskapsorganisering","description":"Ressurser i kunnskapsorganisering","publisher":{"@id":"https:\/\/beta.bibliotekutvikling.no\/kunnskapsorganisering\/#organization"},"potentialAction":[{"@type":"SearchAction","target":{"@type":"EntryPoint","urlTemplate":"https:\/\/beta.bibliotekutvikling.no\/kunnskapsorganisering\/?s={search_term_string}"},"query-input":{"@type":"PropertyValueSpecification","valueRequired":true,"valueName":"search_term_string"}}],"inLanguage":"nb-NO"},{"@type":"Organization","@id":"https:\/\/beta.bibliotekutvikling.no\/kunnskapsorganisering\/#organization","name":"Kunnskapsorganisering","url":"https:\/\/beta.bibliotekutvikling.no\/kunnskapsorganisering\/","logo":{"@type":"ImageObject","inLanguage":"nb-NO","@id":"https:\/\/beta.bibliotekutvikling.no\/kunnskapsorganisering\/#\/schema\/logo\/image\/","url":"https:\/\/bibliotekutvikling.no\/content\/uploads\/sites\/8\/2024\/07\/MiniatyrBilde_logo.png","contentUrl":"https:\/\/bibliotekutvikling.no\/content\/uploads\/sites\/8\/2024\/07\/MiniatyrBilde_logo.png","width":824,"height":744,"caption":"Kunnskapsorganisering"},"image":{"@id":"https:\/\/beta.bibliotekutvikling.no\/kunnskapsorganisering\/#\/schema\/logo\/image\/"}}]}},"_links":{"self":[{"href":"https:\/\/beta.bibliotekutvikling.no\/kunnskapsorganisering\/wp-json\/wp\/v2\/pages\/971","targetHints":{"allow":["GET"]}}],"collection":[{"href":"https:\/\/beta.bibliotekutvikling.no\/kunnskapsorganisering\/wp-json\/wp\/v2\/pages"}],"about":[{"href":"https:\/\/beta.bibliotekutvikling.no\/kunnskapsorganisering\/wp-json\/wp\/v2\/types\/page"}],"author":[{"embeddable":true,"href":"https:\/\/beta.bibliotekutvikling.no\/kunnskapsorganisering\/wp-json\/wp\/v2\/users\/52"}],"replies":[{"embeddable":true,"href":"https:\/\/beta.bibliotekutvikling.no\/kunnskapsorganisering\/wp-json\/wp\/v2\/comments?post=971"}],"version-history":[{"count":4,"href":"https:\/\/beta.bibliotekutvikling.no\/kunnskapsorganisering\/wp-json\/wp\/v2\/pages\/971\/revisions"}],"predecessor-version":[{"id":1527,"href":"https:\/\/beta.bibliotekutvikling.no\/kunnskapsorganisering\/wp-json\/wp\/v2\/pages\/971\/revisions\/1527"}],"up":[{"embeddable":true,"href":"https:\/\/beta.bibliotekutvikling.no\/kunnskapsorganisering\/wp-json\/wp\/v2\/pages\/5"}],"wp:featuredmedia":[{"embeddable":true,"href":"https:\/\/beta.bibliotekutvikling.no\/kunnskapsorganisering\/wp-json\/wp\/v2\/media\/2396"}],"wp:attachment":[{"href":"https:\/\/beta.bibliotekutvikling.no\/kunnskapsorganisering\/wp-json\/wp\/v2\/media?parent=971"}],"curies":[{"name":"wp","href":"https:\/\/api.w.org\/{rel}","templated":true}]}}