{"id":100,"date":"2023-06-19T13:02:00","date_gmt":"2023-06-19T11:02:00","guid":{"rendered":"https:\/\/bibliotekutvikling.no\/sharedreading\/?page_id=100"},"modified":"2024-05-06T11:08:54","modified_gmt":"2024-05-06T09:08:54","slug":"om-oss","status":"publish","type":"page","link":"https:\/\/beta.bibliotekutvikling.no\/sharedreading\/shared-reading\/om-oss\/","title":{"rendered":"Om oss"},"content":{"rendered":"\n<p>Fylkesbibliotekene i Norge samarbeider om shared reading. Det nasjonale nettverket ledes av \u00c5shild Wider\u00f8e i M\u00f8re og Romsdal fylkeskommune og best\u00e5r av <a href=\"https:\/\/bibliotekutvikling.no\/sharedreading\/shared-reading\/om-oss\/fylkeskontakter\/\">fylkeskontakter <\/a>fra alle fylker. Nettverket startet opp i forbindelse med prosjektet Formidlingskompetanse i folkebibliotek. <\/p>\n\n\n\n<p>Samlesing har bredt seg utover landet sakte men sikkert siden de f\u00f8rste p\u00e5driverne oppdaget metoden, tok leselederkurs og gikk i gang for cirka ti \u00e5r siden. Siden den gang har flere utdannet seg til kursholdere for leselederkurs, og det finnes n\u00e5 leseledere og lesegrupper i hele landet. Forskningsfeltet er ogs\u00e5 interessert i metoden, og det p\u00e5g\u00e5r <a rel=\"noreferrer noopener\" href=\"https:\/\/bibliotekutvikling.no\/sharedreading\/lesmer\/\" target=\"_blank\">forskning <\/a>ved flere universitet og h\u00f8yskoler i Norge.<\/p>\n\n\n\n<p>Her er en presentasjon av alle kursholderne i Norge:<\/p>\n\n\n\n<div class=\"wp-block-media-text is-stacked-on-mobile\"><figure class=\"wp-block-media-text__media\"><img loading=\"lazy\" decoding=\"async\" width=\"1024\" height=\"1024\" src=\"https:\/\/bibliotekutvikling.no\/content\/uploads\/sites\/27\/2023\/06\/Linda-Schade-Andersen-1024x1024.jpg\" alt=\"\" class=\"wp-image-212 size-full\" srcset=\"https:\/\/beta.bibliotekutvikling.no\/content\/uploads\/sites\/27\/2023\/06\/Linda-Schade-Andersen-1024x1024.jpg 1024w, https:\/\/beta.bibliotekutvikling.no\/content\/uploads\/sites\/27\/2023\/06\/Linda-Schade-Andersen-300x300.jpg 300w, https:\/\/beta.bibliotekutvikling.no\/content\/uploads\/sites\/27\/2023\/06\/Linda-Schade-Andersen-150x150.jpg 150w, https:\/\/beta.bibliotekutvikling.no\/content\/uploads\/sites\/27\/2023\/06\/Linda-Schade-Andersen-768x768.jpg 768w, https:\/\/beta.bibliotekutvikling.no\/content\/uploads\/sites\/27\/2023\/06\/Linda-Schade-Andersen-1536x1536.jpg 1536w, https:\/\/beta.bibliotekutvikling.no\/content\/uploads\/sites\/27\/2023\/06\/Linda-Schade-Andersen.jpg 1600w\" sizes=\"auto, (max-width: 1024px) 100vw, 1024px\" \/><\/figure><div class=\"wp-block-media-text__content\">\n<p><a rel=\"noreferrer noopener\" href=\"mailto:linda.schade.and@gmail.com\" target=\"_blank\">Linda Schade Andersen<\/a> er en pion\u00e9r p\u00e5 feltet i Norge. Hun er leder for Seksjon for helseinformasjon til pasienter og p\u00e5r\u00f8rende (Pasientbiblioteket) ved Ullev\u00e5l sykehus. Hun bruker metoden p\u00e5 jobb, er gjesteforeleser p\u00e5 OsloMet og holder leselederkus i hele landet.<\/p>\n<\/div><\/div>\n\n\n\n<div class=\"wp-block-media-text is-stacked-on-mobile\"><figure class=\"wp-block-media-text__media\"><img loading=\"lazy\" decoding=\"async\" width=\"1024\" height=\"903\" src=\"https:\/\/bibliotekutvikling.no\/content\/uploads\/sites\/27\/2023\/06\/Thale-TD-SH-1-1024x903.jpg\" alt=\"\" class=\"wp-image-336 size-full\" srcset=\"https:\/\/beta.bibliotekutvikling.no\/content\/uploads\/sites\/27\/2023\/06\/Thale-TD-SH-1-1024x903.jpg 1024w, https:\/\/beta.bibliotekutvikling.no\/content\/uploads\/sites\/27\/2023\/06\/Thale-TD-SH-1-300x264.jpg 300w, https:\/\/beta.bibliotekutvikling.no\/content\/uploads\/sites\/27\/2023\/06\/Thale-TD-SH-1-768x677.jpg 768w, https:\/\/beta.bibliotekutvikling.no\/content\/uploads\/sites\/27\/2023\/06\/Thale-TD-SH-1.jpg 1073w\" sizes=\"auto, (max-width: 1024px) 100vw, 1024px\" \/><\/figure><div class=\"wp-block-media-text__content\">\n<p><a rel=\"noreferrer noopener\" href=\"mailto:thale.dobbert@solvberget.no\" target=\"_blank\">Thale Dobbert<\/a> jobber p\u00e5 S\u00f8lvberget bibliotek og kulturhus og har praktisert som leseleder siden 2021. Hun tok utdannelse som kursholder i 2022.<\/p>\n<\/div><\/div>\n\n\n\n<div class=\"wp-block-media-text is-stacked-on-mobile\"><figure class=\"wp-block-media-text__media\"><img loading=\"lazy\" decoding=\"async\" width=\"791\" height=\"791\" src=\"https:\/\/bibliotekutvikling.no\/content\/uploads\/sites\/27\/2023\/06\/Ingrid-edited.jpg\" alt=\"\" class=\"wp-image-267 size-full\" srcset=\"https:\/\/beta.bibliotekutvikling.no\/content\/uploads\/sites\/27\/2023\/06\/Ingrid-edited.jpg 791w, https:\/\/beta.bibliotekutvikling.no\/content\/uploads\/sites\/27\/2023\/06\/Ingrid-edited-300x300.jpg 300w, https:\/\/beta.bibliotekutvikling.no\/content\/uploads\/sites\/27\/2023\/06\/Ingrid-edited-150x150.jpg 150w, https:\/\/beta.bibliotekutvikling.no\/content\/uploads\/sites\/27\/2023\/06\/Ingrid-edited-768x768.jpg 768w\" sizes=\"auto, (max-width: 791px) 100vw, 791px\" \/><\/figure><div class=\"wp-block-media-text__content\">\n<p><a href=\"mailto:ingrid.bie.helgesen@haugesund.kommune.no\"><br>Ingrid Bie Helgesen<\/a> jobber i Haugesund bibliotek og har praktisert som leseleder siden 2019. Hun tok utdannelse som kursholder i 2022.<\/p>\n<\/div><\/div>\n\n\n\n<div class=\"wp-block-media-text is-stacked-on-mobile\"><figure class=\"wp-block-media-text__media\"><img loading=\"lazy\" decoding=\"async\" width=\"648\" height=\"648\" src=\"https:\/\/bibliotekutvikling.no\/content\/uploads\/sites\/27\/2023\/06\/Kari-Hortman-1.png\" alt=\"\" class=\"wp-image-210 size-full\" srcset=\"https:\/\/beta.bibliotekutvikling.no\/content\/uploads\/sites\/27\/2023\/06\/Kari-Hortman-1.png 648w, https:\/\/beta.bibliotekutvikling.no\/content\/uploads\/sites\/27\/2023\/06\/Kari-Hortman-1-300x300.png 300w, https:\/\/beta.bibliotekutvikling.no\/content\/uploads\/sites\/27\/2023\/06\/Kari-Hortman-1-150x150.png 150w\" sizes=\"auto, (max-width: 648px) 100vw, 648px\" \/><\/figure><div class=\"wp-block-media-text__content\">\n<p><a rel=\"noreferrer noopener\" href=\"mailto:karihortman@gmail.com\" target=\"_blank\">Kari Hortman<\/a> var prosjektleder for \u00abLitter\u00e6re pusterom \u2013 shared reading for st\u00f8rre livskvalitet\u00bb i Tr\u00f8ndelag og M\u00f8re og Romsdal. (2019-22) Hun jobber n\u00e5 i <a rel=\"noreferrer noopener\" href=\"https:\/\/karihortman.no\" target=\"_blank\">egen praksis<\/a>. Hun holder b\u00e5de leselederkurs og oppfrisknings- og fordypningskurs.<\/p>\n<\/div><\/div>\n\n\n\n<div class=\"wp-block-media-text is-stacked-on-mobile\"><figure class=\"wp-block-media-text__media\"><img loading=\"lazy\" decoding=\"async\" width=\"1024\" height=\"1024\" src=\"https:\/\/bibliotekutvikling.no\/content\/uploads\/sites\/27\/2023\/06\/Kari-Kolnes-2-1024x1024.jpg\" alt=\"\" class=\"wp-image-232 size-full\" srcset=\"https:\/\/beta.bibliotekutvikling.no\/content\/uploads\/sites\/27\/2023\/06\/Kari-Kolnes-2-1024x1024.jpg 1024w, https:\/\/beta.bibliotekutvikling.no\/content\/uploads\/sites\/27\/2023\/06\/Kari-Kolnes-2-300x300.jpg 300w, https:\/\/beta.bibliotekutvikling.no\/content\/uploads\/sites\/27\/2023\/06\/Kari-Kolnes-2-150x150.jpg 150w, https:\/\/beta.bibliotekutvikling.no\/content\/uploads\/sites\/27\/2023\/06\/Kari-Kolnes-2-768x768.jpg 768w, https:\/\/beta.bibliotekutvikling.no\/content\/uploads\/sites\/27\/2023\/06\/Kari-Kolnes-2.jpg 1170w\" sizes=\"auto, (max-width: 1024px) 100vw, 1024px\" \/><\/figure><div class=\"wp-block-media-text__content\">\n<p><a href=\"mailto:kari.kolnes@sola.kommune.no\" target=\"_blank\" rel=\"noreferrer noopener\">Kari Kolnes<\/a> jobber p\u00e5 Sola bibliotek og har praktisert som leseleder siden 2019. Hun tok utdannelse som kursholder i 2022. <\/p>\n<\/div><\/div>\n\n\n\n<div class=\"wp-block-media-text is-stacked-on-mobile\"><figure class=\"wp-block-media-text__media\"><img loading=\"lazy\" decoding=\"async\" width=\"561\" height=\"562\" src=\"https:\/\/bibliotekutvikling.no\/content\/uploads\/sites\/27\/2023\/06\/Kirsten-Muhle-edited.jpg\" alt=\"\" class=\"wp-image-234 size-full\" srcset=\"https:\/\/beta.bibliotekutvikling.no\/content\/uploads\/sites\/27\/2023\/06\/Kirsten-Muhle-edited.jpg 561w, https:\/\/beta.bibliotekutvikling.no\/content\/uploads\/sites\/27\/2023\/06\/Kirsten-Muhle-edited-300x300.jpg 300w, https:\/\/beta.bibliotekutvikling.no\/content\/uploads\/sites\/27\/2023\/06\/Kirsten-Muhle-edited-150x150.jpg 150w\" sizes=\"auto, (max-width: 561px) 100vw, 561px\" \/><\/figure><div class=\"wp-block-media-text__content\">\n<p><a rel=\"noreferrer noopener\" href=\"mailto:post@litteraturforalle.no\" target=\"_blank\">Kirsten Muhle<\/a> holder leselederkurs, kurs i kreativ og helsefremmende skriving og har foredrag om blant annet litteraturens kraft. Hun driver <a href=\"https:\/\/www.litteraturforalle.no\/\" target=\"_blank\" rel=\"noreferrer noopener\">Litteratur for alle<\/a> og holder til i Sandefjord. <\/p>\n<\/div><\/div>\n\n\n\n<div class=\"wp-block-media-text is-stacked-on-mobile\"><figure class=\"wp-block-media-text__media\"><img loading=\"lazy\" decoding=\"async\" width=\"521\" height=\"521\" src=\"https:\/\/bibliotekutvikling.no\/content\/uploads\/sites\/27\/2023\/06\/Thor-Magnus-Tangeras-edited.jpg\" alt=\"\" class=\"wp-image-248 size-full\" srcset=\"https:\/\/beta.bibliotekutvikling.no\/content\/uploads\/sites\/27\/2023\/06\/Thor-Magnus-Tangeras-edited.jpg 521w, https:\/\/beta.bibliotekutvikling.no\/content\/uploads\/sites\/27\/2023\/06\/Thor-Magnus-Tangeras-edited-300x300.jpg 300w, https:\/\/beta.bibliotekutvikling.no\/content\/uploads\/sites\/27\/2023\/06\/Thor-Magnus-Tangeras-edited-150x150.jpg 150w\" sizes=\"auto, (max-width: 521px) 100vw, 521px\" \/><\/figure><div class=\"wp-block-media-text__content\">\n<p><a href=\"mailto:ThorMagnus.Tangeras@kristiania.no\" target=\"_blank\" rel=\"noreferrer noopener\">Thor Magnus Tanger\u00e5s<\/a> er f\u00f8rsteamanuensis ved H\u00f8yskolen Kristiania. Han er en pion\u00e9r p\u00e5 feltet i Norge og har hatt flere <a href=\"https:\/\/www.kristiania.no\/om-kristiania\/ansatte\/school-of-arts-design-and-media\/westerdals-institutt-for-kreativitet-fortelling-og-design\/thor-magnus-tangeras\/\" target=\"_blank\" rel=\"noreferrer noopener\">forskningsprosjekter<\/a> p\u00e5 shared reading. Han holder leselederkurs og har ledet grupper i b\u00e5de England og Norge. <\/p>\n<\/div><\/div>\n\n\n\n<div class=\"wp-block-media-text is-stacked-on-mobile\"><figure class=\"wp-block-media-text__media\"><img loading=\"lazy\" decoding=\"async\" width=\"992\" height=\"1024\" src=\"https:\/\/bibliotekutvikling.no\/content\/uploads\/sites\/27\/2023\/10\/Ashild-Wideroe-2023-\u2013-Kopi-992x1024.jpg\" alt=\"\" class=\"wp-image-557 size-full\" srcset=\"https:\/\/beta.bibliotekutvikling.no\/content\/uploads\/sites\/27\/2023\/10\/Ashild-Wideroe-2023-\u2013-Kopi-992x1024.jpg 992w, https:\/\/beta.bibliotekutvikling.no\/content\/uploads\/sites\/27\/2023\/10\/Ashild-Wideroe-2023-\u2013-Kopi-291x300.jpg 291w, https:\/\/beta.bibliotekutvikling.no\/content\/uploads\/sites\/27\/2023\/10\/Ashild-Wideroe-2023-\u2013-Kopi-768x792.jpg 768w, https:\/\/beta.bibliotekutvikling.no\/content\/uploads\/sites\/27\/2023\/10\/Ashild-Wideroe-2023-\u2013-Kopi-1489x1536.jpg 1489w, https:\/\/beta.bibliotekutvikling.no\/content\/uploads\/sites\/27\/2023\/10\/Ashild-Wideroe-2023-\u2013-Kopi.jpg 1696w\" sizes=\"auto, (max-width: 992px) 100vw, 992px\" \/><\/figure><div class=\"wp-block-media-text__content\">\n<p><a href=\"mailto:ashild.wideroe@mrfylke.no\" target=\"_blank\" rel=\"noreferrer noopener\">\u00c5shild Wider\u00f8e<\/a> er r\u00e5dgiver for litteraturformidling og spr\u00e5k i M\u00f8re og Romsdal fylkeskommune. Hun tok utdannelse som kursholder i 2022 og leder det nasjonale nettverket for shared reading.<\/p>\n<\/div><\/div>\n\n\n\n<div class=\"wp-block-media-text is-stacked-on-mobile\"><figure class=\"wp-block-media-text__media\"><img loading=\"lazy\" decoding=\"async\" width=\"1004\" height=\"1004\" src=\"https:\/\/bibliotekutvikling.no\/content\/uploads\/sites\/27\/2023\/06\/mari-vannes-edited.jpg\" alt=\"\" class=\"wp-image-253 size-full\" srcset=\"https:\/\/beta.bibliotekutvikling.no\/content\/uploads\/sites\/27\/2023\/06\/mari-vannes-edited.jpg 1004w, https:\/\/beta.bibliotekutvikling.no\/content\/uploads\/sites\/27\/2023\/06\/mari-vannes-edited-300x300.jpg 300w, https:\/\/beta.bibliotekutvikling.no\/content\/uploads\/sites\/27\/2023\/06\/mari-vannes-edited-150x150.jpg 150w, https:\/\/beta.bibliotekutvikling.no\/content\/uploads\/sites\/27\/2023\/06\/mari-vannes-edited-768x768.jpg 768w\" sizes=\"auto, (max-width: 1004px) 100vw, 1004px\" \/><\/figure><div class=\"wp-block-media-text__content\">\n<p><a rel=\"noreferrer noopener\" href=\"mailto:mv@norskbibliotekforening.no\" target=\"_blank\">Mari Vannes<\/a> er en av pion\u00e9rene som var tidlig ute med \u00e5 bli leseleder, starte opp med lesegrupper og holde leselederkurs. Hun jobber i Norsk bibliotekforening og holder for tiden ikke leselederkurs.<\/p>\n<\/div><\/div>\n","protected":false},"excerpt":{"rendered":"","protected":false},"author":2521,"featured_media":111,"parent":25,"menu_order":0,"comment_status":"closed","ping_status":"closed","template":"","meta":{"nb_hide_title":false,"sub_navigation_option":"","sub_navigation_custom_items":[],"footnotes":""},"class_list":["post-100","page","type-page","status-publish","has-post-thumbnail","hentry"],"yoast_head":"<!-- This site is optimized with the Yoast SEO plugin v27.1.1 - https:\/\/yoast.com\/product\/yoast-seo-wordpress\/ -->\n<title>Om oss - Shared reading<\/title>\n<meta name=\"robots\" content=\"index, follow, max-snippet:-1, max-image-preview:large, max-video-preview:-1\" \/>\n<link rel=\"canonical\" href=\"https:\/\/beta.bibliotekutvikling.no\/sharedreading\/shared-reading\/om-oss\/\" \/>\n<meta property=\"og:locale\" content=\"nb_NO\" \/>\n<meta property=\"og:type\" content=\"article\" \/>\n<meta property=\"og:title\" content=\"Om oss - Shared reading\" \/>\n<meta property=\"og:url\" content=\"https:\/\/beta.bibliotekutvikling.no\/sharedreading\/shared-reading\/om-oss\/\" \/>\n<meta property=\"og:site_name\" content=\"Shared reading\" \/>\n<meta property=\"article:modified_time\" content=\"2024-05-06T09:08:54+00:00\" \/>\n<meta property=\"og:image\" content=\"https:\/\/beta.bibliotekutvikling.no\/content\/uploads\/sites\/27\/2023\/06\/Om-oss-samarbeid-scaled.jpg\" \/>\n\t<meta property=\"og:image:width\" content=\"2560\" \/>\n\t<meta property=\"og:image:height\" content=\"1707\" \/>\n\t<meta property=\"og:image:type\" content=\"image\/jpeg\" \/>\n<meta name=\"twitter:card\" content=\"summary_large_image\" \/>\n<meta name=\"twitter:label1\" content=\"Ansl. lesetid\" \/>\n\t<meta name=\"twitter:data1\" content=\"2 minutter\" \/>\n<script type=\"application\/ld+json\" class=\"yoast-schema-graph\">{\"@context\":\"https:\/\/schema.org\",\"@graph\":[{\"@type\":\"WebPage\",\"@id\":\"https:\/\/beta.bibliotekutvikling.no\/sharedreading\/shared-reading\/om-oss\/\",\"url\":\"https:\/\/beta.bibliotekutvikling.no\/sharedreading\/shared-reading\/om-oss\/\",\"name\":\"Om oss - Shared reading\",\"isPartOf\":{\"@id\":\"https:\/\/beta.bibliotekutvikling.no\/sharedreading\/#website\"},\"primaryImageOfPage\":{\"@id\":\"https:\/\/beta.bibliotekutvikling.no\/sharedreading\/shared-reading\/om-oss\/#primaryimage\"},\"image\":{\"@id\":\"https:\/\/beta.bibliotekutvikling.no\/sharedreading\/shared-reading\/om-oss\/#primaryimage\"},\"thumbnailUrl\":\"https:\/\/beta.bibliotekutvikling.no\/content\/uploads\/sites\/27\/2023\/06\/Om-oss-samarbeid-scaled.jpg\",\"datePublished\":\"2023-06-19T11:02:00+00:00\",\"dateModified\":\"2024-05-06T09:08:54+00:00\",\"breadcrumb\":{\"@id\":\"https:\/\/beta.bibliotekutvikling.no\/sharedreading\/shared-reading\/om-oss\/#breadcrumb\"},\"inLanguage\":\"nb-NO\",\"potentialAction\":[{\"@type\":\"ReadAction\",\"target\":[\"https:\/\/beta.bibliotekutvikling.no\/sharedreading\/shared-reading\/om-oss\/\"]}]},{\"@type\":\"ImageObject\",\"inLanguage\":\"nb-NO\",\"@id\":\"https:\/\/beta.bibliotekutvikling.no\/sharedreading\/shared-reading\/om-oss\/#primaryimage\",\"url\":\"https:\/\/beta.bibliotekutvikling.no\/content\/uploads\/sites\/27\/2023\/06\/Om-oss-samarbeid-scaled.jpg\",\"contentUrl\":\"https:\/\/beta.bibliotekutvikling.no\/content\/uploads\/sites\/27\/2023\/06\/Om-oss-samarbeid-scaled.jpg\",\"width\":2560,\"height\":1707},{\"@type\":\"BreadcrumbList\",\"@id\":\"https:\/\/beta.bibliotekutvikling.no\/sharedreading\/shared-reading\/om-oss\/#breadcrumb\",\"itemListElement\":[{\"@type\":\"ListItem\",\"position\":1,\"name\":\"Hjem\",\"item\":\"https:\/\/beta.bibliotekutvikling.no\/sharedreading\/\"},{\"@type\":\"ListItem\",\"position\":2,\"name\":\"Shared reading \u2013 samlesing\",\"item\":\"https:\/\/beta.bibliotekutvikling.no\/sharedreading\/\"},{\"@type\":\"ListItem\",\"position\":3,\"name\":\"Om oss\"}]},{\"@type\":\"WebSite\",\"@id\":\"https:\/\/beta.bibliotekutvikling.no\/sharedreading\/#website\",\"url\":\"https:\/\/beta.bibliotekutvikling.no\/sharedreading\/\",\"name\":\"Shared reading\",\"description\":\"\",\"potentialAction\":[{\"@type\":\"SearchAction\",\"target\":{\"@type\":\"EntryPoint\",\"urlTemplate\":\"https:\/\/beta.bibliotekutvikling.no\/sharedreading\/?s={search_term_string}\"},\"query-input\":{\"@type\":\"PropertyValueSpecification\",\"valueRequired\":true,\"valueName\":\"search_term_string\"}}],\"inLanguage\":\"nb-NO\"}]}<\/script>\n<!-- \/ Yoast SEO plugin. -->","yoast_head_json":{"title":"Om oss - Shared reading","robots":{"index":"index","follow":"follow","max-snippet":"max-snippet:-1","max-image-preview":"max-image-preview:large","max-video-preview":"max-video-preview:-1"},"canonical":"https:\/\/beta.bibliotekutvikling.no\/sharedreading\/shared-reading\/om-oss\/","og_locale":"nb_NO","og_type":"article","og_title":"Om oss - Shared reading","og_url":"https:\/\/beta.bibliotekutvikling.no\/sharedreading\/shared-reading\/om-oss\/","og_site_name":"Shared reading","article_modified_time":"2024-05-06T09:08:54+00:00","og_image":[{"width":2560,"height":1707,"url":"https:\/\/beta.bibliotekutvikling.no\/content\/uploads\/sites\/27\/2023\/06\/Om-oss-samarbeid-scaled.jpg","type":"image\/jpeg"}],"twitter_card":"summary_large_image","twitter_misc":{"Ansl. lesetid":"2 minutter"},"schema":{"@context":"https:\/\/schema.org","@graph":[{"@type":"WebPage","@id":"https:\/\/beta.bibliotekutvikling.no\/sharedreading\/shared-reading\/om-oss\/","url":"https:\/\/beta.bibliotekutvikling.no\/sharedreading\/shared-reading\/om-oss\/","name":"Om oss - Shared reading","isPartOf":{"@id":"https:\/\/beta.bibliotekutvikling.no\/sharedreading\/#website"},"primaryImageOfPage":{"@id":"https:\/\/beta.bibliotekutvikling.no\/sharedreading\/shared-reading\/om-oss\/#primaryimage"},"image":{"@id":"https:\/\/beta.bibliotekutvikling.no\/sharedreading\/shared-reading\/om-oss\/#primaryimage"},"thumbnailUrl":"https:\/\/beta.bibliotekutvikling.no\/content\/uploads\/sites\/27\/2023\/06\/Om-oss-samarbeid-scaled.jpg","datePublished":"2023-06-19T11:02:00+00:00","dateModified":"2024-05-06T09:08:54+00:00","breadcrumb":{"@id":"https:\/\/beta.bibliotekutvikling.no\/sharedreading\/shared-reading\/om-oss\/#breadcrumb"},"inLanguage":"nb-NO","potentialAction":[{"@type":"ReadAction","target":["https:\/\/beta.bibliotekutvikling.no\/sharedreading\/shared-reading\/om-oss\/"]}]},{"@type":"ImageObject","inLanguage":"nb-NO","@id":"https:\/\/beta.bibliotekutvikling.no\/sharedreading\/shared-reading\/om-oss\/#primaryimage","url":"https:\/\/beta.bibliotekutvikling.no\/content\/uploads\/sites\/27\/2023\/06\/Om-oss-samarbeid-scaled.jpg","contentUrl":"https:\/\/beta.bibliotekutvikling.no\/content\/uploads\/sites\/27\/2023\/06\/Om-oss-samarbeid-scaled.jpg","width":2560,"height":1707},{"@type":"BreadcrumbList","@id":"https:\/\/beta.bibliotekutvikling.no\/sharedreading\/shared-reading\/om-oss\/#breadcrumb","itemListElement":[{"@type":"ListItem","position":1,"name":"Hjem","item":"https:\/\/beta.bibliotekutvikling.no\/sharedreading\/"},{"@type":"ListItem","position":2,"name":"Shared reading \u2013 samlesing","item":"https:\/\/beta.bibliotekutvikling.no\/sharedreading\/"},{"@type":"ListItem","position":3,"name":"Om oss"}]},{"@type":"WebSite","@id":"https:\/\/beta.bibliotekutvikling.no\/sharedreading\/#website","url":"https:\/\/beta.bibliotekutvikling.no\/sharedreading\/","name":"Shared reading","description":"","potentialAction":[{"@type":"SearchAction","target":{"@type":"EntryPoint","urlTemplate":"https:\/\/beta.bibliotekutvikling.no\/sharedreading\/?s={search_term_string}"},"query-input":{"@type":"PropertyValueSpecification","valueRequired":true,"valueName":"search_term_string"}}],"inLanguage":"nb-NO"}]}},"_links":{"self":[{"href":"https:\/\/beta.bibliotekutvikling.no\/sharedreading\/wp-json\/wp\/v2\/pages\/100","targetHints":{"allow":["GET"]}}],"collection":[{"href":"https:\/\/beta.bibliotekutvikling.no\/sharedreading\/wp-json\/wp\/v2\/pages"}],"about":[{"href":"https:\/\/beta.bibliotekutvikling.no\/sharedreading\/wp-json\/wp\/v2\/types\/page"}],"author":[{"embeddable":true,"href":"https:\/\/beta.bibliotekutvikling.no\/sharedreading\/wp-json\/wp\/v2\/users\/2521"}],"replies":[{"embeddable":true,"href":"https:\/\/beta.bibliotekutvikling.no\/sharedreading\/wp-json\/wp\/v2\/comments?post=100"}],"version-history":[{"count":4,"href":"https:\/\/beta.bibliotekutvikling.no\/sharedreading\/wp-json\/wp\/v2\/pages\/100\/revisions"}],"predecessor-version":[{"id":705,"href":"https:\/\/beta.bibliotekutvikling.no\/sharedreading\/wp-json\/wp\/v2\/pages\/100\/revisions\/705"}],"up":[{"embeddable":true,"href":"https:\/\/beta.bibliotekutvikling.no\/sharedreading\/wp-json\/wp\/v2\/pages\/25"}],"wp:featuredmedia":[{"embeddable":true,"href":"https:\/\/beta.bibliotekutvikling.no\/sharedreading\/wp-json\/wp\/v2\/media\/111"}],"wp:attachment":[{"href":"https:\/\/beta.bibliotekutvikling.no\/sharedreading\/wp-json\/wp\/v2\/media?parent=100"}],"curies":[{"name":"wp","href":"https:\/\/api.w.org\/{rel}","templated":true}]}}