{"id":25,"date":"2023-05-23T09:55:40","date_gmt":"2023-05-23T07:55:40","guid":{"rendered":"https:\/\/bibliotekutvikling.no\/sharedreading\/?page_id=25"},"modified":"2023-11-09T12:41:22","modified_gmt":"2023-11-09T11:41:22","slug":"shared-reading","status":"publish","type":"page","link":"https:\/\/beta.bibliotekutvikling.no\/sharedreading\/","title":{"rendered":"Shared reading \u2013 samlesing"},"content":{"rendered":"<div class=\"t2-featured-content-layout alignwide alignwide wp-block-t2-featured-content-layout\" role=\"list\">\n<div class=\"t2-featured-single-post t2-featured-content is-post-type-page wp-block-t2-featured-single-post\" role=\"listitem\"><a class=\"nb-post-link  wp-block-nb-post-link\" href=\"https:\/\/beta.bibliotekutvikling.no\/sharedreading\/shared-reading\/hva-er-shared-reading\/\">\n<figure class=\"nb-post-featured-image has-image-ratio-16-9 wp-block-nb-post-featured-image\"><img loading=\"lazy\" decoding=\"async\" width=\"768\" height=\"512\" src=\"https:\/\/beta.bibliotekutvikling.no\/content\/uploads\/sites\/27\/2023\/06\/sharedreading-illustrasjonsfoto-768x512.jpg\" class=\"attachment-medium_large size-medium_large wp-post-image\" alt=\"Lesegruppe\" srcset=\"https:\/\/beta.bibliotekutvikling.no\/content\/uploads\/sites\/27\/2023\/06\/sharedreading-illustrasjonsfoto-768x512.jpg 768w, https:\/\/beta.bibliotekutvikling.no\/content\/uploads\/sites\/27\/2023\/06\/sharedreading-illustrasjonsfoto-300x200.jpg 300w, https:\/\/beta.bibliotekutvikling.no\/content\/uploads\/sites\/27\/2023\/06\/sharedreading-illustrasjonsfoto-1024x683.jpg 1024w, https:\/\/beta.bibliotekutvikling.no\/content\/uploads\/sites\/27\/2023\/06\/sharedreading-illustrasjonsfoto-1536x1024.jpg 1536w, https:\/\/beta.bibliotekutvikling.no\/content\/uploads\/sites\/27\/2023\/06\/sharedreading-illustrasjonsfoto-2048x1365.jpg 2048w\" sizes=\"auto, (min-width: 1200px) 384px, (min-width: 700px) 33vw, 350px\" \/><\/figure>\n\n<div class=\"wp-block-group alignfull is-layout-flow wp-block-group-is-layout-flow\">\n\t\n\t<div class=\"wp-block-group content-meta-row is-content-justification-space-between is-nowrap is-layout-flex wp-container-core-group-is-layout-cb46ffcb wp-block-group-is-layout-flex\">\n\t\t\n\t\t\n\t<\/div>\n\t\n\n\t<h2 class=\"t2-post-title wp-block-t2-post-title\">Hva er shared reading?<\/h2>\n\t\n\t\n\t\n\t\n<\/div>\n\n<\/a>\n<\/div>\n\n<div class=\"t2-featured-single-post t2-featured-content is-post-type-page wp-block-t2-featured-single-post\" role=\"listitem\"><a class=\"nb-post-link  wp-block-nb-post-link\" href=\"https:\/\/beta.bibliotekutvikling.no\/sharedreading\/shared-reading\/bli-leseleder\/\">\n<figure class=\"nb-post-featured-image has-image-ratio-16-9 wp-block-nb-post-featured-image\"><img loading=\"lazy\" decoding=\"async\" width=\"768\" height=\"504\" src=\"https:\/\/beta.bibliotekutvikling.no\/content\/uploads\/sites\/27\/2023\/10\/Samlebilde-rapport-\u2013-Kopi-2-768x504.png\" class=\"attachment-medium_large size-medium_large wp-post-image\" alt=\"Bilde av leseledere kurset i forbindelse med prosjektet Litter\u00e6re pusterom - Shared Reading for st\u00f8rre livskvalitet (2019\u20132022).\" srcset=\"https:\/\/beta.bibliotekutvikling.no\/content\/uploads\/sites\/27\/2023\/10\/Samlebilde-rapport-\u2013-Kopi-2-768x504.png 768w, https:\/\/beta.bibliotekutvikling.no\/content\/uploads\/sites\/27\/2023\/10\/Samlebilde-rapport-\u2013-Kopi-2-300x197.png 300w, https:\/\/beta.bibliotekutvikling.no\/content\/uploads\/sites\/27\/2023\/10\/Samlebilde-rapport-\u2013-Kopi-2-1024x672.png 1024w, https:\/\/beta.bibliotekutvikling.no\/content\/uploads\/sites\/27\/2023\/10\/Samlebilde-rapport-\u2013-Kopi-2-1536x1009.png 1536w, https:\/\/beta.bibliotekutvikling.no\/content\/uploads\/sites\/27\/2023\/10\/Samlebilde-rapport-\u2013-Kopi-2.png 1544w\" sizes=\"auto, (min-width: 1200px) 384px, (min-width: 700px) 33vw, 350px\" \/><\/figure>\n\n<div class=\"wp-block-group alignfull is-layout-flow wp-block-group-is-layout-flow\">\n\t\n\t<div class=\"wp-block-group content-meta-row is-content-justification-space-between is-nowrap is-layout-flex wp-container-core-group-is-layout-cb46ffcb wp-block-group-is-layout-flex\">\n\t\t\n\t\t\n\t<\/div>\n\t\n\n\t<h2 class=\"t2-post-title wp-block-t2-post-title\">Bli leseleder<\/h2>\n\t\n\t\n\t\n\t\n<\/div>\n\n<\/a>\n<\/div>\n\n<div class=\"t2-featured-single-post t2-featured-content is-post-type-page wp-block-t2-featured-single-post\" role=\"listitem\"><a class=\"nb-post-link  wp-block-nb-post-link\" href=\"https:\/\/beta.bibliotekutvikling.no\/sharedreading\/shared-reading\/om-oss\/\">\n<figure class=\"nb-post-featured-image has-image-ratio-16-9 wp-block-nb-post-featured-image\"><img loading=\"lazy\" decoding=\"async\" width=\"768\" height=\"512\" src=\"https:\/\/beta.bibliotekutvikling.no\/content\/uploads\/sites\/27\/2023\/06\/Om-oss-samarbeid-768x512.jpg\" class=\"attachment-medium_large size-medium_large wp-post-image\" alt=\"\" srcset=\"https:\/\/beta.bibliotekutvikling.no\/content\/uploads\/sites\/27\/2023\/06\/Om-oss-samarbeid-768x512.jpg 768w, https:\/\/beta.bibliotekutvikling.no\/content\/uploads\/sites\/27\/2023\/06\/Om-oss-samarbeid-300x200.jpg 300w, https:\/\/beta.bibliotekutvikling.no\/content\/uploads\/sites\/27\/2023\/06\/Om-oss-samarbeid-1024x683.jpg 1024w, https:\/\/beta.bibliotekutvikling.no\/content\/uploads\/sites\/27\/2023\/06\/Om-oss-samarbeid-1536x1024.jpg 1536w, https:\/\/beta.bibliotekutvikling.no\/content\/uploads\/sites\/27\/2023\/06\/Om-oss-samarbeid-2048x1365.jpg 2048w\" sizes=\"auto, (min-width: 1200px) 384px, (min-width: 700px) 33vw, 350px\" \/><\/figure>\n\n<div class=\"wp-block-group alignfull is-layout-flow wp-block-group-is-layout-flow\">\n\t\n\t<div class=\"wp-block-group content-meta-row is-content-justification-space-between is-nowrap is-layout-flex wp-container-core-group-is-layout-cb46ffcb wp-block-group-is-layout-flex\">\n\t\t\n\t\t\n\t<\/div>\n\t\n\n\t<h2 class=\"t2-post-title wp-block-t2-post-title\">Om oss<\/h2>\n\t\n\t\n\t\n\t\n<\/div>\n\n<\/a>\n<\/div>\n\n<div class=\"t2-featured-single-post t2-featured-content is-post-type-page wp-block-t2-featured-single-post\" role=\"listitem\"><a class=\"nb-post-link  wp-block-nb-post-link\" href=\"https:\/\/beta.bibliotekutvikling.no\/sharedreading\/shared-reading\/prosjekter\/\">\n<figure class=\"nb-post-featured-image has-image-ratio-16-9 wp-block-nb-post-featured-image\"><img loading=\"lazy\" decoding=\"async\" width=\"768\" height=\"520\" src=\"https:\/\/beta.bibliotekutvikling.no\/content\/uploads\/sites\/27\/2023\/06\/gule-lapper-unsplash-768x520.jpg\" class=\"attachment-medium_large size-medium_large wp-post-image\" alt=\"\" srcset=\"https:\/\/beta.bibliotekutvikling.no\/content\/uploads\/sites\/27\/2023\/06\/gule-lapper-unsplash-768x520.jpg 768w, https:\/\/beta.bibliotekutvikling.no\/content\/uploads\/sites\/27\/2023\/06\/gule-lapper-unsplash-300x203.jpg 300w, https:\/\/beta.bibliotekutvikling.no\/content\/uploads\/sites\/27\/2023\/06\/gule-lapper-unsplash-1024x693.jpg 1024w, https:\/\/beta.bibliotekutvikling.no\/content\/uploads\/sites\/27\/2023\/06\/gule-lapper-unsplash-1536x1040.jpg 1536w, https:\/\/beta.bibliotekutvikling.no\/content\/uploads\/sites\/27\/2023\/06\/gule-lapper-unsplash-2048x1387.jpg 2048w\" sizes=\"auto, (min-width: 1200px) 384px, (min-width: 700px) 33vw, 350px\" \/><\/figure>\n\n<div class=\"wp-block-group alignfull is-layout-flow wp-block-group-is-layout-flow\">\n\t\n\t<div class=\"wp-block-group content-meta-row is-content-justification-space-between is-nowrap is-layout-flex wp-container-core-group-is-layout-cb46ffcb wp-block-group-is-layout-flex\">\n\t\t\n\t\t\n\t<\/div>\n\t\n\n\t<h2 class=\"t2-post-title wp-block-t2-post-title\">Prosjekter<\/h2>\n\t\n\t\n\t\n\t\n<\/div>\n\n<\/a>\n<\/div>\n\n<div class=\"t2-featured-single-post t2-featured-content is-post-type-page wp-block-t2-featured-single-post\" role=\"listitem\"><a class=\"nb-post-link  wp-block-nb-post-link\" href=\"https:\/\/beta.bibliotekutvikling.no\/sharedreading\/shared-reading\/lesmer\/\">\n<figure class=\"nb-post-featured-image has-image-ratio-16-9 wp-block-nb-post-featured-image\"><img loading=\"lazy\" decoding=\"async\" width=\"768\" height=\"514\" src=\"https:\/\/beta.bibliotekutvikling.no\/content\/uploads\/sites\/27\/2023\/06\/Bokmerker-768x514.jpg\" class=\"attachment-medium_large size-medium_large wp-post-image\" alt=\"Bokmerker\" srcset=\"https:\/\/beta.bibliotekutvikling.no\/content\/uploads\/sites\/27\/2023\/06\/Bokmerker-768x514.jpg 768w, https:\/\/beta.bibliotekutvikling.no\/content\/uploads\/sites\/27\/2023\/06\/Bokmerker-300x201.jpg 300w, https:\/\/beta.bibliotekutvikling.no\/content\/uploads\/sites\/27\/2023\/06\/Bokmerker-1024x685.jpg 1024w, https:\/\/beta.bibliotekutvikling.no\/content\/uploads\/sites\/27\/2023\/06\/Bokmerker-1536x1028.jpg 1536w, https:\/\/beta.bibliotekutvikling.no\/content\/uploads\/sites\/27\/2023\/06\/Bokmerker-2048x1371.jpg 2048w\" sizes=\"auto, (min-width: 1200px) 384px, (min-width: 700px) 33vw, 350px\" \/><\/figure>\n\n<div class=\"wp-block-group alignfull is-layout-flow wp-block-group-is-layout-flow\">\n\t\n\t<div class=\"wp-block-group content-meta-row is-content-justification-space-between is-nowrap is-layout-flex wp-container-core-group-is-layout-cb46ffcb wp-block-group-is-layout-flex\">\n\t\t\n\t\t\n\t<\/div>\n\t\n\n\t<h2 class=\"t2-post-title wp-block-t2-post-title\">L\u00e6r mer<\/h2>\n\t\n\t\n\t\n\t\n<\/div>\n\n<\/a>\n<\/div>\n\n<div class=\"t2-featured-single-post t2-featured-content is-post-type-page wp-block-t2-featured-single-post\" role=\"listitem\"><a class=\"nb-post-link  wp-block-nb-post-link\" href=\"https:\/\/beta.bibliotekutvikling.no\/sharedreading\/shared-reading\/for-leseledere\/\">\n<figure class=\"nb-post-featured-image has-image-ratio-16-9 wp-block-nb-post-featured-image\"><img loading=\"lazy\" decoding=\"async\" width=\"768\" height=\"512\" src=\"https:\/\/beta.bibliotekutvikling.no\/content\/uploads\/sites\/27\/2023\/06\/leselederkurs-1-768x512.jpg\" class=\"attachment-medium_large size-medium_large wp-post-image\" alt=\"\" srcset=\"https:\/\/beta.bibliotekutvikling.no\/content\/uploads\/sites\/27\/2023\/06\/leselederkurs-1-768x512.jpg 768w, https:\/\/beta.bibliotekutvikling.no\/content\/uploads\/sites\/27\/2023\/06\/leselederkurs-1-300x200.jpg 300w, https:\/\/beta.bibliotekutvikling.no\/content\/uploads\/sites\/27\/2023\/06\/leselederkurs-1-1024x683.jpg 1024w, https:\/\/beta.bibliotekutvikling.no\/content\/uploads\/sites\/27\/2023\/06\/leselederkurs-1-1536x1024.jpg 1536w, https:\/\/beta.bibliotekutvikling.no\/content\/uploads\/sites\/27\/2023\/06\/leselederkurs-1-2048x1365.jpg 2048w\" sizes=\"auto, (min-width: 1200px) 384px, (min-width: 700px) 33vw, 350px\" \/><\/figure>\n\n<div class=\"wp-block-group alignfull is-layout-flow wp-block-group-is-layout-flow\">\n\t\n\t<div class=\"wp-block-group content-meta-row is-content-justification-space-between is-nowrap is-layout-flex wp-container-core-group-is-layout-cb46ffcb wp-block-group-is-layout-flex\">\n\t\t\n\t\t\n\t<\/div>\n\t\n\n\t<h2 class=\"t2-post-title wp-block-t2-post-title\">Beskyttet: For leseledere<\/h2>\n\t<div class=\"nb-post-excerpt wp-block-nb-post-excerpt\">Det finnes ikke utdrag siden innlegget er beskyttet.<\/div>\n\t\n\t\n\t\n<\/div>\n\n<\/a>\n<\/div>\n<\/div>\n\n\n<p>Shared reading er en lesemetode som g\u00e5r ut p\u00e5 at en leseleder leser h\u00f8yt i en gruppe og leder en reflekterende og undrende samtale om leseopplevelsen. Samlesing er et godt norsk ord for denne metoden. <\/p>\n\n\n\n<p>Alle som har kj\u00e6rlighet til litteratur kan ta leselederkurs og arrangere lesestunder. Her vil vi samle ressurser og informasjon om shared reading for alle som er interessert, enten de jobber i bibliotek, skole, helseinstitusjoner, i fengsler eller som frivillige. <\/p>\n\n\n\n<p><\/p>\n","protected":false},"excerpt":{"rendered":"","protected":false},"author":6868,"featured_media":95,"parent":0,"menu_order":0,"comment_status":"closed","ping_status":"closed","template":"","meta":{"nb_hide_title":false,"sub_navigation_option":"custom","sub_navigation_custom_items":[82,12,100,368,6,518],"footnotes":""},"class_list":["post-25","page","type-page","status-publish","has-post-thumbnail","hentry"],"yoast_head":"<!-- This site is optimized with the Yoast SEO plugin v27.1.1 - https:\/\/yoast.com\/product\/yoast-seo-wordpress\/ -->\n<title>Shared reading \u2013 samlesing - Shared reading<\/title>\n<meta name=\"robots\" content=\"index, follow, max-snippet:-1, max-image-preview:large, max-video-preview:-1\" \/>\n<link rel=\"canonical\" href=\"https:\/\/beta.bibliotekutvikling.no\/sharedreading\/\" \/>\n<meta property=\"og:locale\" content=\"nb_NO\" \/>\n<meta property=\"og:type\" content=\"article\" \/>\n<meta property=\"og:title\" content=\"Shared reading \u2013 samlesing - Shared reading\" \/>\n<meta property=\"og:url\" content=\"https:\/\/beta.bibliotekutvikling.no\/sharedreading\/\" \/>\n<meta property=\"og:site_name\" content=\"Shared reading\" \/>\n<meta property=\"article:modified_time\" content=\"2023-11-09T11:41:22+00:00\" \/>\n<meta property=\"og:image\" content=\"https:\/\/beta.bibliotekutvikling.no\/content\/uploads\/sites\/27\/2023\/06\/sharedreading-illustrasjonsfoto-scaled.jpg\" \/>\n\t<meta property=\"og:image:width\" content=\"2560\" \/>\n\t<meta property=\"og:image:height\" content=\"1707\" \/>\n\t<meta property=\"og:image:type\" content=\"image\/jpeg\" \/>\n<meta name=\"twitter:card\" content=\"summary_large_image\" \/>\n<script type=\"application\/ld+json\" class=\"yoast-schema-graph\">{\"@context\":\"https:\/\/schema.org\",\"@graph\":[{\"@type\":\"WebPage\",\"@id\":\"https:\/\/beta.bibliotekutvikling.no\/sharedreading\/\",\"url\":\"https:\/\/beta.bibliotekutvikling.no\/sharedreading\/\",\"name\":\"Shared reading \u2013 samlesing - Shared reading\",\"isPartOf\":{\"@id\":\"https:\/\/beta.bibliotekutvikling.no\/sharedreading\/#website\"},\"primaryImageOfPage\":{\"@id\":\"https:\/\/beta.bibliotekutvikling.no\/sharedreading\/#primaryimage\"},\"image\":{\"@id\":\"https:\/\/beta.bibliotekutvikling.no\/sharedreading\/#primaryimage\"},\"thumbnailUrl\":\"https:\/\/beta.bibliotekutvikling.no\/content\/uploads\/sites\/27\/2023\/06\/sharedreading-illustrasjonsfoto-scaled.jpg\",\"datePublished\":\"2023-05-23T07:55:40+00:00\",\"dateModified\":\"2023-11-09T11:41:22+00:00\",\"breadcrumb\":{\"@id\":\"https:\/\/beta.bibliotekutvikling.no\/sharedreading\/#breadcrumb\"},\"inLanguage\":\"nb-NO\",\"potentialAction\":[{\"@type\":\"ReadAction\",\"target\":[\"https:\/\/beta.bibliotekutvikling.no\/sharedreading\/\"]}]},{\"@type\":\"ImageObject\",\"inLanguage\":\"nb-NO\",\"@id\":\"https:\/\/beta.bibliotekutvikling.no\/sharedreading\/#primaryimage\",\"url\":\"https:\/\/beta.bibliotekutvikling.no\/content\/uploads\/sites\/27\/2023\/06\/sharedreading-illustrasjonsfoto-scaled.jpg\",\"contentUrl\":\"https:\/\/beta.bibliotekutvikling.no\/content\/uploads\/sites\/27\/2023\/06\/sharedreading-illustrasjonsfoto-scaled.jpg\",\"width\":2560,\"height\":1707,\"caption\":\"Lesegruppe\"},{\"@type\":\"BreadcrumbList\",\"@id\":\"https:\/\/beta.bibliotekutvikling.no\/sharedreading\/#breadcrumb\",\"itemListElement\":[{\"@type\":\"ListItem\",\"position\":1,\"name\":\"Hjem\",\"item\":\"https:\/\/beta.bibliotekutvikling.no\/sharedreading\/\"},{\"@type\":\"ListItem\",\"position\":2,\"name\":\"Shared reading \u2013 samlesing\"}]},{\"@type\":\"WebSite\",\"@id\":\"https:\/\/beta.bibliotekutvikling.no\/sharedreading\/#website\",\"url\":\"https:\/\/beta.bibliotekutvikling.no\/sharedreading\/\",\"name\":\"Shared reading\",\"description\":\"\",\"potentialAction\":[{\"@type\":\"SearchAction\",\"target\":{\"@type\":\"EntryPoint\",\"urlTemplate\":\"https:\/\/beta.bibliotekutvikling.no\/sharedreading\/?s={search_term_string}\"},\"query-input\":{\"@type\":\"PropertyValueSpecification\",\"valueRequired\":true,\"valueName\":\"search_term_string\"}}],\"inLanguage\":\"nb-NO\"}]}<\/script>\n<!-- \/ Yoast SEO plugin. -->","yoast_head_json":{"title":"Shared reading \u2013 samlesing - Shared reading","robots":{"index":"index","follow":"follow","max-snippet":"max-snippet:-1","max-image-preview":"max-image-preview:large","max-video-preview":"max-video-preview:-1"},"canonical":"https:\/\/beta.bibliotekutvikling.no\/sharedreading\/","og_locale":"nb_NO","og_type":"article","og_title":"Shared reading \u2013 samlesing - Shared reading","og_url":"https:\/\/beta.bibliotekutvikling.no\/sharedreading\/","og_site_name":"Shared reading","article_modified_time":"2023-11-09T11:41:22+00:00","og_image":[{"width":2560,"height":1707,"url":"https:\/\/beta.bibliotekutvikling.no\/content\/uploads\/sites\/27\/2023\/06\/sharedreading-illustrasjonsfoto-scaled.jpg","type":"image\/jpeg"}],"twitter_card":"summary_large_image","schema":{"@context":"https:\/\/schema.org","@graph":[{"@type":"WebPage","@id":"https:\/\/beta.bibliotekutvikling.no\/sharedreading\/","url":"https:\/\/beta.bibliotekutvikling.no\/sharedreading\/","name":"Shared reading \u2013 samlesing - Shared reading","isPartOf":{"@id":"https:\/\/beta.bibliotekutvikling.no\/sharedreading\/#website"},"primaryImageOfPage":{"@id":"https:\/\/beta.bibliotekutvikling.no\/sharedreading\/#primaryimage"},"image":{"@id":"https:\/\/beta.bibliotekutvikling.no\/sharedreading\/#primaryimage"},"thumbnailUrl":"https:\/\/beta.bibliotekutvikling.no\/content\/uploads\/sites\/27\/2023\/06\/sharedreading-illustrasjonsfoto-scaled.jpg","datePublished":"2023-05-23T07:55:40+00:00","dateModified":"2023-11-09T11:41:22+00:00","breadcrumb":{"@id":"https:\/\/beta.bibliotekutvikling.no\/sharedreading\/#breadcrumb"},"inLanguage":"nb-NO","potentialAction":[{"@type":"ReadAction","target":["https:\/\/beta.bibliotekutvikling.no\/sharedreading\/"]}]},{"@type":"ImageObject","inLanguage":"nb-NO","@id":"https:\/\/beta.bibliotekutvikling.no\/sharedreading\/#primaryimage","url":"https:\/\/beta.bibliotekutvikling.no\/content\/uploads\/sites\/27\/2023\/06\/sharedreading-illustrasjonsfoto-scaled.jpg","contentUrl":"https:\/\/beta.bibliotekutvikling.no\/content\/uploads\/sites\/27\/2023\/06\/sharedreading-illustrasjonsfoto-scaled.jpg","width":2560,"height":1707,"caption":"Lesegruppe"},{"@type":"BreadcrumbList","@id":"https:\/\/beta.bibliotekutvikling.no\/sharedreading\/#breadcrumb","itemListElement":[{"@type":"ListItem","position":1,"name":"Hjem","item":"https:\/\/beta.bibliotekutvikling.no\/sharedreading\/"},{"@type":"ListItem","position":2,"name":"Shared reading \u2013 samlesing"}]},{"@type":"WebSite","@id":"https:\/\/beta.bibliotekutvikling.no\/sharedreading\/#website","url":"https:\/\/beta.bibliotekutvikling.no\/sharedreading\/","name":"Shared reading","description":"","potentialAction":[{"@type":"SearchAction","target":{"@type":"EntryPoint","urlTemplate":"https:\/\/beta.bibliotekutvikling.no\/sharedreading\/?s={search_term_string}"},"query-input":{"@type":"PropertyValueSpecification","valueRequired":true,"valueName":"search_term_string"}}],"inLanguage":"nb-NO"}]}},"_links":{"self":[{"href":"https:\/\/beta.bibliotekutvikling.no\/sharedreading\/wp-json\/wp\/v2\/pages\/25","targetHints":{"allow":["GET"]}}],"collection":[{"href":"https:\/\/beta.bibliotekutvikling.no\/sharedreading\/wp-json\/wp\/v2\/pages"}],"about":[{"href":"https:\/\/beta.bibliotekutvikling.no\/sharedreading\/wp-json\/wp\/v2\/types\/page"}],"author":[{"embeddable":true,"href":"https:\/\/beta.bibliotekutvikling.no\/sharedreading\/wp-json\/wp\/v2\/users\/6868"}],"replies":[{"embeddable":true,"href":"https:\/\/beta.bibliotekutvikling.no\/sharedreading\/wp-json\/wp\/v2\/comments?post=25"}],"version-history":[{"count":5,"href":"https:\/\/beta.bibliotekutvikling.no\/sharedreading\/wp-json\/wp\/v2\/pages\/25\/revisions"}],"predecessor-version":[{"id":681,"href":"https:\/\/beta.bibliotekutvikling.no\/sharedreading\/wp-json\/wp\/v2\/pages\/25\/revisions\/681"}],"wp:featuredmedia":[{"embeddable":true,"href":"https:\/\/beta.bibliotekutvikling.no\/sharedreading\/wp-json\/wp\/v2\/media\/95"}],"wp:attachment":[{"href":"https:\/\/beta.bibliotekutvikling.no\/sharedreading\/wp-json\/wp\/v2\/media?parent=25"}],"curies":[{"name":"wp","href":"https:\/\/api.w.org\/{rel}","templated":true}]}}